{"id":32,"date":"2025-06-26T13:38:39","date_gmt":"2025-06-26T16:38:39","guid":{"rendered":"https:\/\/eventos.uel.br\/sefisuel\/?page_id=32"},"modified":"2025-11-01T11:10:16","modified_gmt":"2025-11-01T14:10:16","slug":"inscricoes","status":"publish","type":"page","link":"https:\/\/eventos.uel.br\/sefisuel\/inscricoes\/","title":{"rendered":"Inscri\u00e7\u00e3o e Submiss\u00e3o"},"content":{"rendered":"\n<div style=\"height:30px\" aria-hidden=\"true\" class=\"wp-block-spacer\"><\/div>\n\n\n\n<div class=\"wp-block-group\"><div class=\"wp-block-group__inner-container is-layout-constrained wp-block-group-is-layout-constrained\">\n<p class=\"has-text-align-left\" style=\"font-size:18px;font-style:normal;font-weight:400\">A Semana da F\u00edsica conta com palestras, minicursos e uma sess\u00e3o de p\u00f4steres, com submiss\u00e3o de trabalhos. Para participar, \u00e9 indispens\u00e1vel realizar a inscri\u00e7\u00e3o previamente, observando atentamente os prazos e as informa\u00e7\u00f5es dispon\u00edveis. A confirma\u00e7\u00e3o da participa\u00e7\u00e3o depender\u00e1 do pagamento do valor de inscri\u00e7\u00e3o, conforme os valores e orienta\u00e7\u00f5es estabelecidos.<\/p>\n<\/div><\/div>\n\n\n\n<p><\/p>\n","protected":false},"excerpt":{"rendered":"<p>A Semana da F\u00edsica conta com palestras, minicursos e uma sess\u00e3o de p\u00f4steres, com submiss\u00e3o de trabalhos. Para participar, \u00e9 indispens\u00e1vel realizar a inscri\u00e7\u00e3o previamente, observando atentamente os prazos e as informa\u00e7\u00f5es dispon\u00edveis. A confirma\u00e7\u00e3o da participa\u00e7\u00e3o depender\u00e1 do pagamento do valor de inscri\u00e7\u00e3o, conforme os valores e orienta\u00e7\u00f5es estabelecidos.<\/p>\n","protected":false},"author":10,"featured_media":82,"parent":0,"menu_order":0,"comment_status":"closed","ping_status":"closed","template":"","meta":{"_acf_changed":false,"footnotes":""},"class_list":["post-32","page","type-page","status-publish","has-post-thumbnail","hentry"],"acf":[],"_links":{"self":[{"href":"https:\/\/eventos.uel.br\/sefisuel\/wp-json\/wp\/v2\/pages\/32","targetHints":{"allow":["GET"]}}],"collection":[{"href":"https:\/\/eventos.uel.br\/sefisuel\/wp-json\/wp\/v2\/pages"}],"about":[{"href":"https:\/\/eventos.uel.br\/sefisuel\/wp-json\/wp\/v2\/types\/page"}],"author":[{"embeddable":true,"href":"https:\/\/eventos.uel.br\/sefisuel\/wp-json\/wp\/v2\/users\/10"}],"replies":[{"embeddable":true,"href":"https:\/\/eventos.uel.br\/sefisuel\/wp-json\/wp\/v2\/comments?post=32"}],"version-history":[{"count":218,"href":"https:\/\/eventos.uel.br\/sefisuel\/wp-json\/wp\/v2\/pages\/32\/revisions"}],"predecessor-version":[{"id":1725,"href":"https:\/\/eventos.uel.br\/sefisuel\/wp-json\/wp\/v2\/pages\/32\/revisions\/1725"}],"wp:featuredmedia":[{"embeddable":true,"href":"https:\/\/eventos.uel.br\/sefisuel\/wp-json\/wp\/v2\/media\/82"}],"wp:attachment":[{"href":"https:\/\/eventos.uel.br\/sefisuel\/wp-json\/wp\/v2\/media?parent=32"}],"curies":[{"name":"wp","href":"https:\/\/api.w.org\/{rel}","templated":true}]}}

Inscrição e Submissão

<div style="height:30px" aria-hidden="true" class="wp-block-spacer"></div>



<div class="wp-block-group"><div class="wp-block-group__inner-container is-layout-constrained wp-block-group-is-layout-constrained">
<p class="has-text-align-left" style="font-size:18px;font-style:normal;font-weight:400">A Semana da Física conta com palestras, minicursos e uma sessão de pôsteres, com submissão de trabalhos. Para participar, é indispensável realizar a inscrição previamente, observando atentamente os prazos e as informações disponíveis. A confirmação da participação dependerá do pagamento do valor de inscrição, conforme os valores e orientações estabelecidos.</p>
</div></div>



<p></p>

<p>A Semana da Física conta com palestras, minicursos e uma sessão de pôsteres, com submissão de trabalhos. Para participar, é indispensável realizar a inscrição previamente, observando atentamente os prazos e as informações disponíveis. A confirmação da participação dependerá do pagamento do valor de inscrição, conforme os valores e orientações estabelecidos.</p>
