{"id":25,"date":"2025-06-26T13:35:38","date_gmt":"2025-06-26T16:35:38","guid":{"rendered":"https:\/\/eventos.uel.br\/sefisuel\/?page_id=25"},"modified":"2025-11-01T11:12:16","modified_gmt":"2025-11-01T14:12:16","slug":"palestras","status":"publish","type":"page","link":"https:\/\/eventos.uel.br\/sefisuel\/palestras\/","title":{"rendered":"Palestras"},"content":{"rendered":"\n<div style=\"height:30px\" aria-hidden=\"true\" class=\"wp-block-spacer\"><\/div>\n\n\n\n<div class=\"wp-block-columns are-vertically-aligned-center is-layout-flex wp-container-core-columns-is-layout-9d6595d7 wp-block-columns-is-layout-flex\">\n<div class=\"wp-block-column is-vertically-aligned-center is-layout-flow wp-block-column-is-layout-flow\" style=\"flex-basis:100%\">\n<p style=\"font-size:18px\">Confira as(os) palestrantes que integram a programa\u00e7\u00e3o do evento, com temas de diversas \u00e1reas. Nesta p\u00e1gina, est\u00e3o dispon\u00edveis informa\u00e7\u00f5es acerca dos palestrantes e os detalhes das palestras.<\/p>\n<\/div>\n<\/div>\n","protected":false},"excerpt":{"rendered":"<p>Confira as(os) palestrantes que integram a programa\u00e7\u00e3o do evento, com temas de diversas \u00e1reas. Nesta p\u00e1gina, est\u00e3o dispon\u00edveis informa\u00e7\u00f5es acerca dos palestrantes e os detalhes das palestras.<\/p>\n","protected":false},"author":10,"featured_media":0,"parent":0,"menu_order":0,"comment_status":"closed","ping_status":"closed","template":"","meta":{"_acf_changed":false,"footnotes":""},"class_list":["post-25","page","type-page","status-publish","hentry"],"acf":[],"_links":{"self":[{"href":"https:\/\/eventos.uel.br\/sefisuel\/wp-json\/wp\/v2\/pages\/25","targetHints":{"allow":["GET"]}}],"collection":[{"href":"https:\/\/eventos.uel.br\/sefisuel\/wp-json\/wp\/v2\/pages"}],"about":[{"href":"https:\/\/eventos.uel.br\/sefisuel\/wp-json\/wp\/v2\/types\/page"}],"author":[{"embeddable":true,"href":"https:\/\/eventos.uel.br\/sefisuel\/wp-json\/wp\/v2\/users\/10"}],"replies":[{"embeddable":true,"href":"https:\/\/eventos.uel.br\/sefisuel\/wp-json\/wp\/v2\/comments?post=25"}],"version-history":[{"count":369,"href":"https:\/\/eventos.uel.br\/sefisuel\/wp-json\/wp\/v2\/pages\/25\/revisions"}],"predecessor-version":[{"id":1727,"href":"https:\/\/eventos.uel.br\/sefisuel\/wp-json\/wp\/v2\/pages\/25\/revisions\/1727"}],"wp:attachment":[{"href":"https:\/\/eventos.uel.br\/sefisuel\/wp-json\/wp\/v2\/media?parent=25"}],"curies":[{"name":"wp","href":"https:\/\/api.w.org\/{rel}","templated":true}]}}

<div style="height:30px" aria-hidden="true" class="wp-block-spacer"></div>



<div class="wp-block-columns are-vertically-aligned-center is-layout-flex wp-container-core-columns-is-layout-9d6595d7 wp-block-columns-is-layout-flex">
<div class="wp-block-column is-vertically-aligned-center is-layout-flow wp-block-column-is-layout-flow" style="flex-basis:100%">
<p style="font-size:18px">Confira as(os) palestrantes que integram a programação do evento, com temas de diversas áreas. Nesta página, estão disponíveis informações acerca dos palestrantes e os detalhes das palestras.</p>
</div>
</div>

<p>Confira as(os) palestrantes que integram a programação do evento, com temas de diversas áreas. Nesta página, estão disponíveis informações acerca dos palestrantes e os detalhes das palestras.</p>
