{"id":20,"date":"2025-06-26T13:31:55","date_gmt":"2025-06-26T16:31:55","guid":{"rendered":"https:\/\/eventos.uel.br\/sefisuel\/?page_id=20"},"modified":"2025-11-01T11:13:48","modified_gmt":"2025-11-01T14:13:48","slug":"minicursos","status":"publish","type":"page","link":"https:\/\/eventos.uel.br\/sefisuel\/minicursos\/","title":{"rendered":"Minicursos"},"content":{"rendered":"\n<div style=\"height:30px\" aria-hidden=\"true\" class=\"wp-block-spacer\"><\/div>\n\n\n\n<p class=\"has-text-align-left\" style=\"font-size:18px\">Os minicursos abordam temas relevantes da F\u00edsica e de outras ci\u00eancias, com foco em t\u00e9cnicas experimentais, aplica\u00e7\u00f5es pr\u00e1ticas, teorias e tend\u00eancias de pesquisa. Ministrados por docentes e profissionais convidados, bem como da UEL, oferecem uma oportunidade para desenvolver habilidades e trocar experi\u00eancias.<\/p>\n\n\n\n<div style=\"height:30px\" aria-hidden=\"true\" class=\"wp-block-spacer\"><\/div>\n\n\n\n<div class=\"wp-block-group\"><div class=\"wp-block-group__inner-container is-layout-constrained wp-block-group-is-layout-constrained\">\n<div class=\"wp-block-columns is-layout-flex wp-container-core-columns-is-layout-9d6595d7 wp-block-columns-is-layout-flex\">\n<div class=\"wp-block-column is-vertically-aligned-center is-layout-flow wp-block-column-is-layout-flow\" style=\"flex-basis:100%\">\n<p class=\"has-text-align-left\" style=\"font-size:18px\"><strong>Observa\u00e7\u00f5es:<\/strong> Os certificados ser\u00e3o emitidos aos participantes que cumprirem a carga hor\u00e1ria m\u00ednima, e as inscri\u00e7\u00f5es, de car\u00e1ter individual, s\u00e3o confirmadas mediante pagamento; a participa\u00e7\u00e3o em minicursos pr\u00e1ticos tamb\u00e9m requer o pagamento de inscri\u00e7\u00e3o.<\/p>\n<\/div>\n<\/div>\n<\/div><\/div>\n","protected":false},"excerpt":{"rendered":"<p>Os minicursos abordam temas relevantes da F\u00edsica e de outras ci\u00eancias, com foco em t\u00e9cnicas experimentais, aplica\u00e7\u00f5es pr\u00e1ticas, teorias e tend\u00eancias de pesquisa. Ministrados por docentes e profissionais convidados, bem como da UEL, oferecem uma oportunidade para desenvolver habilidades e trocar experi\u00eancias. Observa\u00e7\u00f5es: Os certificados ser\u00e3o emitidos aos participantes que cumprirem a carga hor\u00e1ria m\u00ednima, [&hellip;]<\/p>\n","protected":false},"author":10,"featured_media":0,"parent":0,"menu_order":0,"comment_status":"closed","ping_status":"closed","template":"","meta":{"_acf_changed":false,"footnotes":""},"class_list":["post-20","page","type-page","status-publish","hentry"],"acf":[],"_links":{"self":[{"href":"https:\/\/eventos.uel.br\/sefisuel\/wp-json\/wp\/v2\/pages\/20","targetHints":{"allow":["GET"]}}],"collection":[{"href":"https:\/\/eventos.uel.br\/sefisuel\/wp-json\/wp\/v2\/pages"}],"about":[{"href":"https:\/\/eventos.uel.br\/sefisuel\/wp-json\/wp\/v2\/types\/page"}],"author":[{"embeddable":true,"href":"https:\/\/eventos.uel.br\/sefisuel\/wp-json\/wp\/v2\/users\/10"}],"replies":[{"embeddable":true,"href":"https:\/\/eventos.uel.br\/sefisuel\/wp-json\/wp\/v2\/comments?post=20"}],"version-history":[{"count":339,"href":"https:\/\/eventos.uel.br\/sefisuel\/wp-json\/wp\/v2\/pages\/20\/revisions"}],"predecessor-version":[{"id":1728,"href":"https:\/\/eventos.uel.br\/sefisuel\/wp-json\/wp\/v2\/pages\/20\/revisions\/1728"}],"wp:attachment":[{"href":"https:\/\/eventos.uel.br\/sefisuel\/wp-json\/wp\/v2\/media?parent=20"}],"curies":[{"name":"wp","href":"https:\/\/api.w.org\/{rel}","templated":true}]}}

<div style="height:30px" aria-hidden="true" class="wp-block-spacer"></div>



<p class="has-text-align-left" style="font-size:18px">Os minicursos abordam temas relevantes da Física e de outras ciências, com foco em técnicas experimentais, aplicações práticas, teorias e tendências de pesquisa. Ministrados por docentes e profissionais convidados, bem como da UEL, oferecem uma oportunidade para desenvolver habilidades e trocar experiências.</p>



<div style="height:30px" aria-hidden="true" class="wp-block-spacer"></div>



<div class="wp-block-group"><div class="wp-block-group__inner-container is-layout-constrained wp-block-group-is-layout-constrained">
<div class="wp-block-columns is-layout-flex wp-container-core-columns-is-layout-9d6595d7 wp-block-columns-is-layout-flex">
<div class="wp-block-column is-vertically-aligned-center is-layout-flow wp-block-column-is-layout-flow" style="flex-basis:100%">
<p class="has-text-align-left" style="font-size:18px"><strong>Observações:</strong> Os certificados serão emitidos aos participantes que cumprirem a carga horária mínima, e as inscrições, de caráter individual, são confirmadas mediante pagamento; a participação em minicursos práticos também requer o pagamento de inscrição.</p>
</div>
</div>
</div></div>

<p>Os minicursos abordam temas relevantes da Física e de outras ciências, com foco em técnicas experimentais, aplicações práticas, teorias e tendências de pesquisa. Ministrados por docentes e profissionais convidados, bem como da UEL, oferecem uma oportunidade para desenvolver habilidades e trocar experiências. Observações: Os certificados serão emitidos aos participantes que cumprirem a carga horária mínima, [&hellip;]</p>
