{"id":1653,"date":"2025-10-27T13:49:44","date_gmt":"2025-10-27T16:49:44","guid":{"rendered":"https:\/\/eventos.uel.br\/sefisuel\/?page_id=1653"},"modified":"2026-01-15T14:16:40","modified_gmt":"2026-01-15T17:16:40","slug":"edicoes-anteriores","status":"publish","type":"page","link":"https:\/\/eventos.uel.br\/sefisuel\/edicoes-anteriores\/","title":{"rendered":"Edi\u00e7\u00f5es"},"content":{"rendered":"\n<div style=\"height:28px\" aria-hidden=\"true\" class=\"wp-block-spacer\"><\/div>\n\n\n\n<details class=\"wp-block-details is-layout-flow wp-block-details-is-layout-flow\" style=\"font-size:18px\"><summary><strong>XXIX Semana da F\u00edsica 2025 &#8211; F\u00edsica Aplicada: Solu\u00e7\u00f5es Cient\u00edficas para os Desafios Contempor\u00e2neos<\/strong><\/summary>\n<div class=\"wp-block-columns are-vertically-aligned-center is-layout-flex wp-container-core-columns-is-layout-9d6595d7 wp-block-columns-is-layout-flex\">\n<div class=\"wp-block-column is-vertically-aligned-center is-layout-flow wp-block-column-is-layout-flow\" style=\"flex-basis:100%\">\n<div class=\"wp-block-uel-card\">\n<figure class=\"wp-block-image size-large\"><img loading=\"lazy\" decoding=\"async\" width=\"1024\" height=\"320\" src=\"https:\/\/eventos.uel.br\/sefisuel\/wp-content\/uploads\/2025\/06\/Capa-e1750961251762-1024x320.png\" alt=\"\" class=\"wp-image-121\" srcset=\"https:\/\/eventos.uel.br\/sefisuel\/wp-content\/uploads\/2025\/06\/Capa-e1750961251762-1024x320.png 1024w, https:\/\/eventos.uel.br\/sefisuel\/wp-content\/uploads\/2025\/06\/Capa-e1750961251762-300x94.png 300w, https:\/\/eventos.uel.br\/sefisuel\/wp-content\/uploads\/2025\/06\/Capa-e1750961251762-768x240.png 768w, https:\/\/eventos.uel.br\/sefisuel\/wp-content\/uploads\/2025\/06\/Capa-e1750961251762-1536x480.png 1536w, https:\/\/eventos.uel.br\/sefisuel\/wp-content\/uploads\/2025\/06\/Capa-e1750961251762.png 1920w\" sizes=\"auto, (max-width: 1024px) 100vw, 1024px\" \/><\/figure>\n\n\n\n<p><strong><span style=\"text-decoration: underline\">Descri\u00e7\u00e3o<\/span><\/strong>: A edi\u00e7\u00e3o de 2025, realizada de 20 a 24 de outubro, teve como foco destacar a contribui\u00e7\u00e3o da f\u00edsica na busca por solu\u00e7\u00f5es e inova\u00e7\u00f5es para os desafios contempor\u00e2neos da sociedade. O objetivo foi promover o debate acerca do papel da ci\u00eancia, e principalmente da f\u00edsica, na inova\u00e7\u00e3o e aproximar a universidade da comunidade.<\/p>\n\n\n\n<p><strong><span style=\"text-decoration: underline\">Programa\u00e7\u00e3o<\/span><\/strong>: <a href=\"https:\/\/eventos.uel.br\/sefisuel\/wp-content\/uploads\/2025\/11\/Programacao-da-XXIX-Semana-da-Fisica-2025.pdf\" data-type=\"attachment\" data-id=\"1811\">Programa\u00e7\u00e3o da XXIX Semana da F\u00edsica \u2014 2025<\/a><\/p>\n\n\n\n<p><strong><span style=\"text-decoration: underline\">Caderno de Resumos<\/span>:<\/strong> <\/p>\n<\/div>\n<\/div>\n<\/div>\n<\/details>\n\n\n\n<div style=\"height:13px\" aria-hidden=\"true\" class=\"wp-block-spacer\"><\/div>\n\n\n\n<details class=\"wp-block-details is-layout-flow wp-block-details-is-layout-flow\" style=\"font-size:18px\"><summary><strong>XXVIII Semana da F\u00edsica 2024 &#8211; Simp\u00f3sio de 50 Anos do Curso de F\u00edsica<\/strong><\/summary>\n<div class=\"wp-block-columns are-vertically-aligned-center is-layout-flex wp-container-core-columns-is-layout-9d6595d7 wp-block-columns-is-layout-flex\">\n<div class=\"wp-block-column is-vertically-aligned-center is-layout-flow wp-block-column-is-layout-flow\" style=\"flex-basis:100%\">\n<div class=\"wp-block-uel-card\">\n<figure class=\"wp-block-image size-large\"><img loading=\"lazy\" decoding=\"async\" width=\"1024\" height=\"305\" src=\"https:\/\/eventos.uel.br\/sefisuel\/wp-content\/uploads\/2025\/11\/width_1600-1024x305.jpg\" alt=\"\" class=\"wp-image-1756\" srcset=\"https:\/\/eventos.uel.br\/sefisuel\/wp-content\/uploads\/2025\/11\/width_1600-1024x305.jpg 1024w, https:\/\/eventos.uel.br\/sefisuel\/wp-content\/uploads\/2025\/11\/width_1600-300x89.jpg 300w, https:\/\/eventos.uel.br\/sefisuel\/wp-content\/uploads\/2025\/11\/width_1600-768x228.jpg 768w, https:\/\/eventos.uel.br\/sefisuel\/wp-content\/uploads\/2025\/11\/width_1600-1536x457.jpg 1536w, https:\/\/eventos.uel.br\/sefisuel\/wp-content\/uploads\/2025\/11\/width_1600.jpg 1597w\" sizes=\"auto, (max-width: 1024px) 100vw, 1024px\" \/><\/figure>\n\n\n\n<p><strong><span style=\"text-decoration: underline\">Descri\u00e7\u00e3o<\/span><\/strong>: A edi\u00e7\u00e3o de 2024, realizada de 2 a 6 de setembro, teve como objetivo promover o encontro entre v\u00e1rias gera\u00e7\u00f5es de docentes, aposentados, estudantes, egressos, t\u00e9cnicos, ex-t\u00e9cnicos, al\u00e9m de familiares, amigos e outros interessados, para a comemora\u00e7\u00e3o dos 50 anos do curso de F\u00edsica da Universidade Estadual de Londrina.<\/p>\n\n\n\n<p><strong><span style=\"text-decoration: underline\">Fotos<\/span>: <\/strong><a href=\"https:\/\/drive.google.com\/drive\/folders\/1Jb2NIgu5ROgRwHB33c8w0i5HpDpXYsvb?usp=drive_link\">XXVIII Semana da F\u00edsica<\/a><\/p>\n\n\n\n<p><strong><span style=\"text-decoration: underline\">Site do evento<\/span>:<\/strong> <a href=\"https:\/\/xxviiisefiscontato.wixsite.com\/xxviiisemanadafisica\">XXVIII Semana da F\u00edsica da UEL<\/a><\/p>\n\n\n\n<p><strong><span style=\"text-decoration: underline\">Programa\u00e7\u00e3o<\/span>:<\/strong> <a href=\"https:\/\/eventos.uel.br\/sefisuel\/wp-content\/uploads\/2025\/11\/Programacao-da-XXVIII-Semana-da-Fisica-2024.pdf\" data-type=\"attachment\" data-id=\"1802\">Programa\u00e7\u00e3o da XXVIII Semana da F\u00edsica  \u2014 2024<\/a><\/p>\n\n\n\n<p><strong><span style=\"text-decoration: underline\">Caderno de Resumos<\/span>:<\/strong> <a href=\"https:\/\/eventos.uel.br\/sefisuel\/wp-content\/uploads\/2025\/11\/Caderno-de-Resumos-da-XXVIII-Semana-da-Fisica-2024.pdf\" data-type=\"attachment\" data-id=\"1803\">Caderno de Resumos da XXVIII Semana da F\u00edsica \u2014 2024<\/a><\/p>\n<\/div>\n<\/div>\n<\/div>\n<\/details>\n","protected":false},"excerpt":{"rendered":"","protected":false},"author":10,"featured_media":0,"parent":0,"menu_order":0,"comment_status":"closed","ping_status":"closed","template":"","meta":{"_acf_changed":false,"footnotes":""},"class_list":["post-1653","page","type-page","status-publish","hentry"],"acf":[],"_links":{"self":[{"href":"https:\/\/eventos.uel.br\/sefisuel\/wp-json\/wp\/v2\/pages\/1653","targetHints":{"allow":["GET"]}}],"collection":[{"href":"https:\/\/eventos.uel.br\/sefisuel\/wp-json\/wp\/v2\/pages"}],"about":[{"href":"https:\/\/eventos.uel.br\/sefisuel\/wp-json\/wp\/v2\/types\/page"}],"author":[{"embeddable":true,"href":"https:\/\/eventos.uel.br\/sefisuel\/wp-json\/wp\/v2\/users\/10"}],"replies":[{"embeddable":true,"href":"https:\/\/eventos.uel.br\/sefisuel\/wp-json\/wp\/v2\/comments?post=1653"}],"version-history":[{"count":105,"href":"https:\/\/eventos.uel.br\/sefisuel\/wp-json\/wp\/v2\/pages\/1653\/revisions"}],"predecessor-version":[{"id":1865,"href":"https:\/\/eventos.uel.br\/sefisuel\/wp-json\/wp\/v2\/pages\/1653\/revisions\/1865"}],"wp:attachment":[{"href":"https:\/\/eventos.uel.br\/sefisuel\/wp-json\/wp\/v2\/media?parent=1653"}],"curies":[{"name":"wp","href":"https:\/\/api.w.org\/{rel}","templated":true}]}}

Edições

<div style="height:28px" aria-hidden="true" class="wp-block-spacer"></div>



<details class="wp-block-details is-layout-flow wp-block-details-is-layout-flow" style="font-size:18px"><summary><strong>XXIX Semana da Física 2025 &#8211; Física Aplicada: Soluções Científicas para os Desafios Contemporâneos</strong></summary>
<div class="wp-block-columns are-vertically-aligned-center is-layout-flex wp-container-core-columns-is-layout-9d6595d7 wp-block-columns-is-layout-flex">
<div class="wp-block-column is-vertically-aligned-center is-layout-flow wp-block-column-is-layout-flow" style="flex-basis:100%">
<div class="wp-block-uel-card">
<figure class="wp-block-image size-large"><img loading="lazy" decoding="async" width="1024" height="320" src="https://eventos.uel.br/sefisuel/wp-content/uploads/2025/06/Capa-e1750961251762-1024x320.png" alt="" class="wp-image-121" srcset="https://eventos.uel.br/sefisuel/wp-content/uploads/2025/06/Capa-e1750961251762-1024x320.png 1024w, https://eventos.uel.br/sefisuel/wp-content/uploads/2025/06/Capa-e1750961251762-300x94.png 300w, https://eventos.uel.br/sefisuel/wp-content/uploads/2025/06/Capa-e1750961251762-768x240.png 768w, https://eventos.uel.br/sefisuel/wp-content/uploads/2025/06/Capa-e1750961251762-1536x480.png 1536w, https://eventos.uel.br/sefisuel/wp-content/uploads/2025/06/Capa-e1750961251762.png 1920w" sizes="auto, (max-width: 1024px) 100vw, 1024px" /></figure>



<p><strong><span style="text-decoration: underline">Descrição</span></strong>: A edição de 2025, realizada de 20 a 24 de outubro, teve como foco destacar a contribuição da física na busca por soluções e inovações para os desafios contemporâneos da sociedade. O objetivo foi promover o debate acerca do papel da ciência, e principalmente da física, na inovação e aproximar a universidade da comunidade.</p>



<p><strong><span style="text-decoration: underline">Programação</span></strong>: <a href="https://eventos.uel.br/sefisuel/wp-content/uploads/2025/11/Programacao-da-XXIX-Semana-da-Fisica-2025.pdf" data-type="attachment" data-id="1811">Programação da XXIX Semana da Física — 2025</a></p>



<p><strong><span style="text-decoration: underline">Caderno de Resumos</span>:</strong> </p>
</div>
</div>
</div>
</details>



<div style="height:13px" aria-hidden="true" class="wp-block-spacer"></div>



<details class="wp-block-details is-layout-flow wp-block-details-is-layout-flow" style="font-size:18px"><summary><strong>XXVIII Semana da Física 2024 &#8211; Simpósio de 50 Anos do Curso de Física</strong></summary>
<div class="wp-block-columns are-vertically-aligned-center is-layout-flex wp-container-core-columns-is-layout-9d6595d7 wp-block-columns-is-layout-flex">
<div class="wp-block-column is-vertically-aligned-center is-layout-flow wp-block-column-is-layout-flow" style="flex-basis:100%">
<div class="wp-block-uel-card">
<figure class="wp-block-image size-large"><img loading="lazy" decoding="async" width="1024" height="305" src="https://eventos.uel.br/sefisuel/wp-content/uploads/2025/11/width_1600-1024x305.jpg" alt="" class="wp-image-1756" srcset="https://eventos.uel.br/sefisuel/wp-content/uploads/2025/11/width_1600-1024x305.jpg 1024w, https://eventos.uel.br/sefisuel/wp-content/uploads/2025/11/width_1600-300x89.jpg 300w, https://eventos.uel.br/sefisuel/wp-content/uploads/2025/11/width_1600-768x228.jpg 768w, https://eventos.uel.br/sefisuel/wp-content/uploads/2025/11/width_1600-1536x457.jpg 1536w, https://eventos.uel.br/sefisuel/wp-content/uploads/2025/11/width_1600.jpg 1597w" sizes="auto, (max-width: 1024px) 100vw, 1024px" /></figure>



<p><strong><span style="text-decoration: underline">Descrição</span></strong>: A edição de 2024, realizada de 2 a 6 de setembro, teve como objetivo promover o encontro entre várias gerações de docentes, aposentados, estudantes, egressos, técnicos, ex-técnicos, além de familiares, amigos e outros interessados, para a comemoração dos 50 anos do curso de Física da Universidade Estadual de Londrina.</p>



<p><strong><span style="text-decoration: underline">Fotos</span>: </strong><a href="https://drive.google.com/drive/folders/1Jb2NIgu5ROgRwHB33c8w0i5HpDpXYsvb?usp=drive_link">XXVIII Semana da Física</a></p>



<p><strong><span style="text-decoration: underline">Site do evento</span>:</strong> <a href="https://xxviiisefiscontato.wixsite.com/xxviiisemanadafisica">XXVIII Semana da Física da UEL</a></p>



<p><strong><span style="text-decoration: underline">Programação</span>:</strong> <a href="https://eventos.uel.br/sefisuel/wp-content/uploads/2025/11/Programacao-da-XXVIII-Semana-da-Fisica-2024.pdf" data-type="attachment" data-id="1802">Programação da XXVIII Semana da Física  — 2024</a></p>



<p><strong><span style="text-decoration: underline">Caderno de Resumos</span>:</strong> <a href="https://eventos.uel.br/sefisuel/wp-content/uploads/2025/11/Caderno-de-Resumos-da-XXVIII-Semana-da-Fisica-2024.pdf" data-type="attachment" data-id="1803">Caderno de Resumos da XXVIII Semana da Física — 2024</a></p>
</div>
</div>
</div>
</details>
