{"id":14,"date":"2025-06-26T13:29:03","date_gmt":"2025-06-26T16:29:03","guid":{"rendered":"https:\/\/eventos.uel.br\/sefisuel\/?page_id=14"},"modified":"2025-11-01T11:15:34","modified_gmt":"2025-11-01T14:15:34","slug":"homepage","status":"publish","type":"page","link":"https:\/\/eventos.uel.br\/sefisuel\/homepage\/","title":{"rendered":"Programa\u00e7\u00e3o"},"content":{"rendered":"\n<div style=\"height:29px\" aria-hidden=\"true\" class=\"wp-block-spacer\"><\/div>\n\n\n\n<p class=\"has-text-align-left\" style=\"font-size:18px\">Confira a programa\u00e7\u00e3o completa e venha prestigiar o evento! Ao final da p\u00e1gina, voc\u00ea tamb\u00e9m pode baix\u00e1-la.<\/p>\n\n\n\n<p class=\"has-text-align-left\" style=\"font-size:18px\">Em caso de d\u00favidas, entre em contato com a comiss\u00e3o organizadora atrav\u00e9s do e-mail\u00a0<a href=\"mailto:sefisuel@uel.br\">sefisuel@uel.br<\/a>.<\/p>\n","protected":false},"excerpt":{"rendered":"<p>Confira a programa\u00e7\u00e3o completa e venha prestigiar o evento! Ao final da p\u00e1gina, voc\u00ea tamb\u00e9m pode baix\u00e1-la. Em caso de d\u00favidas, entre em contato com a comiss\u00e3o organizadora atrav\u00e9s do e-mail\u00a0sefisuel@uel.br.<\/p>\n","protected":false},"author":10,"featured_media":0,"parent":0,"menu_order":0,"comment_status":"closed","ping_status":"closed","template":"","meta":{"_acf_changed":false,"footnotes":""},"class_list":["post-14","page","type-page","status-publish","hentry"],"acf":[],"_links":{"self":[{"href":"https:\/\/eventos.uel.br\/sefisuel\/wp-json\/wp\/v2\/pages\/14","targetHints":{"allow":["GET"]}}],"collection":[{"href":"https:\/\/eventos.uel.br\/sefisuel\/wp-json\/wp\/v2\/pages"}],"about":[{"href":"https:\/\/eventos.uel.br\/sefisuel\/wp-json\/wp\/v2\/types\/page"}],"author":[{"embeddable":true,"href":"https:\/\/eventos.uel.br\/sefisuel\/wp-json\/wp\/v2\/users\/10"}],"replies":[{"embeddable":true,"href":"https:\/\/eventos.uel.br\/sefisuel\/wp-json\/wp\/v2\/comments?post=14"}],"version-history":[{"count":64,"href":"https:\/\/eventos.uel.br\/sefisuel\/wp-json\/wp\/v2\/pages\/14\/revisions"}],"predecessor-version":[{"id":1731,"href":"https:\/\/eventos.uel.br\/sefisuel\/wp-json\/wp\/v2\/pages\/14\/revisions\/1731"}],"wp:attachment":[{"href":"https:\/\/eventos.uel.br\/sefisuel\/wp-json\/wp\/v2\/media?parent=14"}],"curies":[{"name":"wp","href":"https:\/\/api.w.org\/{rel}","templated":true}]}}

Programação

<div style="height:29px" aria-hidden="true" class="wp-block-spacer"></div>



<p class="has-text-align-left" style="font-size:18px">Confira a programação completa e venha prestigiar o evento! Ao final da página, você também pode baixá-la.</p>



<p class="has-text-align-left" style="font-size:18px">Em caso de dúvidas, entre em contato com a comissão organizadora através do e-mail <a href="mailto:sefisuel@uel.br">sefisuel@uel.br</a>.</p>

<p>Confira a programação completa e venha prestigiar o evento! Ao final da página, você também pode baixá-la. Em caso de dúvidas, entre em contato com a comissão organizadora através do e-mail sefisuel@uel.br.</p>
