{"id":298,"date":"2025-07-01T14:37:56","date_gmt":"2025-07-01T17:37:56","guid":{"rendered":"https:\/\/eventos.uel.br\/sefisem\/?page_id=298"},"modified":"2025-07-01T14:40:36","modified_gmt":"2025-07-01T17:40:36","slug":"pagina-inicial","status":"publish","type":"page","link":"https:\/\/eventos.uel.br\/sefisem\/","title":{"rendered":"P\u00e1gina inicial"},"content":{"rendered":"<div class=\"wp-block-image\">\n<figure class=\"aligncenter size-large is-resized\"><img loading=\"lazy\" decoding=\"async\" width=\"1024\" height=\"579\" src=\"https:\/\/eventos.uel.br\/sefisem\/wp-content\/uploads\/2025\/06\/Logotipo-SEFIS-EM-1-1024x579.png\" alt=\"\" class=\"wp-image-74\" style=\"width:471px;height:auto\" srcset=\"https:\/\/eventos.uel.br\/sefisem\/wp-content\/uploads\/2025\/06\/Logotipo-SEFIS-EM-1-1024x579.png 1024w, https:\/\/eventos.uel.br\/sefisem\/wp-content\/uploads\/2025\/06\/Logotipo-SEFIS-EM-1-300x170.png 300w, https:\/\/eventos.uel.br\/sefisem\/wp-content\/uploads\/2025\/06\/Logotipo-SEFIS-EM-1-768x434.png 768w, https:\/\/eventos.uel.br\/sefisem\/wp-content\/uploads\/2025\/06\/Logotipo-SEFIS-EM-1-1536x868.png 1536w, https:\/\/eventos.uel.br\/sefisem\/wp-content\/uploads\/2025\/06\/Logotipo-SEFIS-EM-1-2048x1158.png 2048w\" sizes=\"auto, (max-width: 1024px) 100vw, 1024px\" \/><\/figure>\n<\/div>\n\n\n<h2 class=\"wp-block-heading has-text-align-center\">Seja bem-vindo \u00e0 Semana da F\u00edsica para o Ensino M\u00e9dio 2025<\/h2>\n\n\n\n<p class=\"has-text-align-center has-large-font-size\">28 de julho \u00e0 01 de agosto de 2025 &#8211; 14h \u00e0s 18h<\/p>\n\n\n\n<p class=\"has-text-align-center\"><\/p>\n\n\n\n<div class=\"wp-block-buttons is-content-justification-center is-layout-flex wp-container-core-buttons-is-layout-16018d1d wp-block-buttons-is-layout-flex\">\n<div class=\"wp-block-button has-custom-width wp-block-button__width-100\"><a class=\"wp-block-button__link has-cinza-claro-color has-text-color has-background has-link-color has-medium-font-size has-text-align-center has-custom-font-size wp-element-button\" href=\"https:\/\/www.sistemasweb.uel.br\/index.php?contents=system\/insc\/index.php&amp;pagina=view\/inscricoes\/seleciona_evento.php&amp;cod_evento=10494\" style=\"background-color:#1a1d3a\">FA\u00c7A J\u00c1 SUA INSCRI\u00c7\u00c3O<\/a><\/div>\n\n\n\n<div class=\"wp-block-button has-custom-width wp-block-button__width-100\"><a class=\"wp-block-button__link has-cinza-escuro-color has-text-color has-background has-link-color has-medium-font-size has-custom-font-size wp-element-button\" href=\"https:\/\/eventos.uel.br\/sefisem\/programacao\/\" style=\"border-radius:100px;background-color:#bfdc80\">PROGRAMA\u00c7\u00c3O<\/a><\/div>\n\n\n\n<div class=\"wp-block-button has-custom-width wp-block-button__width-50\"><a class=\"wp-block-button__link has-cinza-escuro-color has-text-color has-background has-link-color wp-element-button\" href=\"https:\/\/eventos.uel.br\/sefisem\/sobre-o-evento-3\/\" style=\"border-radius:100px;background-color:#14accc\">Sobre o evento<\/a><\/div>\n\n\n\n<div class=\"wp-block-button has-custom-width wp-block-button__width-50\"><a class=\"wp-block-button__link has-cinza-escuro-color has-text-color has-background has-link-color wp-element-button\" href=\"https:\/\/eventos.uel.br\/sefisem\/como-chegar\/\" style=\"border-radius:100px;background-color:#14accc\">Como chegar<\/a><\/div>\n\n\n\n<div class=\"wp-block-button has-custom-width wp-block-button__width-50 is-style-fill\"><a class=\"wp-block-button__link has-cinza-escuro-color has-text-color has-background has-link-color wp-element-button\" href=\"https:\/\/eventos.uel.br\/sefisem\/comissao-organizadora\/\" style=\"border-radius:100px;background-color:#14accc\">Comiss\u00e3o Organizadora<\/a><\/div>\n\n\n\n<div class=\"wp-block-button has-custom-width wp-block-button__width-50\"><a class=\"wp-block-button__link has-cinza-escuro-color has-text-color has-background has-link-color wp-element-button\" href=\"https:\/\/eventos.uel.br\/sefisem\/sobre-o-evento\/\" style=\"border-radius:100px;background-color:#14accc\">Cartaz do evento<\/a><\/div>\n\n\n\n<div class=\"wp-block-button has-custom-width wp-block-button__width-50\"><a class=\"wp-block-button__link has-cinza-escuro-color has-text-color has-background has-link-color wp-element-button\" href=\"https:\/\/eventos.uel.br\/sefisem\/perguntas-frequentes\/\" style=\"border-radius:100px;background-color:#14accc\">Perguntas frequentes<\/a><\/div>\n\n\n\n<div class=\"wp-block-button has-custom-width wp-block-button__width-50\"><a class=\"wp-block-button__link has-cinza-escuro-color has-text-color has-background has-link-color wp-element-button\" href=\"https:\/\/eventos.uel.br\/sefisem\/contato\/\" style=\"border-radius:100px;background-color:#14accc\">Contato<\/a><\/div>\n<\/div>\n\n\n\n<p><\/p>\n\n\n\n<figure class=\"wp-block-image size-large\"><a href=\"https:\/\/sites.uel.br\/vestibular\/\"><img loading=\"lazy\" decoding=\"async\" width=\"1024\" height=\"281\" src=\"https:\/\/eventos.uel.br\/sefisem\/wp-content\/uploads\/2025\/06\/banner-vest-2026-datas-1024x281.png\" alt=\"\" class=\"wp-image-183\" srcset=\"https:\/\/eventos.uel.br\/sefisem\/wp-content\/uploads\/2025\/06\/banner-vest-2026-datas-1024x281.png 1024w, https:\/\/eventos.uel.br\/sefisem\/wp-content\/uploads\/2025\/06\/banner-vest-2026-datas-300x82.png 300w, https:\/\/eventos.uel.br\/sefisem\/wp-content\/uploads\/2025\/06\/banner-vest-2026-datas-768x211.png 768w, https:\/\/eventos.uel.br\/sefisem\/wp-content\/uploads\/2025\/06\/banner-vest-2026-datas-1536x422.png 1536w, https:\/\/eventos.uel.br\/sefisem\/wp-content\/uploads\/2025\/06\/banner-vest-2026-datas.png 1800w\" sizes=\"auto, (max-width: 1024px) 100vw, 1024px\" \/><\/a><\/figure>\n\n\n\n<p class=\"has-text-align-center\"><\/p>\n\n\n\n<p class=\"has-text-align-center\"><\/p>\n\n\n\n<figure class=\"wp-block-image size-large\"><a href=\"https:\/\/graduacao.uel.br\/fisica\/\"><img loading=\"lazy\" decoding=\"async\" width=\"1024\" height=\"418\" src=\"https:\/\/eventos.uel.br\/sefisem\/wp-content\/uploads\/2025\/06\/Captura-de-Tela-2025-06-24-as-10.55.02-1024x418.png\" alt=\"\" class=\"wp-image-184\" srcset=\"https:\/\/eventos.uel.br\/sefisem\/wp-content\/uploads\/2025\/06\/Captura-de-Tela-2025-06-24-as-10.55.02-1024x418.png 1024w, https:\/\/eventos.uel.br\/sefisem\/wp-content\/uploads\/2025\/06\/Captura-de-Tela-2025-06-24-as-10.55.02-300x122.png 300w, https:\/\/eventos.uel.br\/sefisem\/wp-content\/uploads\/2025\/06\/Captura-de-Tela-2025-06-24-as-10.55.02-768x314.png 768w, https:\/\/eventos.uel.br\/sefisem\/wp-content\/uploads\/2025\/06\/Captura-de-Tela-2025-06-24-as-10.55.02-1536x627.png 1536w, https:\/\/eventos.uel.br\/sefisem\/wp-content\/uploads\/2025\/06\/Captura-de-Tela-2025-06-24-as-10.55.02-2048x836.png 2048w\" sizes=\"auto, (max-width: 1024px) 100vw, 1024px\" \/><\/a><\/figure>\n\n\n\n<div class=\"wp-block-buttons is-content-justification-center is-layout-flex wp-container-core-buttons-is-layout-16018d1d wp-block-buttons-is-layout-flex\">\n<div class=\"wp-block-button\"><a class=\"wp-block-button__link has-cinza-claro-color has-cinza-background-color has-text-color has-background has-link-color has-text-align-center wp-element-button\">REALIZA\u00c7\u00c3O<\/a><\/div>\n\n\n\n<div class=\"wp-block-button has-custom-width wp-block-button__width-75 is-style-fill\"><a class=\"wp-block-button__link has-cinza-claro-color has-verde-escuro-background-color has-text-color has-background has-link-color wp-element-button\"><strong>Colegiado dos Cursos de F\u00edsica<\/strong><\/a><\/div>\n<\/div>\n","protected":false},"excerpt":{"rendered":"<p>Seja bem-vindo \u00e0 Semana da F\u00edsica para o Ensino M\u00e9dio 2025 28 de julho \u00e0 01 de agosto de 2025 &#8211; 14h \u00e0s 18h<\/p>\n","protected":false},"author":2,"featured_media":0,"parent":0,"menu_order":0,"comment_status":"closed","ping_status":"closed","template":"","meta":{"_acf_changed":false,"footnotes":""},"class_list":["post-298","page","type-page","status-publish","hentry"],"acf":[],"_links":{"self":[{"href":"https:\/\/eventos.uel.br\/sefisem\/wp-json\/wp\/v2\/pages\/298","targetHints":{"allow":["GET"]}}],"collection":[{"href":"https:\/\/eventos.uel.br\/sefisem\/wp-json\/wp\/v2\/pages"}],"about":[{"href":"https:\/\/eventos.uel.br\/sefisem\/wp-json\/wp\/v2\/types\/page"}],"author":[{"embeddable":true,"href":"https:\/\/eventos.uel.br\/sefisem\/wp-json\/wp\/v2\/users\/2"}],"replies":[{"embeddable":true,"href":"https:\/\/eventos.uel.br\/sefisem\/wp-json\/wp\/v2\/comments?post=298"}],"version-history":[{"count":4,"href":"https:\/\/eventos.uel.br\/sefisem\/wp-json\/wp\/v2\/pages\/298\/revisions"}],"predecessor-version":[{"id":305,"href":"https:\/\/eventos.uel.br\/sefisem\/wp-json\/wp\/v2\/pages\/298\/revisions\/305"}],"wp:attachment":[{"href":"https:\/\/eventos.uel.br\/sefisem\/wp-json\/wp\/v2\/media?parent=298"}],"curies":[{"name":"wp","href":"https:\/\/api.w.org\/{rel}","templated":true}]}}