{"id":487,"date":"2025-09-23T17:44:59","date_gmt":"2025-09-23T20:44:59","guid":{"rendered":"https:\/\/eventos.uel.br\/mwpde\/?page_id=487"},"modified":"2026-02-11T11:20:27","modified_gmt":"2026-02-11T14:20:27","slug":"comissoes","status":"publish","type":"page","link":"https:\/\/eventos.uel.br\/mwpde\/comissoes\/","title":{"rendered":"Comiss\u00f5es"},"content":{"rendered":"\n<hr class=\"wp-block-separator has-text-color has-verde-escuro-color has-alpha-channel-opacity has-verde-escuro-background-color has-background is-style-wide\" \/>\n\n\n\n<p class=\"has-verde-escuro-color has-text-color has-link-color has-medium-font-size wp-elements-815575550a014d0d15ad27c44809796b\"><strong>Comiss\u00e3o Organizadora<\/strong><\/p>\n\n\n\n<ul class=\"wp-block-list\">\n<li>Arthur Henrique Caixeta &#8211; <strong>UEL<\/strong> <\/li>\n\n\n\n<li>Bruna Thais Silva Sozzo &#8211; <strong>UTFPR<\/strong><\/li>\n\n\n\n<li>Eduardo Henrique Gomes Tavares &#8211; <strong>DGUT<\/strong>\/China (Vice-coordenador)<\/li>\n\n\n\n<li>Gabriel Eduardo Bittencourt Moraes &#8211; <strong>UEL<\/strong><\/li>\n\n\n\n<li>Marcio Antonio Jorge da Silva &#8211; <strong>UEL<\/strong> (Coordenador)<\/li>\n\n\n\n<li>Ta\u00eds Saito Tavares &#8211; <strong>HNU<\/strong>\/China<\/li>\n<\/ul>\n\n\n\n<div style=\"height:36px\" aria-hidden=\"true\" class=\"wp-block-spacer\"><\/div>\n\n\n\n<p class=\"has-verde-escuro-color has-text-color has-link-color has-medium-font-size wp-elements-cd8c863aaedfb15a6b62b21a3ae895e7\"><strong>Comit\u00ea Cient\u00edfico<\/strong><\/p>\n\n\n\n<ul class=\"wp-block-list\">\n<li>Alexandre Nolasco de Carvalho \u2013 <strong>ICMC-USP<\/strong><\/li>\n\n\n\n<li>Ma To Fu &#8211; <strong>UnB<\/strong><\/li>\n\n\n\n<li>Jaqueline Godoy Mesquita &#8211; <strong>UNICAMP<\/strong><\/li>\n\n\n\n<li>Marcelo Moreira Cavalcanti &#8211; <strong>UEM<\/strong><\/li>\n\n\n\n<li>Paolo Piccione &#8211; <strong>USP<\/strong><\/li>\n\n\n\n<li>Val\u00e9ria Neves Domingos Cavalcanti &#8211; <strong>UEM<\/strong><\/li>\n<\/ul>\n\n\n\n<div style=\"height:27px\" aria-hidden=\"true\" class=\"wp-block-spacer\"><\/div>\n\n\n\n<hr class=\"wp-block-separator has-text-color has-verde-escuro-color has-alpha-channel-opacity has-verde-escuro-background-color has-background is-style-wide\" \/>\n\n\n\n<p><strong style=\"font-weight: bold\">\ud83d\udce7<\/strong> <strong>Contato: <\/strong> mwpde@uel.br<\/p>\n\n\n\n<p><\/p>\n","protected":false},"excerpt":{"rendered":"<p>Comiss\u00e3o Organizadora Comit\u00ea Cient\u00edfico \ud83d\udce7 Contato: mwpde@uel.br<\/p>\n","protected":false},"author":6,"featured_media":0,"parent":0,"menu_order":0,"comment_status":"closed","ping_status":"closed","template":"","meta":{"_acf_changed":false,"_themeisle_gutenberg_block_has_review":false,"footnotes":""},"class_list":["post-487","page","type-page","status-publish","hentry"],"acf":[],"_links":{"self":[{"href":"https:\/\/eventos.uel.br\/mwpde\/wp-json\/wp\/v2\/pages\/487","targetHints":{"allow":["GET"]}}],"collection":[{"href":"https:\/\/eventos.uel.br\/mwpde\/wp-json\/wp\/v2\/pages"}],"about":[{"href":"https:\/\/eventos.uel.br\/mwpde\/wp-json\/wp\/v2\/types\/page"}],"author":[{"embeddable":true,"href":"https:\/\/eventos.uel.br\/mwpde\/wp-json\/wp\/v2\/users\/6"}],"replies":[{"embeddable":true,"href":"https:\/\/eventos.uel.br\/mwpde\/wp-json\/wp\/v2\/comments?post=487"}],"version-history":[{"count":25,"href":"https:\/\/eventos.uel.br\/mwpde\/wp-json\/wp\/v2\/pages\/487\/revisions"}],"predecessor-version":[{"id":801,"href":"https:\/\/eventos.uel.br\/mwpde\/wp-json\/wp\/v2\/pages\/487\/revisions\/801"}],"wp:attachment":[{"href":"https:\/\/eventos.uel.br\/mwpde\/wp-json\/wp\/v2\/media?parent=487"}],"curies":[{"name":"wp","href":"https:\/\/api.w.org\/{rel}","templated":true}]}}

Comissões

<hr class="wp-block-separator has-text-color has-verde-escuro-color has-alpha-channel-opacity has-verde-escuro-background-color has-background is-style-wide" />



<p class="has-verde-escuro-color has-text-color has-link-color has-medium-font-size wp-elements-815575550a014d0d15ad27c44809796b"><strong>Comissão Organizadora</strong></p>



<ul class="wp-block-list">
<li>Arthur Henrique Caixeta &#8211; <strong>UEL</strong> </li>



<li>Bruna Thais Silva Sozzo &#8211; <strong>UTFPR</strong></li>



<li>Eduardo Henrique Gomes Tavares &#8211; <strong>DGUT</strong>/China (Vice-coordenador)</li>



<li>Gabriel Eduardo Bittencourt Moraes &#8211; <strong>UEL</strong></li>



<li>Marcio Antonio Jorge da Silva &#8211; <strong>UEL</strong> (Coordenador)</li>



<li>Taís Saito Tavares &#8211; <strong>HNU</strong>/China</li>
</ul>



<div style="height:36px" aria-hidden="true" class="wp-block-spacer"></div>



<p class="has-verde-escuro-color has-text-color has-link-color has-medium-font-size wp-elements-cd8c863aaedfb15a6b62b21a3ae895e7"><strong>Comitê Científico</strong></p>



<ul class="wp-block-list">
<li>Alexandre Nolasco de Carvalho – <strong>ICMC-USP</strong></li>



<li>Ma To Fu &#8211; <strong>UnB</strong></li>



<li>Jaqueline Godoy Mesquita &#8211; <strong>UNICAMP</strong></li>



<li>Marcelo Moreira Cavalcanti &#8211; <strong>UEM</strong></li>



<li>Paolo Piccione &#8211; <strong>USP</strong></li>



<li>Valéria Neves Domingos Cavalcanti &#8211; <strong>UEM</strong></li>
</ul>



<div style="height:27px" aria-hidden="true" class="wp-block-spacer"></div>



<hr class="wp-block-separator has-text-color has-verde-escuro-color has-alpha-channel-opacity has-verde-escuro-background-color has-background is-style-wide" />



<p><strong style="font-weight: bold">📧</strong> <strong>Contato: </strong> mwpde@uel.br</p>



<p></p>

<p>Comissão Organizadora Comitê Científico 📧 Contato: mwpde@uel.br</p>
