{"id":485,"date":"2025-09-23T17:44:38","date_gmt":"2025-09-23T20:44:38","guid":{"rendered":"https:\/\/eventos.uel.br\/mwpde\/?page_id=485"},"modified":"2025-10-03T20:25:05","modified_gmt":"2025-10-03T23:25:05","slug":"submissao","status":"publish","type":"page","link":"https:\/\/eventos.uel.br\/mwpde\/submissao\/","title":{"rendered":"Submiss\u00e3o"},"content":{"rendered":"\n<hr class=\"wp-block-separator has-text-color has-verde-escuro-color has-alpha-channel-opacity has-verde-escuro-background-color has-background is-style-wide\" \/>\n\n\n\n<p><strong>Per\u00edodo de Inscri\u00e7\u00f5es<\/strong>: De 01\/10\/2025 a 25\/02\/2025. Para que seu resumo seja avaliado, efetue a inscri\u00e7\u00e3o no MWPDE na aba Inscri\u00e7\u00f5es. <a href=\"https:\/\/eventos.uel.br\/mwpde\/inscricoes\/\">\ud83d\udc49 Ir para Inscri\u00e7\u00f5es<\/a>.<\/p>\n\n\n\n<p><strong>Per\u00edodo para submiss\u00e3o de resumos:<\/strong>  De 01\/10\/2025 a 31\/01\/2026.<\/p>\n\n\n\n<p><strong>Aten\u00e7\u00e3o: <\/strong>Participantes que pretendem apresentar trabalho (Oral ou P\u00f4ster) dever\u00e3o submeter o resumo, impreterivelmente, at\u00e9 31\/01\/2026. Ap\u00f3s esta data s\u00f3 ser\u00e3o aceitas inscri\u00e7\u00f5es como participante.<\/p>\n\n\n\n<p><strong>Modelo para resumo:<\/strong> O resumo para apresenta\u00e7\u00e3o de palestra ou p\u00f4ster dever\u00e1 seguir o modelo padr\u00e3o do MWPDE, conforme dispon\u00edvel abaixo para download. Ser\u00e3o aceitos resumos simples (1 p\u00e1gina) e resumos expandidos (3 p\u00e1ginas).<\/p>\n\n\n\n<p><strong>Clique abaixo para baixar o modelo do resumo<\/strong><\/p>\n\n\n\n<a href=\"https:\/\/drive.google.com\/drive\/folders\/1Uc7j011owNBLwcdwYZ_wURwLFk4KlgqC?usp=sharing\" target=\"_blank\" style=\"display:inline-block;padding:14px 28px;font-size:18px;font-weight:bold;color:#fff;background-color:#28a745;border-radius:8px;text-decoration:none\">\n   \ud83d\udcc2 Modelos dos Resumos \n<\/a>\n\n\n\n<p><\/p>\n\n\n\n<p><strong><strong><strong><strong><strong>Submiss\u00e3o<\/strong><\/strong><\/strong> <strong><strong><strong><strong><strong>\ud83d\udc49 <\/strong><\/strong><\/strong><\/strong><\/strong><\/strong> <\/strong>Ap\u00f3s baixar o modelo, concluir seu resumo (expandido ou simples), enviar os arquivos .tex e .pdf (com arquivos das figuras se for o caso) para o e-mail: mwpde@uel.br.  No t\u00edtulo do e-mail, coloque &#8220;Submiss\u00e3o resumo MWPDE&#8221;. Lembramos que a submiss\u00e3o de resumos vai at\u00e9 31\/01\/2026.<\/p>\n\n\n\n<p>Em caso de d\u00favidas sobre a submiss\u00e3o, envie uma mensagem para:<strong> <\/strong>mwpde@uel.br.<\/p>\n\n\n\n<p><\/p>\n","protected":false},"excerpt":{"rendered":"<p>Per\u00edodo de Inscri\u00e7\u00f5es: De 01\/10\/2025 a 25\/02\/2025. Para que seu resumo seja avaliado, efetue a inscri\u00e7\u00e3o no MWPDE na aba Inscri\u00e7\u00f5es. \ud83d\udc49 Ir para Inscri\u00e7\u00f5es. Per\u00edodo para submiss\u00e3o de resumos: De 01\/10\/2025 a 31\/01\/2026. Aten\u00e7\u00e3o: Participantes que pretendem apresentar trabalho (Oral ou P\u00f4ster) dever\u00e3o submeter o resumo, impreterivelmente, at\u00e9 31\/01\/2026. Ap\u00f3s esta data s\u00f3 ser\u00e3o [&hellip;]<\/p>\n","protected":false},"author":6,"featured_media":0,"parent":0,"menu_order":0,"comment_status":"closed","ping_status":"closed","template":"","meta":{"_acf_changed":false,"_themeisle_gutenberg_block_has_review":false,"footnotes":""},"class_list":["post-485","page","type-page","status-publish","hentry"],"acf":[],"_links":{"self":[{"href":"https:\/\/eventos.uel.br\/mwpde\/wp-json\/wp\/v2\/pages\/485","targetHints":{"allow":["GET"]}}],"collection":[{"href":"https:\/\/eventos.uel.br\/mwpde\/wp-json\/wp\/v2\/pages"}],"about":[{"href":"https:\/\/eventos.uel.br\/mwpde\/wp-json\/wp\/v2\/types\/page"}],"author":[{"embeddable":true,"href":"https:\/\/eventos.uel.br\/mwpde\/wp-json\/wp\/v2\/users\/6"}],"replies":[{"embeddable":true,"href":"https:\/\/eventos.uel.br\/mwpde\/wp-json\/wp\/v2\/comments?post=485"}],"version-history":[{"count":29,"href":"https:\/\/eventos.uel.br\/mwpde\/wp-json\/wp\/v2\/pages\/485\/revisions"}],"predecessor-version":[{"id":640,"href":"https:\/\/eventos.uel.br\/mwpde\/wp-json\/wp\/v2\/pages\/485\/revisions\/640"}],"wp:attachment":[{"href":"https:\/\/eventos.uel.br\/mwpde\/wp-json\/wp\/v2\/media?parent=485"}],"curies":[{"name":"wp","href":"https:\/\/api.w.org\/{rel}","templated":true}]}}

Submissão

<hr class="wp-block-separator has-text-color has-verde-escuro-color has-alpha-channel-opacity has-verde-escuro-background-color has-background is-style-wide" />



<p><strong>Período de Inscrições</strong>: De 01/10/2025 a 25/02/2025. Para que seu resumo seja avaliado, efetue a inscrição no MWPDE na aba Inscrições. <a href="https://eventos.uel.br/mwpde/inscricoes/">👉 Ir para Inscrições</a>.</p>



<p><strong>Período para submissão de resumos:</strong>  De 01/10/2025 a 31/01/2026.</p>



<p><strong>Atenção: </strong>Participantes que pretendem apresentar trabalho (Oral ou Pôster) deverão submeter o resumo, impreterivelmente, até 31/01/2026. Após esta data só serão aceitas inscrições como participante.</p>



<p><strong>Modelo para resumo:</strong> O resumo para apresentação de palestra ou pôster deverá seguir o modelo padrão do MWPDE, conforme disponível abaixo para download. Serão aceitos resumos simples (1 página) e resumos expandidos (3 páginas).</p>



<p><strong>Clique abaixo para baixar o modelo do resumo</strong></p>



<a href="https://drive.google.com/drive/folders/1Uc7j011owNBLwcdwYZ_wURwLFk4KlgqC?usp=sharing" target="_blank" style="display:inline-block;padding:14px 28px;font-size:18px;font-weight:bold;color:#fff;background-color:#28a745;border-radius:8px;text-decoration:none">
   📂 Modelos dos Resumos 
</a>



<p></p>



<p><strong><strong><strong><strong><strong>Submissão</strong></strong></strong> <strong><strong><strong><strong><strong>👉 </strong></strong></strong></strong></strong></strong> </strong>Após baixar o modelo, concluir seu resumo (expandido ou simples), enviar os arquivos .tex e .pdf (com arquivos das figuras se for o caso) para o e-mail: mwpde@uel.br.  No título do e-mail, coloque &#8220;Submissão resumo MWPDE&#8221;. Lembramos que a submissão de resumos vai até 31/01/2026.</p>



<p>Em caso de dúvidas sobre a submissão, envie uma mensagem para:<strong> </strong>mwpde@uel.br.</p>



<p></p>

<p>Período de Inscrições: De 01/10/2025 a 25/02/2025. Para que seu resumo seja avaliado, efetue a inscrição no MWPDE na aba Inscrições. 👉 Ir para Inscrições. Período para submissão de resumos: De 01/10/2025 a 31/01/2026. Atenção: Participantes que pretendem apresentar trabalho (Oral ou Pôster) deverão submeter o resumo, impreterivelmente, até 31/01/2026. Após esta data só serão [&hellip;]</p>
