{"id":33,"date":"2025-05-12T11:34:31","date_gmt":"2025-05-12T14:34:31","guid":{"rendered":"https:\/\/eventos.uel.br\/mwpde\/?page_id=33"},"modified":"2025-10-04T09:43:11","modified_gmt":"2025-10-04T12:43:11","slug":"sobre-o-evento","status":"publish","type":"page","link":"https:\/\/eventos.uel.br\/mwpde\/","title":{"rendered":"Sobre o evento"},"content":{"rendered":"\n<p><\/p>\n\n\n\n<p style=\"text-align:justify\">\n O Mini Workshop on PDEs (MWPDE) ser\u00e1 realizado nos dias 26 e 27 de fevereiro de 2026, na Universidade Estadual de Londrina (UEL), reunindo pesquisadores, docentes e estudantes de diferentes regi\u00f5es do Brasil para discutir avan\u00e7os recentes em Equa\u00e7\u00f5es Diferenciais Parciais (EDPs). O evento busca consolidar um espa\u00e7o de excel\u00eancia cient\u00edfica no Paran\u00e1, estimulando a troca de experi\u00eancias e a constru\u00e7\u00e3o de redes colaborativas em EDPs e aplica\u00e7\u00f5es interdisciplinares.\n<\/p>\n<p style=\"text-align:justify\">\nO MWPDE se apresenta como um f\u00f3rum estrat\u00e9gico para divulgar pesquisas de excel\u00eancia, formar novos pesquisadores e aproximar grupos nacionais e internacionais em um ambiente de coopera\u00e7\u00e3o cient\u00edfica e acad\u00eamica, visando a democratiza\u00e7\u00e3o do acesso a um evento de alta qualidade cient\u00edfica e contribuindo para o avan\u00e7o da Matem\u00e1tica Pura e Aplicada no pa\u00eds.\n<\/p>\n<p style=\"text-align:justify\">\nO MWPDE 2026 contar\u00e1 com palestras ministradas por pesquisadores de diversas institui\u00e7\u00f5es do Brasil e do exterior, al\u00e9m de sess\u00f5es de p\u00f4steres para a apresenta\u00e7\u00e3o de trabalhos. Esta edi\u00e7\u00e3o tamb\u00e9m d\u00e1 continuidade ao hist\u00f3rico de eventos promovidos pelo Departamento de Matem\u00e1tica da UEL e pelo Programa de Mestrado em Matem\u00e1tica Aplicada e Computacional (PGMAC) para a integra\u00e7\u00e3o da comunidade cient\u00edfica na \u00e1rea de Equa\u00e7\u00f5es Diferenciais e Sistemas Din\u00e2micos.\n<\/p>\n<p style=\"text-align:justify\">\nO Mini Workshop on Partial Differential Equations (MWPDE) tem como objetivo reunir pesquisadores, estudantes e profissionais interessados em discuss\u00f5es interdisciplinares relacionadas \u00e0s Equa\u00e7\u00f5es Diferenciais Parciais, Sistemas Din\u00e2micos e suas aplica\u00e7\u00f5es em contextos te\u00f3ricos e aplicados.\n<\/p>\n\n\n\n\n<p><\/p>\n","protected":false},"excerpt":{"rendered":"<p>O Mini Workshop on PDEs (MWPDE) ser\u00e1 realizado nos dias 26 e 27 de fevereiro de 2026, na Universidade Estadual de Londrina (UEL), reunindo pesquisadores, docentes e estudantes de diferentes regi\u00f5es do Brasil para discutir avan\u00e7os recentes em Equa\u00e7\u00f5es Diferenciais Parciais (EDPs). O evento busca consolidar um espa\u00e7o de excel\u00eancia cient\u00edfica no Paran\u00e1, estimulando a [&hellip;]<\/p>\n","protected":false},"author":6,"featured_media":0,"parent":0,"menu_order":0,"comment_status":"closed","ping_status":"closed","template":"template-pages\/template-evento.php","meta":{"_acf_changed":false,"_themeisle_gutenberg_block_has_review":false,"footnotes":""},"class_list":["post-33","page","type-page","status-publish","hentry"],"acf":[],"_links":{"self":[{"href":"https:\/\/eventos.uel.br\/mwpde\/wp-json\/wp\/v2\/pages\/33","targetHints":{"allow":["GET"]}}],"collection":[{"href":"https:\/\/eventos.uel.br\/mwpde\/wp-json\/wp\/v2\/pages"}],"about":[{"href":"https:\/\/eventos.uel.br\/mwpde\/wp-json\/wp\/v2\/types\/page"}],"author":[{"embeddable":true,"href":"https:\/\/eventos.uel.br\/mwpde\/wp-json\/wp\/v2\/users\/6"}],"replies":[{"embeddable":true,"href":"https:\/\/eventos.uel.br\/mwpde\/wp-json\/wp\/v2\/comments?post=33"}],"version-history":[{"count":14,"href":"https:\/\/eventos.uel.br\/mwpde\/wp-json\/wp\/v2\/pages\/33\/revisions"}],"predecessor-version":[{"id":736,"href":"https:\/\/eventos.uel.br\/mwpde\/wp-json\/wp\/v2\/pages\/33\/revisions\/736"}],"wp:attachment":[{"href":"https:\/\/eventos.uel.br\/mwpde\/wp-json\/wp\/v2\/media?parent=33"}],"curies":[{"name":"wp","href":"https:\/\/api.w.org\/{rel}","templated":true}]}}