{"id":64,"date":"2025-01-07T21:17:20","date_gmt":"2025-01-08T00:17:20","guid":{"rendered":"https:\/\/eventos.uel.br\/mostrapsi\/?page_id=64"},"modified":"2026-02-26T14:25:19","modified_gmt":"2026-02-26T17:25:19","slug":"sobre-a-mostra","status":"publish","type":"page","link":"https:\/\/eventos.uel.br\/mostrapsi\/sobre-a-mostra\/","title":{"rendered":"Sobre a Mostra"},"content":{"rendered":"\n<p><strong>OBJETIVO<\/strong><\/p>\n\n\n\n<p>A mostra tem por objetivo compartilhar e divulgar as experi\u00eancias das diferentes pr\u00e1ticas de est\u00e1gio que realizam os docentes e discentes do curso de Psicologia, incentivando a integra\u00e7\u00e3o, a partilha e a valoriza\u00e7\u00e3o do trabalho realizado.<\/p>\n\n\n\n<p><strong>JUSTIFICATIVA<\/strong><\/p>\n\n\n\n<p>O curso de Psicologia tem cerca de 240 estagi\u00e1rios anualmente, e cerca de 70 turmas de est\u00e1gio, distribu\u00eddas nos tr\u00eas departamentos do curso. <\/p>\n\n\n\n<p>Esta individualiza\u00e7\u00e3o, t\u00e3o necess\u00e1ria para a pr\u00e1tica da Psicologia, muitas vezes causa afastamento entre as propostas de est\u00e1gio, com consequente desconhecimento das experi\u00eancias das turmas entre si. <\/p>\n\n\n\n<p>Assim, a mostra pretende ser um espa\u00e7o de troca de experi\u00eancias e integra\u00e7\u00e3o do curso, considerando a diversidade de propostas e pr\u00e1ticas dos estagi\u00e1rios de Psicologia.<\/p>\n\n\n\n<p><strong>TRABALHOS<\/strong><\/p>\n\n\n\n<p>Todos os estagi\u00e1rios do curso de Psicologia (incluindo est\u00e1gio b\u00e1sico &#8211; 3\u00ba ano e espec\u00edficos &#8211; 4\u00ba e 5\u00ba ano) dever\u00e3o apresentar <strong>obrigatoriamente <\/strong>na Mostra. <\/p>\n\n\n\n<p>Todas as apresenta\u00e7\u00f5es ser\u00e3o submetidas em formato de resumo (template j\u00e1 dispon\u00edvel), a ser publicado nos anais do evento. As regras de submiss\u00e3o j\u00e1 est\u00e3o dispon\u00edveis!<\/p>\n\n\n\n<p><\/p>\n\n\n\n<p><strong>HIST\u00d3RICO<\/strong> <strong>E EXPECTATIVAS FUTURAS<\/strong><\/p>\n\n\n\n<p>A edi\u00e7\u00e3o de 2024 foi o primeiro ano em que a Mostra retornou ao curso de Psicologia, ap\u00f3s um longo hiato. Nela, contamos com 19 comunica\u00e7\u00f5es orais, distribu\u00eddas em 6 sess\u00f5es tem\u00e1ticas, das duas \u00eanfases de est\u00e1gios espec\u00edficos: Investiga\u00e7\u00e3o Cient\u00edfica e Interven\u00e7\u00e3o em Processos Cl\u00ednicos e Sa\u00fade e Processos Sociais e Institucionais. Al\u00e9m disso, tivemos 73 p\u00f4steres apresentados ao longo do dia do evento, relativos aos est\u00e1gios espec\u00edficos de \u00eanfase e tamb\u00e9m aos est\u00e1gios b\u00e1sicos, dos alunos de terceiro ano! Na finaliza\u00e7\u00e3o do evento, tivemos tamb\u00e9m uma convidada muito especial, a mestre Kathia Regina Galdino de Godoy, que apresentou a confer\u00eancia: O CRP e o est\u00e1gio em Psicologia: orienta\u00e7\u00f5es e experi\u00eancias.<br><\/p>\n\n\n\n<p>Em 2025, nossa Mostra cresceu bastante! Tivemos nela 14 rodas de conversa (nova modalidade), 38 comunica\u00e7\u00f5es orais distribu\u00eddas em 14 sess\u00f5es, e 40 p\u00f4steres! Como atividade especial, tivemos a mesa redonda &#8220;<em>Os 10 anos do plant\u00e3o psicol\u00f3gico na UEL<\/em>&#8220;, que foi conduzida pelas profs. Ana Claudia Roosli, Renata Grossi, S\u00edlvia Fornazari, pela estudante Bruna Maria Poletto Ribeiro, e pela funcion\u00e1ria Sueli Damasceno de Ara\u00fajo Santos. Houve, nesta ocasi\u00e3o, uma homenagem surpresa para nossa querida Sueli, por ocasi\u00e3o da sua aposentadoria, em breve. <\/p>\n\n\n\n<p><mark style=\"background-color:#e8fde7\" class=\"has-inline-color has-verde-escuro-color\"><strong>*NOVO!<\/strong> Confira <strong><a href=\"https:\/\/eventos.uel.br\/mostrapsi\/mostra-2025\/\">AQUI <\/a><\/strong>algumas fotos do nosso evento de 2025!<\/mark><\/p>\n\n\n\n<p>Confira <strong><a href=\"https:\/\/eventos.uel.br\/mostrapsi\/143-2\/\">AQUI <\/a><\/strong>algumas fotos do nosso evento de 2024!<\/p>\n\n\n\n<p><\/p>\n\n\n\n<p>Esperamos que a Mostra se torne novamente uma tradi\u00e7\u00e3o no curso, oficializando-se junto aos eventos oficiais da UEL! <\/p>\n\n\n\n<p>Esperamos tamb\u00e9m que contribua para a forma\u00e7\u00e3o do nosso estudante, para a integra\u00e7\u00e3o do nosso curso e para a inser\u00e7\u00e3o social da Psicologia.<\/p>\n\n\n\n<p>Grande abra\u00e7o! <\/p>\n\n\n\n<p><\/p>\n\n\n\n<p><\/p>\n\n\n\n<p><\/p>\n\n\n\n<p><br><\/p>\n","protected":false},"excerpt":{"rendered":"<p>OBJETIVO A mostra tem por objetivo compartilhar e divulgar as experi\u00eancias das diferentes pr\u00e1ticas de est\u00e1gio que realizam os docentes e discentes do curso de Psicologia, incentivando a integra\u00e7\u00e3o, a partilha e a valoriza\u00e7\u00e3o do trabalho realizado. JUSTIFICATIVA O curso de Psicologia tem cerca de 240 estagi\u00e1rios anualmente, e cerca de 70 turmas de est\u00e1gio, [&hellip;]<\/p>\n","protected":false},"author":8,"featured_media":0,"parent":0,"menu_order":0,"comment_status":"closed","ping_status":"closed","template":"","meta":{"_acf_changed":false,"footnotes":""},"class_list":["post-64","page","type-page","status-publish","hentry"],"acf":[],"_links":{"self":[{"href":"https:\/\/eventos.uel.br\/mostrapsi\/wp-json\/wp\/v2\/pages\/64","targetHints":{"allow":["GET"]}}],"collection":[{"href":"https:\/\/eventos.uel.br\/mostrapsi\/wp-json\/wp\/v2\/pages"}],"about":[{"href":"https:\/\/eventos.uel.br\/mostrapsi\/wp-json\/wp\/v2\/types\/page"}],"author":[{"embeddable":true,"href":"https:\/\/eventos.uel.br\/mostrapsi\/wp-json\/wp\/v2\/users\/8"}],"replies":[{"embeddable":true,"href":"https:\/\/eventos.uel.br\/mostrapsi\/wp-json\/wp\/v2\/comments?post=64"}],"version-history":[{"count":8,"href":"https:\/\/eventos.uel.br\/mostrapsi\/wp-json\/wp\/v2\/pages\/64\/revisions"}],"predecessor-version":[{"id":295,"href":"https:\/\/eventos.uel.br\/mostrapsi\/wp-json\/wp\/v2\/pages\/64\/revisions\/295"}],"wp:attachment":[{"href":"https:\/\/eventos.uel.br\/mostrapsi\/wp-json\/wp\/v2\/media?parent=64"}],"curies":[{"name":"wp","href":"https:\/\/api.w.org\/{rel}","templated":true}]}}

<p><strong>OBJETIVO</strong></p>



<p>A mostra tem por objetivo compartilhar e divulgar as experiências das diferentes práticas de estágio que realizam os docentes e discentes do curso de Psicologia, incentivando a integração, a partilha e a valorização do trabalho realizado.</p>



<p><strong>JUSTIFICATIVA</strong></p>



<p>O curso de Psicologia tem cerca de 240 estagiários anualmente, e cerca de 70 turmas de estágio, distribuídas nos três departamentos do curso. </p>



<p>Esta individualização, tão necessária para a prática da Psicologia, muitas vezes causa afastamento entre as propostas de estágio, com consequente desconhecimento das experiências das turmas entre si. </p>



<p>Assim, a mostra pretende ser um espaço de troca de experiências e integração do curso, considerando a diversidade de propostas e práticas dos estagiários de Psicologia.</p>



<p><strong>TRABALHOS</strong></p>



<p>Todos os estagiários do curso de Psicologia (incluindo estágio básico &#8211; 3º ano e específicos &#8211; 4º e 5º ano) deverão apresentar <strong>obrigatoriamente </strong>na Mostra. </p>



<p>Todas as apresentações serão submetidas em formato de resumo (template já disponível), a ser publicado nos anais do evento. As regras de submissão já estão disponíveis!</p>



<p></p>



<p><strong>HISTÓRICO</strong> <strong>E EXPECTATIVAS FUTURAS</strong></p>



<p>A edição de 2024 foi o primeiro ano em que a Mostra retornou ao curso de Psicologia, após um longo hiato. Nela, contamos com 19 comunicações orais, distribuídas em 6 sessões temáticas, das duas ênfases de estágios específicos: Investigação Científica e Intervenção em Processos Clínicos e Saúde e Processos Sociais e Institucionais. Além disso, tivemos 73 pôsteres apresentados ao longo do dia do evento, relativos aos estágios específicos de ênfase e também aos estágios básicos, dos alunos de terceiro ano! Na finalização do evento, tivemos também uma convidada muito especial, a mestre Kathia Regina Galdino de Godoy, que apresentou a conferência: O CRP e o estágio em Psicologia: orientações e experiências.<br></p>



<p>Em 2025, nossa Mostra cresceu bastante! Tivemos nela 14 rodas de conversa (nova modalidade), 38 comunicações orais distribuídas em 14 sessões, e 40 pôsteres! Como atividade especial, tivemos a mesa redonda &#8220;<em>Os 10 anos do plantão psicológico na UEL</em>&#8220;, que foi conduzida pelas profs. Ana Claudia Roosli, Renata Grossi, Sílvia Fornazari, pela estudante Bruna Maria Poletto Ribeiro, e pela funcionária Sueli Damasceno de Araújo Santos. Houve, nesta ocasião, uma homenagem surpresa para nossa querida Sueli, por ocasião da sua aposentadoria, em breve. </p>



<p><mark style="background-color:#e8fde7" class="has-inline-color has-verde-escuro-color"><strong>*NOVO!</strong> Confira <strong><a href="https://eventos.uel.br/mostrapsi/mostra-2025/">AQUI </a></strong>algumas fotos do nosso evento de 2025!</mark></p>



<p>Confira <strong><a href="https://eventos.uel.br/mostrapsi/143-2/">AQUI </a></strong>algumas fotos do nosso evento de 2024!</p>



<p></p>



<p>Esperamos que a Mostra se torne novamente uma tradição no curso, oficializando-se junto aos eventos oficiais da UEL! </p>



<p>Esperamos também que contribua para a formação do nosso estudante, para a integração do nosso curso e para a inserção social da Psicologia.</p>



<p>Grande abraço! </p>



<p></p>



<p></p>



<p></p>



<p><br></p>

<p>OBJETIVO A mostra tem por objetivo compartilhar e divulgar as experiências das diferentes práticas de estágio que realizam os docentes e discentes do curso de Psicologia, incentivando a integração, a partilha e a valorização do trabalho realizado. JUSTIFICATIVA O curso de Psicologia tem cerca de 240 estagiários anualmente, e cerca de 70 turmas de estágio, [&hellip;]</p>
