{"id":67,"date":"2026-08-21T14:15:45","date_gmt":"2026-08-21T17:15:45","guid":{"rendered":"https:\/\/eventos.uel.br\/eaiti\/?page_id=67"},"modified":"2026-08-21T14:31:47","modified_gmt":"2026-08-21T17:31:47","slug":"proposito","status":"publish","type":"page","link":"https:\/\/eventos.uel.br\/eaiti\/proposito\/","title":{"rendered":"Prop\u00f3sito"},"content":{"rendered":"\n<hr class=\"wp-block-separator has-text-color has-verde-escuro-color has-alpha-channel-opacity has-verde-escuro-background-color has-background is-style-wide\"\/>\n\n\n\n<p class=\"wp-block-paragraph\">Durante o EAITI, os estudantes t\u00eam a oportunidade de <strong>apresentar os resultados de seus trabalhos de inicia\u00e7\u00e3o tecnol\u00f3gica<\/strong>, conhecer pesquisas desenvolvidas por colegas e participar de atividades que ampliam sua forma\u00e7\u00e3o.<\/p>\n\n\n\n<p class=\"wp-block-paragraph\">A programa\u00e7\u00e3o tamb\u00e9m contempla <strong>palestras e momentos de intera\u00e7\u00e3o sobre temas relacionados \u00e0 pesquisa cient\u00edfica, ao desenvolvimento tecnol\u00f3gico e \u00e0 inova\u00e7\u00e3o<\/strong>, aproximando estudantes de gradua\u00e7\u00e3o, p\u00f3s-gradua\u00e7\u00e3o, docentes e pesquisadores.<\/p>\n\n\n\n<p class=\"wp-block-paragraph\">Ao mesmo tempo, o evento contribui para aproximar a universidade da sociedade, dando visibilidade \u00e0s solu\u00e7\u00f5es, tecnologias, pesquisas e conhecimentos desenvolvidos nas IES Estaduais do Paran\u00e1.<\/p>\n\n\n\n<p class=\"wp-block-paragraph\"><\/p>\n\n\n\n<p class=\"has-verde-escuro-color has-text-color has-link-color wp-elements-1 wp-block-paragraph\"><em><strong>O EAITI tem como principais objetivos<\/strong>:<\/em><\/p>\n\n\n\n<p class=\"wp-block-paragraph\"><strong>Valorizar<\/strong> a participa\u00e7\u00e3o dos estudantes na inicia\u00e7\u00e3o tecnol\u00f3gica e na inova\u00e7\u00e3o;<\/p>\n\n\n\n<p class=\"wp-block-paragraph\"><strong>Promover<\/strong> o di\u00e1logo e a troca de experi\u00eancias entre estudantes, professores e pesquisadores;<\/p>\n\n\n\n<p class=\"wp-block-paragraph\"><strong>Divulgar<\/strong> os resultados das pesquisas e dos projetos de desenvolvimento tecnol\u00f3gico realizados nas IES Estaduais do Paran\u00e1;<\/p>\n\n\n\n<p class=\"wp-block-paragraph\"><strong>Estimular<\/strong> a forma\u00e7\u00e3o de novos talentos para a pesquisa, a tecnologia e a inova\u00e7\u00e3o;<\/p>\n\n\n\n<p class=\"wp-block-paragraph\"><strong>Integrar<\/strong> diferentes \u00e1reas do conhecimento e as comunidades acad\u00eamicas das universidades participantes;<\/p>\n\n\n\n<p class=\"wp-block-paragraph\"><strong>Aproximar<\/strong> a sociedade das pesquisas, tecnologias e inova\u00e7\u00f5es desenvolvidas no ambiente universit\u00e1rio.<\/p>\n\n\n\n<p class=\"wp-block-paragraph\"><strong>Inova\u00e7\u00e3o que nasce na universidade<\/strong><\/p>\n\n\n\n<p class=\"wp-block-paragraph\">O EAITI \u00e9 um espa\u00e7o para mostrar que grandes transforma\u00e7\u00f5es podem come\u00e7ar com uma pergunta, uma ideia ou um desafio identificado por um estudante.<\/p>\n\n\n\n<p class=\"wp-block-paragraph\">Ao reunir quem pesquisa, desenvolve, experimenta e compartilha conhecimento, o evento fortalece uma universidade cada vez mais conectada com a <strong>ci\u00eancia, a tecnologia e a inova\u00e7\u00e3o<\/strong>.<\/p>\n","protected":false},"excerpt":{"rendered":"<p>Durante o EAITI, os estudantes t\u00eam a oportunidade de apresentar os resultados de seus trabalhos de inicia\u00e7\u00e3o tecnol\u00f3gica, conhecer pesquisas desenvolvidas por colegas e participar de atividades que ampliam sua forma\u00e7\u00e3o. A programa\u00e7\u00e3o tamb\u00e9m contempla palestras e momentos de intera\u00e7\u00e3o sobre temas relacionados \u00e0 pesquisa cient\u00edfica, ao desenvolvimento tecnol\u00f3gico e \u00e0 inova\u00e7\u00e3o, aproximando estudantes de [&hellip;]<\/p>\n","protected":false},"author":6,"featured_media":0,"parent":0,"menu_order":0,"comment_status":"closed","ping_status":"closed","template":"","meta":{"_acf_changed":false,"footnotes":"","_members_access_role":[],"_members_access_error":""},"class_list":["post-67","page","type-page","status-publish","hentry"],"acf":[],"_links":{"self":[{"href":"https:\/\/eventos.uel.br\/eaiti\/wp-json\/wp\/v2\/pages\/67","targetHints":{"allow":["GET"]}}],"collection":[{"href":"https:\/\/eventos.uel.br\/eaiti\/wp-json\/wp\/v2\/pages"}],"about":[{"href":"https:\/\/eventos.uel.br\/eaiti\/wp-json\/wp\/v2\/types\/page"}],"author":[{"embeddable":true,"href":"https:\/\/eventos.uel.br\/eaiti\/wp-json\/wp\/v2\/users\/6"}],"replies":[{"embeddable":true,"href":"https:\/\/eventos.uel.br\/eaiti\/wp-json\/wp\/v2\/comments?post=67"}],"version-history":[{"count":6,"href":"https:\/\/eventos.uel.br\/eaiti\/wp-json\/wp\/v2\/pages\/67\/revisions"}],"predecessor-version":[{"id":75,"href":"https:\/\/eventos.uel.br\/eaiti\/wp-json\/wp\/v2\/pages\/67\/revisions\/75"}],"wp:attachment":[{"href":"https:\/\/eventos.uel.br\/eaiti\/wp-json\/wp\/v2\/media?parent=67"}],"curies":[{"name":"wp","href":"https:\/\/api.w.org\/{rel}","templated":true}]}}

Propósito

<hr class="wp-block-separator has-text-color has-verde-escuro-color has-alpha-channel-opacity has-verde-escuro-background-color has-background is-style-wide"/>



<p class="wp-block-paragraph">Durante o EAITI, os estudantes têm a oportunidade de <strong>apresentar os resultados de seus trabalhos de iniciação tecnológica</strong>, conhecer pesquisas desenvolvidas por colegas e participar de atividades que ampliam sua formação.</p>



<p class="wp-block-paragraph">A programação também contempla <strong>palestras e momentos de interação sobre temas relacionados à pesquisa científica, ao desenvolvimento tecnológico e à inovação</strong>, aproximando estudantes de graduação, pós-graduação, docentes e pesquisadores.</p>



<p class="wp-block-paragraph">Ao mesmo tempo, o evento contribui para aproximar a universidade da sociedade, dando visibilidade às soluções, tecnologias, pesquisas e conhecimentos desenvolvidos nas IES Estaduais do Paraná.</p>



<p class="wp-block-paragraph"></p>



<p class="has-verde-escuro-color has-text-color has-link-color wp-elements-1 wp-block-paragraph"><em><strong>O EAITI tem como principais objetivos</strong>:</em></p>



<p class="wp-block-paragraph"><strong>Valorizar</strong> a participação dos estudantes na iniciação tecnológica e na inovação;</p>



<p class="wp-block-paragraph"><strong>Promover</strong> o diálogo e a troca de experiências entre estudantes, professores e pesquisadores;</p>



<p class="wp-block-paragraph"><strong>Divulgar</strong> os resultados das pesquisas e dos projetos de desenvolvimento tecnológico realizados nas IES Estaduais do Paraná;</p>



<p class="wp-block-paragraph"><strong>Estimular</strong> a formação de novos talentos para a pesquisa, a tecnologia e a inovação;</p>



<p class="wp-block-paragraph"><strong>Integrar</strong> diferentes áreas do conhecimento e as comunidades acadêmicas das universidades participantes;</p>



<p class="wp-block-paragraph"><strong>Aproximar</strong> a sociedade das pesquisas, tecnologias e inovações desenvolvidas no ambiente universitário.</p>



<p class="wp-block-paragraph"><strong>Inovação que nasce na universidade</strong></p>



<p class="wp-block-paragraph">O EAITI é um espaço para mostrar que grandes transformações podem começar com uma pergunta, uma ideia ou um desafio identificado por um estudante.</p>



<p class="wp-block-paragraph">Ao reunir quem pesquisa, desenvolve, experimenta e compartilha conhecimento, o evento fortalece uma universidade cada vez mais conectada com a <strong>ciência, a tecnologia e a inovação</strong>.</p>

<p>Durante o EAITI, os estudantes têm a oportunidade de apresentar os resultados de seus trabalhos de iniciação tecnológica, conhecer pesquisas desenvolvidas por colegas e participar de atividades que ampliam sua formação. A programação também contempla palestras e momentos de interação sobre temas relacionados à pesquisa científica, ao desenvolvimento tecnológico e à inovação, aproximando estudantes de [&hellip;]</p>
