{"id":51,"date":"2026-08-21T10:55:47","date_gmt":"2026-08-21T13:55:47","guid":{"rendered":"https:\/\/eventos.uel.br\/eaiti\/?page_id=51"},"modified":"2026-08-21T10:56:48","modified_gmt":"2026-08-21T13:56:48","slug":"eventos-anteriores","status":"publish","type":"page","link":"https:\/\/eventos.uel.br\/eaiti\/eventos-anteriores\/","title":{"rendered":"Eventos Anteriores"},"content":{"rendered":"\n<hr class=\"wp-block-separator has-text-color has-verde-escuro-color has-alpha-channel-opacity has-verde-escuro-background-color has-background is-style-wide\"\/>\n\n\n\n<p class=\"wp-block-paragraph\"><strong>EAITI &#8211; Encontro Anual de Inicia\u00e7\u00e3o Tecnol\u00f3gica e Inova\u00e7\u00e3o<\/strong><\/p>\n\n\n\n<p class=\"wp-block-paragraph\">O Encontro Anual de Inicia\u00e7\u00e3o Tecnol\u00f3gica e Inova\u00e7\u00e3o (EAITI) tem por objetivo divulgar os trabalhos tecnol\u00f3gicos desenvolvidos pelos discentes participantes do Programa Institucional de Bolsas de Inicia\u00e7\u00e3o em Desenvolvimento Tecnol\u00f3gico e Inova\u00e7\u00e3o \u2013 PIBITI, das Institui\u00e7\u00f5es de Ensino Superior do Paran\u00e1 e promover o di\u00e1logo entre os pesquisadores.<\/p>\n\n\n\n<p class=\"wp-block-paragraph\">O Programa Institucional de Bolsas de Inicia\u00e7\u00e3o em Desenvolvimento Tecnol\u00f3gico e Inova\u00e7\u00e3o \u2013 PIBITI, al\u00e9m de estimular estudantes do Ensino Superior ao desenvolvimento e transfer\u00eancia de novas tecnologias, visa:<\/p>\n\n\n\n<p class=\"wp-block-paragraph\">I. Contribuir para a forma\u00e7\u00e3o e o engajamento de recursos humanos em atividades de pesquisa, desenvolvimento tecnol\u00f3gico e inova\u00e7\u00e3o, que se dedicar\u00e3o ao fortalecimento da capacidade inovadora das empresas no Pa\u00eds, sob orienta\u00e7\u00e3o de docentes qualificados;<\/p>\n\n\n\n<p class=\"wp-block-paragraph\">II. incentivar e aprimorar a pol\u00edtica institucional de inicia\u00e7\u00e3o em atividades de desenvolvimento tecnol\u00f3gico e inova\u00e7\u00e3o;<\/p>\n\n\n\n<p class=\"wp-block-paragraph\">III. possibilitar maior intera\u00e7\u00e3o entre atividades de desenvolvimento tecnol\u00f3gico e inova\u00e7\u00e3o desenvolvidas na gradua\u00e7\u00e3o e na p\u00f3s-gradua\u00e7\u00e3o;<\/p>\n\n\n\n<p class=\"wp-block-paragraph\">IV. estimular docentes produtivos a envolverem estudantes do ensino superior em atividades de desenvolvimento tecnol\u00f3gico e inova\u00e7\u00e3o;<\/p>\n\n\n\n<p class=\"wp-block-paragraph\">V. proporcionar ao bolsista, orientado por docente qualificado, a aprendizagem de t\u00e9cnicas e m\u00e9todos de pesquisa tecnol\u00f3gica, bem como estimular o desenvolvimento do pensar tecnol\u00f3gico e da criatividade, decorrentes das condi\u00e7\u00f5es criadas pelo confronto direto com os problemas de pesquisa.<\/p>\n\n\n\n<p class=\"wp-block-paragraph\">Devido ao perfil diferenciado dos Projetos de Inicia\u00e7\u00e3o Tecnol\u00f3gica e Inova\u00e7\u00e3o, em rela\u00e7\u00e3o aos Projetos de Inicia\u00e7\u00e3o Cient\u00edfica, tornou-se necess\u00e1ria a organiza\u00e7\u00e3o de um evento paralelo ao Encontro Anual de Inicia\u00e7\u00e3o Cient\u00edfica &#8211; EAIC que contemplasse tais projetos. Foi idealizado, ent\u00e3o, o evento denominado Encontro Anual de Inicia\u00e7\u00e3o Tecnol\u00f3gica e Inova\u00e7\u00e3o \u2013 EAITI.<\/p>\n\n\n\n<p class=\"wp-block-paragraph\">O evento \u00e9 fruto do esfor\u00e7o conjunto da Universidade Estadual de Maring\u00e1 (UEM), Universidade Estadual de Ponta Grossa (UEPG), Universidade Estadual de Londrina (UEL), Universidade Estadual do Centro-Oeste (UNICENTRO) e Universidade Estadual do Norte do Paran\u00e1 (UENP).<\/p>\n\n\n\n<p class=\"wp-block-paragraph\"><strong>Hist\u00f3rico de realiza\u00e7\u00e3o do EAITI<\/strong><\/p>\n\n\n\n<p class=\"wp-block-paragraph\"><strong>2026 &#8211; XVI EAITI&nbsp;<\/strong>&#8211; UEL: 26 e 27 de novembro (evento presencial)<\/p>\n\n\n\n<p class=\"wp-block-paragraph\"><strong>Informa\u00e7\u00f5es:<\/strong><\/p>\n\n\n\n<ul class=\"wp-block-list\">\n<li>Inscri\u00e7\u00f5es para bolsistas apresentadores: 17\/08 a 28\/09\/2026<\/li>\n\n\n\n<li>Site para inscri\u00e7\u00f5es e informa\u00e7\u00f5es:\u00a0<a href=\"https:\/\/www.sistemasweb.uel.br\/index.php?contents=system\/insc\/index.php&amp;pagina=view\/inscricoes\/seleciona_evento.php&amp;cod_evento=12195\" target=\"_blank\" rel=\"noopener\">https:\/\/www.sistemasweb.uel.br\/index.php?contents=system\/insc\/index.php&amp;pagina=view\/inscricoes\/seleciona_evento.php&amp;cod_evento=12195<\/a><\/li>\n\n\n\n<li>E-mail do evento:\u00a0<a href=\"mailto:eaiti@uel.br\">eaiti@uel.br<\/a><\/li>\n\n\n\n<li>Telefone do evento:\u00a043 9153-4914<\/li>\n<\/ul>\n\n\n\n<p class=\"wp-block-paragraph\"><strong>2025 &#8211; XV EAITI&nbsp;<\/strong>&#8211; Uenp &#8211; 27 e 28 de novembro (evento presencial)<\/p>\n\n\n\n<p class=\"wp-block-paragraph\"><strong>Informa\u00e7\u00f5es:<\/strong>&nbsp;<a href=\"https:\/\/sge.uenp.edu.br\/site\/eaiti15\/2025\/1\" target=\"_blank\" rel=\"noopener\">Site do evento<\/a><em><\/em><\/p>\n\n\n\n<p class=\"wp-block-paragraph\"><strong>2024 &#8211; XIV EAITI&nbsp;<\/strong>&#8211; Unicentro &#8211; 28 e 29 de novembro (evento presencial)<em><\/em><\/p>\n\n\n\n<p class=\"wp-block-paragraph\"><strong>Informa\u00e7\u00f5es:<\/strong>&nbsp;<a href=\"https:\/\/evento.unicentro.br\/site\/eaiti\/2024\/1\" target=\"_blank\" rel=\"noopener\">Site do evento<\/a><\/p>\n\n\n\n<p class=\"wp-block-paragraph\"><strong>2023 &#8211; XIII EAITI&nbsp;<\/strong>&#8211; UEM &#8211; 30 de novembro e 1\u00ba de dezembro (evento presencial)<em><\/em><\/p>\n\n\n\n<p class=\"wp-block-paragraph\"><strong>Informa\u00e7\u00f5es:<\/strong>&nbsp;<a href=\"http:\/\/www.eaiti.uem.br\/eaiti2023\/portal\/\" target=\"_blank\" rel=\"noopener\">Site do evento<\/a><\/p>\n\n\n\n<p class=\"wp-block-paragraph\"><strong>2022 &#8211; XII EAITI&nbsp;<\/strong>&#8211; UEPG &#8211; 07 e 08 de dezembro (evento presencial)<em><\/em><\/p>\n\n\n\n<p class=\"wp-block-paragraph\"><strong>Informa\u00e7\u00f5es:<\/strong>&nbsp;<a href=\"https:\/\/siseve.apps.uepg.br\/pt_BR\/eaiti2022\" target=\"_blank\" rel=\"noopener\">Site do evento<\/a><\/p>\n\n\n\n<p class=\"wp-block-paragraph\"><strong>2021 &#8211; XI EAITI<\/strong>&nbsp;&#8211; UEL &#8211; 02 e 03 de dezembro (evento remoto)<\/p>\n\n\n\n<p class=\"wp-block-paragraph\"><strong>Informa\u00e7\u00f5es:<\/strong>&nbsp;<a href=\"http:\/\/www.uel.br\/eventos\/eaiti\/eaiti2021\/\" target=\"_blank\" rel=\"noopener\">Site do evento<\/a><\/p>\n\n\n\n<p class=\"wp-block-paragraph\"><strong>2020 &#8211; X EAITI&nbsp;<\/strong>&#8211; Uenp &#8211; 08 e 09 de dezembro (evento remoto)<\/p>\n\n\n\n<p class=\"wp-block-paragraph\"><strong>Informa\u00e7\u00f5es:<\/strong>&nbsp;<a href=\"http:\/\/eaiti.uenp.edu.br\/\" target=\"_blank\" rel=\"noopener\">Site do evento<\/a><\/p>\n\n\n\n<p class=\"wp-block-paragraph\"><strong>2019 &#8211; IX EAITI &#8211;&nbsp;<\/strong>Unicentro &#8211; Guarapuava &#8211; PR &#8211; 07 e 08 de novembro<\/p>\n\n\n\n<p class=\"wp-block-paragraph\"><strong>Informa\u00e7\u00f5es:&nbsp;<\/strong><a href=\"https:\/\/evento.unicentro.br\/site\/eaiti\/2019\/1\" target=\"_blank\" rel=\"noopener\">Site do evento<\/a><\/p>\n\n\n\n<p class=\"wp-block-paragraph\"><strong>2018 &#8211; VIII EAITI &#8211;&nbsp;<\/strong>UEM &#8211; Maring\u00e1 &#8211; PR &#8211; 13 e 14 de setembro<\/p>\n\n\n\n<p class=\"wp-block-paragraph\"><strong>Informa\u00e7\u00f5es:&nbsp;<\/strong><a href=\"http:\/\/www.eaiti.uem.br\/\">Site do evento<\/a><\/p>\n\n\n\n<p class=\"wp-block-paragraph\"><strong>2017 &#8211; VII EAITI<\/strong>&nbsp;&#8211; UEPG &#8211; Ponta Grossa &#8211; PR &#8211; 09 e 10 de novembro<\/p>\n\n\n\n<p class=\"wp-block-paragraph\"><strong>Informa\u00e7\u00f5es:&nbsp;<a href=\"http:\/\/www.eaiti.uem.br\/\" target=\"_blank\" rel=\"noopener\">Site do evento<\/a><\/strong><\/p>\n\n\n\n<p class=\"wp-block-paragraph\"><strong>2016 &#8211; VI EAITI<\/strong>&nbsp;&#8211; UEL &#8211; Londrina &#8211; PR &#8211; 24 e 25 de outubro<\/p>\n\n\n\n<p class=\"wp-block-paragraph\"><strong>Informa\u00e7\u00f5es:&nbsp;<\/strong><a href=\"http:\/\/www.uel.br\/eventos\/eaiti\/eaiti2016\/portal\/\" target=\"_blank\" rel=\"noopener\">Site do evento<\/a><strong><\/strong><\/p>\n\n\n\n<p class=\"wp-block-paragraph\"><strong>2015 &#8211; V EAITI<\/strong>&nbsp;&#8211; UENP &#8211; Bandeirantes &#8211; PR &#8211; 05 e 06 de novembro<\/p>\n\n\n\n<p class=\"wp-block-paragraph\"><strong>Informa\u00e7\u00f5es:<\/strong>&nbsp;<a href=\"http:\/\/www.eventos.uenp.edu.br\/eaiti\" target=\"_blank\" rel=\"noopener\">Site do evento<\/a><\/p>\n\n\n\n<p class=\"wp-block-paragraph\"><strong>2014 &#8211; IV EAITI<\/strong>&nbsp;&#8211; (Junto ao XXIII EAIC) &#8211; Unicentro &#8211; Guarapuava &#8211; PR &#8211; 30 e 31 de outubro&nbsp;<\/p>\n\n\n\n<p class=\"wp-block-paragraph\"><strong>Informa\u00e7\u00f5es:&nbsp;<\/strong><a href=\"http:\/\/anais.unicentro.br\/eaiti\/\" target=\"_blank\" rel=\"noopener\">Site do evento<\/a><\/p>\n\n\n\n<p class=\"wp-block-paragraph\"><strong>2013 &#8211; III EAITI<\/strong>&nbsp;(Junto ao XXII EAIC) &#8211; Unioeste &#8211; Foz do Igua\u00e7u &#8211; PR &#8211; 06, 07 e 08 de novembro&nbsp;<\/p>\n\n\n\n<p class=\"wp-block-paragraph\"><strong>Informa\u00e7\u00f5es:&nbsp;<\/strong><a href=\"http:\/\/200.201.88.178\/portal\/\" target=\"_blank\" rel=\"noopener\">Site do evento<\/a><\/p>\n\n\n\n<p class=\"wp-block-paragraph\"><strong>2012 &#8211; II EAITI<\/strong>&nbsp;(Junto ao XXI EAIC) &#8211; UEM &#8211; Maring\u00e1 &#8211; PR &#8211; 09, 10 e 11 de outubro&nbsp;<\/p>\n\n\n\n<p class=\"wp-block-paragraph\"><strong>Informa\u00e7\u00f5es:&nbsp;<\/strong><a href=\"http:\/\/www.eaic.uem.br\/eaic2012\/portal\/\" target=\"_blank\" rel=\"noopener\">Site do evento<\/a><\/p>\n\n\n\n<p class=\"wp-block-paragraph\"><strong>2011 &#8211; I EAITI<\/strong>&nbsp;(Junto ao XX EAIC) &#8211; UEPG &#8211; Ponta Grossa &#8211; PR &#8211; 20, 21 e 22 de outubro&nbsp;<\/p>\n\n\n\n<p class=\"wp-block-paragraph\"><strong>Informa\u00e7\u00f5es:&nbsp;<\/strong><a href=\"http:\/\/eventos.uepg.br\/eaic\/portal\/\" target=\"_blank\" rel=\"noopener\">Site do evento<\/a><\/p>\n","protected":false},"excerpt":{"rendered":"<p>EAITI &#8211; Encontro Anual de Inicia\u00e7\u00e3o Tecnol\u00f3gica e Inova\u00e7\u00e3o O Encontro Anual de Inicia\u00e7\u00e3o Tecnol\u00f3gica e Inova\u00e7\u00e3o (EAITI) tem por objetivo divulgar os trabalhos tecnol\u00f3gicos desenvolvidos pelos discentes participantes do Programa Institucional de Bolsas de Inicia\u00e7\u00e3o em Desenvolvimento Tecnol\u00f3gico e Inova\u00e7\u00e3o \u2013 PIBITI, das Institui\u00e7\u00f5es de Ensino Superior do Paran\u00e1 e promover o di\u00e1logo entre [&hellip;]<\/p>\n","protected":false},"author":6,"featured_media":0,"parent":0,"menu_order":0,"comment_status":"closed","ping_status":"closed","template":"","meta":{"_acf_changed":false,"footnotes":"","_members_access_role":[],"_members_access_error":""},"class_list":["post-51","page","type-page","status-publish","hentry"],"acf":[],"_links":{"self":[{"href":"https:\/\/eventos.uel.br\/eaiti\/wp-json\/wp\/v2\/pages\/51","targetHints":{"allow":["GET"]}}],"collection":[{"href":"https:\/\/eventos.uel.br\/eaiti\/wp-json\/wp\/v2\/pages"}],"about":[{"href":"https:\/\/eventos.uel.br\/eaiti\/wp-json\/wp\/v2\/types\/page"}],"author":[{"embeddable":true,"href":"https:\/\/eventos.uel.br\/eaiti\/wp-json\/wp\/v2\/users\/6"}],"replies":[{"embeddable":true,"href":"https:\/\/eventos.uel.br\/eaiti\/wp-json\/wp\/v2\/comments?post=51"}],"version-history":[{"count":2,"href":"https:\/\/eventos.uel.br\/eaiti\/wp-json\/wp\/v2\/pages\/51\/revisions"}],"predecessor-version":[{"id":53,"href":"https:\/\/eventos.uel.br\/eaiti\/wp-json\/wp\/v2\/pages\/51\/revisions\/53"}],"wp:attachment":[{"href":"https:\/\/eventos.uel.br\/eaiti\/wp-json\/wp\/v2\/media?parent=51"}],"curies":[{"name":"wp","href":"https:\/\/api.w.org\/{rel}","templated":true}]}}

<hr class="wp-block-separator has-text-color has-verde-escuro-color has-alpha-channel-opacity has-verde-escuro-background-color has-background is-style-wide"/>



<p class="wp-block-paragraph"><strong>EAITI &#8211; Encontro Anual de Iniciação Tecnológica e Inovação</strong></p>



<p class="wp-block-paragraph">O Encontro Anual de Iniciação Tecnológica e Inovação (EAITI) tem por objetivo divulgar os trabalhos tecnológicos desenvolvidos pelos discentes participantes do Programa Institucional de Bolsas de Iniciação em Desenvolvimento Tecnológico e Inovação – PIBITI, das Instituições de Ensino Superior do Paraná e promover o diálogo entre os pesquisadores.</p>



<p class="wp-block-paragraph">O Programa Institucional de Bolsas de Iniciação em Desenvolvimento Tecnológico e Inovação – PIBITI, além de estimular estudantes do Ensino Superior ao desenvolvimento e transferência de novas tecnologias, visa:</p>



<p class="wp-block-paragraph">I. Contribuir para a formação e o engajamento de recursos humanos em atividades de pesquisa, desenvolvimento tecnológico e inovação, que se dedicarão ao fortalecimento da capacidade inovadora das empresas no País, sob orientação de docentes qualificados;</p>



<p class="wp-block-paragraph">II. incentivar e aprimorar a política institucional de iniciação em atividades de desenvolvimento tecnológico e inovação;</p>



<p class="wp-block-paragraph">III. possibilitar maior interação entre atividades de desenvolvimento tecnológico e inovação desenvolvidas na graduação e na pós-graduação;</p>



<p class="wp-block-paragraph">IV. estimular docentes produtivos a envolverem estudantes do ensino superior em atividades de desenvolvimento tecnológico e inovação;</p>



<p class="wp-block-paragraph">V. proporcionar ao bolsista, orientado por docente qualificado, a aprendizagem de técnicas e métodos de pesquisa tecnológica, bem como estimular o desenvolvimento do pensar tecnológico e da criatividade, decorrentes das condições criadas pelo confronto direto com os problemas de pesquisa.</p>



<p class="wp-block-paragraph">Devido ao perfil diferenciado dos Projetos de Iniciação Tecnológica e Inovação, em relação aos Projetos de Iniciação Científica, tornou-se necessária a organização de um evento paralelo ao Encontro Anual de Iniciação Científica &#8211; EAIC que contemplasse tais projetos. Foi idealizado, então, o evento denominado Encontro Anual de Iniciação Tecnológica e Inovação – EAITI.</p>



<p class="wp-block-paragraph">O evento é fruto do esforço conjunto da Universidade Estadual de Maringá (UEM), Universidade Estadual de Ponta Grossa (UEPG), Universidade Estadual de Londrina (UEL), Universidade Estadual do Centro-Oeste (UNICENTRO) e Universidade Estadual do Norte do Paraná (UENP).</p>



<p class="wp-block-paragraph"><strong>Histórico de realização do EAITI</strong></p>



<p class="wp-block-paragraph"><strong>2026 &#8211; XVI EAITI&nbsp;</strong>&#8211; UEL: 26 e 27 de novembro (evento presencial)</p>



<p class="wp-block-paragraph"><strong>Informações:</strong></p>



<ul class="wp-block-list">
<li>Inscrições para bolsistas apresentadores: 17/08 a 28/09/2026</li>



<li>Site para inscrições e informações: <a href="https://www.sistemasweb.uel.br/index.php?contents=system/insc/index.php&amp;pagina=view/inscricoes/seleciona_evento.php&amp;cod_evento=12195" target="_blank" rel="noopener">https://www.sistemasweb.uel.br/index.php?contents=system/insc/index.php&amp;pagina=view/inscricoes/seleciona_evento.php&amp;cod_evento=12195</a></li>



<li>E-mail do evento: <a href="mailto:eaiti@uel.br">eaiti@uel.br</a></li>



<li>Telefone do evento: 43 9153-4914</li>
</ul>



<p class="wp-block-paragraph"><strong>2025 &#8211; XV EAITI&nbsp;</strong>&#8211; Uenp &#8211; 27 e 28 de novembro (evento presencial)</p>



<p class="wp-block-paragraph"><strong>Informações:</strong>&nbsp;<a href="https://sge.uenp.edu.br/site/eaiti15/2025/1" target="_blank" rel="noopener">Site do evento</a><em></em></p>



<p class="wp-block-paragraph"><strong>2024 &#8211; XIV EAITI&nbsp;</strong>&#8211; Unicentro &#8211; 28 e 29 de novembro (evento presencial)<em></em></p>



<p class="wp-block-paragraph"><strong>Informações:</strong>&nbsp;<a href="https://evento.unicentro.br/site/eaiti/2024/1" target="_blank" rel="noopener">Site do evento</a></p>



<p class="wp-block-paragraph"><strong>2023 &#8211; XIII EAITI&nbsp;</strong>&#8211; UEM &#8211; 30 de novembro e 1º de dezembro (evento presencial)<em></em></p>



<p class="wp-block-paragraph"><strong>Informações:</strong>&nbsp;<a href="http://www.eaiti.uem.br/eaiti2023/portal/" target="_blank" rel="noopener">Site do evento</a></p>



<p class="wp-block-paragraph"><strong>2022 &#8211; XII EAITI&nbsp;</strong>&#8211; UEPG &#8211; 07 e 08 de dezembro (evento presencial)<em></em></p>



<p class="wp-block-paragraph"><strong>Informações:</strong>&nbsp;<a href="https://siseve.apps.uepg.br/pt_BR/eaiti2022" target="_blank" rel="noopener">Site do evento</a></p>



<p class="wp-block-paragraph"><strong>2021 &#8211; XI EAITI</strong>&nbsp;&#8211; UEL &#8211; 02 e 03 de dezembro (evento remoto)</p>



<p class="wp-block-paragraph"><strong>Informações:</strong>&nbsp;<a href="http://www.uel.br/eventos/eaiti/eaiti2021/" target="_blank" rel="noopener">Site do evento</a></p>



<p class="wp-block-paragraph"><strong>2020 &#8211; X EAITI&nbsp;</strong>&#8211; Uenp &#8211; 08 e 09 de dezembro (evento remoto)</p>



<p class="wp-block-paragraph"><strong>Informações:</strong>&nbsp;<a href="http://eaiti.uenp.edu.br/" target="_blank" rel="noopener">Site do evento</a></p>



<p class="wp-block-paragraph"><strong>2019 &#8211; IX EAITI &#8211;&nbsp;</strong>Unicentro &#8211; Guarapuava &#8211; PR &#8211; 07 e 08 de novembro</p>



<p class="wp-block-paragraph"><strong>Informações:&nbsp;</strong><a href="https://evento.unicentro.br/site/eaiti/2019/1" target="_blank" rel="noopener">Site do evento</a></p>



<p class="wp-block-paragraph"><strong>2018 &#8211; VIII EAITI &#8211;&nbsp;</strong>UEM &#8211; Maringá &#8211; PR &#8211; 13 e 14 de setembro</p>



<p class="wp-block-paragraph"><strong>Informações:&nbsp;</strong><a href="http://www.eaiti.uem.br/">Site do evento</a></p>



<p class="wp-block-paragraph"><strong>2017 &#8211; VII EAITI</strong>&nbsp;&#8211; UEPG &#8211; Ponta Grossa &#8211; PR &#8211; 09 e 10 de novembro</p>



<p class="wp-block-paragraph"><strong>Informações:&nbsp;<a href="http://www.eaiti.uem.br/" target="_blank" rel="noopener">Site do evento</a></strong></p>



<p class="wp-block-paragraph"><strong>2016 &#8211; VI EAITI</strong>&nbsp;&#8211; UEL &#8211; Londrina &#8211; PR &#8211; 24 e 25 de outubro</p>



<p class="wp-block-paragraph"><strong>Informações:&nbsp;</strong><a href="http://www.uel.br/eventos/eaiti/eaiti2016/portal/" target="_blank" rel="noopener">Site do evento</a><strong></strong></p>



<p class="wp-block-paragraph"><strong>2015 &#8211; V EAITI</strong>&nbsp;&#8211; UENP &#8211; Bandeirantes &#8211; PR &#8211; 05 e 06 de novembro</p>



<p class="wp-block-paragraph"><strong>Informações:</strong>&nbsp;<a href="http://www.eventos.uenp.edu.br/eaiti" target="_blank" rel="noopener">Site do evento</a></p>



<p class="wp-block-paragraph"><strong>2014 &#8211; IV EAITI</strong>&nbsp;&#8211; (Junto ao XXIII EAIC) &#8211; Unicentro &#8211; Guarapuava &#8211; PR &#8211; 30 e 31 de outubro&nbsp;</p>



<p class="wp-block-paragraph"><strong>Informações:&nbsp;</strong><a href="http://anais.unicentro.br/eaiti/" target="_blank" rel="noopener">Site do evento</a></p>



<p class="wp-block-paragraph"><strong>2013 &#8211; III EAITI</strong>&nbsp;(Junto ao XXII EAIC) &#8211; Unioeste &#8211; Foz do Iguaçu &#8211; PR &#8211; 06, 07 e 08 de novembro&nbsp;</p>



<p class="wp-block-paragraph"><strong>Informações:&nbsp;</strong><a href="http://200.201.88.178/portal/" target="_blank" rel="noopener">Site do evento</a></p>



<p class="wp-block-paragraph"><strong>2012 &#8211; II EAITI</strong>&nbsp;(Junto ao XXI EAIC) &#8211; UEM &#8211; Maringá &#8211; PR &#8211; 09, 10 e 11 de outubro&nbsp;</p>



<p class="wp-block-paragraph"><strong>Informações:&nbsp;</strong><a href="http://www.eaic.uem.br/eaic2012/portal/" target="_blank" rel="noopener">Site do evento</a></p>



<p class="wp-block-paragraph"><strong>2011 &#8211; I EAITI</strong>&nbsp;(Junto ao XX EAIC) &#8211; UEPG &#8211; Ponta Grossa &#8211; PR &#8211; 20, 21 e 22 de outubro&nbsp;</p>



<p class="wp-block-paragraph"><strong>Informações:&nbsp;</strong><a href="http://eventos.uepg.br/eaic/portal/" target="_blank" rel="noopener">Site do evento</a></p>

<p>EAITI &#8211; Encontro Anual de Iniciação Tecnológica e Inovação O Encontro Anual de Iniciação Tecnológica e Inovação (EAITI) tem por objetivo divulgar os trabalhos tecnológicos desenvolvidos pelos discentes participantes do Programa Institucional de Bolsas de Iniciação em Desenvolvimento Tecnológico e Inovação – PIBITI, das Instituições de Ensino Superior do Paraná e promover o diálogo entre [&hellip;]</p>
