{"id":41,"date":"2026-08-21T09:48:28","date_gmt":"2026-08-21T12:48:28","guid":{"rendered":"https:\/\/eventos.uel.br\/eaiti\/?page_id=41"},"modified":"2026-08-21T14:14:01","modified_gmt":"2026-08-21T17:14:01","slug":"sobre-o-evento","status":"publish","type":"page","link":"https:\/\/eventos.uel.br\/eaiti\/","title":{"rendered":"Sobre o evento"},"content":{"rendered":"\n<p class=\"wp-block-paragraph\">O <strong>Encontro Anual de Inicia\u00e7\u00e3o Tecnol\u00f3gica e Inova\u00e7\u00e3o (EAITI)<\/strong> \u00e9 um evento que celebra a pesquisa, a criatividade e o desenvolvimento de solu\u00e7\u00f5es inovadoras produzidas por estudantes de gradua\u00e7\u00e3o das Institui\u00e7\u00f5es de Ensino Superior (IES) Estaduais do Paran\u00e1.<br><br>Realizado anualmente de forma integrada, o EAITI re\u00fane estudantes, pesquisadores, professores e a comunidade acad\u00eamica para compartilhar experi\u00eancias, apresentar resultados e fortalecer a cultura da <strong>inicia\u00e7\u00e3o tecnol\u00f3gica e da inova\u00e7\u00e3o<\/strong> no ambiente universit\u00e1rio.<br><br>Em <strong>2026, a Universidade Estadual de Londrina (UEL) sediar\u00e1 o XVI Encontro Anual de Inicia\u00e7\u00e3o Tecnol\u00f3gica e Inova\u00e7\u00e3o<\/strong>, nos dias <strong>26 e 27 de novembro de 2026<\/strong>.<\/p>\n\n\n\n<p class=\"wp-block-paragraph\"><strong>Tecnologia, inova\u00e7\u00e3o e forma\u00e7\u00e3o acad\u00eamica<\/strong><\/p>\n\n\n\n<p class=\"wp-block-paragraph\">O EAITI est\u00e1 diretamente relacionado ao <strong>Programa Institucional de Inicia\u00e7\u00e3o em Desenvolvimento Tecnol\u00f3gico e Inova\u00e7\u00e3o (PROITI\/PIBITI)<\/strong>, que possibilita a participa\u00e7\u00e3o de estudantes de gradua\u00e7\u00e3o em projetos voltados ao desenvolvimento tecnol\u00f3gico, \u00e0 inova\u00e7\u00e3o e \u00e0 gera\u00e7\u00e3o de novos conhecimentos e solu\u00e7\u00f5es.<\/p>\n\n\n\n<p class=\"wp-block-paragraph\">O <strong>PIBITI \u2014 Programa Institucional de Bolsas de Inicia\u00e7\u00e3o em Desenvolvimento Tecnol\u00f3gico e Inova\u00e7\u00e3o<\/strong>, mantido pelo CNPq, tem como prop\u00f3sito inserir estudantes de gradua\u00e7\u00e3o em atividades de pesquisa, desenvolvimento tecnol\u00f3gico e inova\u00e7\u00e3o, contribuindo para sua forma\u00e7\u00e3o acad\u00eamica e profissional.<\/p>\n\n\n\n<p class=\"wp-block-paragraph\">Mais do que apresentar resultados, o EAITI proporciona aos estudantes a oportunidade de <strong>compartilhar ideias, trocar experi\u00eancias e estabelecer di\u00e1logos com outros estudantes, pesquisadores e professores<\/strong>, ampliando sua vis\u00e3o sobre ci\u00eancia, tecnologia e inova\u00e7\u00e3o.<\/p>\n\n\n\n<p class=\"wp-block-paragraph\"><strong>Um encontro que conecta universidades e pessoas<\/strong><\/p>\n\n\n\n<p class=\"wp-block-paragraph\">O evento \u00e9 resultado do esfor\u00e7o conjunto das cinco Universidades Estaduais do Paran\u00e1:<\/p>\n\n\n\n<ul class=\"wp-block-list\">\n<li><strong>Universidade Estadual de Londrina (UEL)<\/strong><\/li>\n\n\n\n<li><strong>Universidade Estadual de Maring\u00e1 (UEM)<\/strong><\/li>\n\n\n\n<li><strong>Universidade Estadual do Centro-Oeste (UNICENTRO)<\/strong><\/li>\n\n\n\n<li><strong>Universidade Estadual de Ponta Grossa (UEPG)<\/strong><\/li>\n\n\n\n<li><strong>Universidade Estadual do Norte do Paran\u00e1 (UENP)<\/strong><\/li>\n<\/ul>\n\n\n\n<p class=\"wp-block-paragraph\">Essa integra\u00e7\u00e3o fortalece a pesquisa e a inova\u00e7\u00e3o desenvolvidas nas institui\u00e7\u00f5es e cria um espa\u00e7o de di\u00e1logo entre diferentes \u00e1reas do conhecimento, experi\u00eancias e perspectivas.<\/p>\n\n\n\n<p class=\"wp-block-paragraph\"><\/p>\n","protected":false},"excerpt":{"rendered":"<p>O Encontro Anual de Inicia\u00e7\u00e3o Tecnol\u00f3gica e Inova\u00e7\u00e3o (EAITI) \u00e9 um evento que celebra a pesquisa, a criatividade e o desenvolvimento de solu\u00e7\u00f5es inovadoras produzidas por estudantes de gradua\u00e7\u00e3o das Institui\u00e7\u00f5es de Ensino Superior (IES) Estaduais do Paran\u00e1. Realizado anualmente de forma integrada, o EAITI re\u00fane estudantes, pesquisadores, professores e a comunidade acad\u00eamica para compartilhar [&hellip;]<\/p>\n","protected":false},"author":6,"featured_media":0,"parent":0,"menu_order":0,"comment_status":"closed","ping_status":"closed","template":"template-pages\/template-evento.php","meta":{"_acf_changed":false,"footnotes":"","_members_access_role":[],"_members_access_error":""},"class_list":["post-41","page","type-page","status-publish","hentry"],"acf":[],"_links":{"self":[{"href":"https:\/\/eventos.uel.br\/eaiti\/wp-json\/wp\/v2\/pages\/41","targetHints":{"allow":["GET"]}}],"collection":[{"href":"https:\/\/eventos.uel.br\/eaiti\/wp-json\/wp\/v2\/pages"}],"about":[{"href":"https:\/\/eventos.uel.br\/eaiti\/wp-json\/wp\/v2\/types\/page"}],"author":[{"embeddable":true,"href":"https:\/\/eventos.uel.br\/eaiti\/wp-json\/wp\/v2\/users\/6"}],"replies":[{"embeddable":true,"href":"https:\/\/eventos.uel.br\/eaiti\/wp-json\/wp\/v2\/comments?post=41"}],"version-history":[{"count":3,"href":"https:\/\/eventos.uel.br\/eaiti\/wp-json\/wp\/v2\/pages\/41\/revisions"}],"predecessor-version":[{"id":66,"href":"https:\/\/eventos.uel.br\/eaiti\/wp-json\/wp\/v2\/pages\/41\/revisions\/66"}],"wp:attachment":[{"href":"https:\/\/eventos.uel.br\/eaiti\/wp-json\/wp\/v2\/media?parent=41"}],"curies":[{"name":"wp","href":"https:\/\/api.w.org\/{rel}","templated":true}]}}

<p class="wp-block-paragraph">O <strong>Encontro Anual de Iniciação Tecnológica e Inovação (EAITI)</strong> é um evento que celebra a pesquisa, a criatividade e o desenvolvimento de soluções inovadoras produzidas por estudantes de graduação das Instituições de Ensino Superior (IES) Estaduais do Paraná.<br><br>Realizado anualmente de forma integrada, o EAITI reúne estudantes, pesquisadores, professores e a comunidade acadêmica para compartilhar experiências, apresentar resultados e fortalecer a cultura da <strong>iniciação tecnológica e da inovação</strong> no ambiente universitário.<br><br>Em <strong>2026, a Universidade Estadual de Londrina (UEL) sediará o XVI Encontro Anual de Iniciação Tecnológica e Inovação</strong>, nos dias <strong>26 e 27 de novembro de 2026</strong>.</p>



<p class="wp-block-paragraph"><strong>Tecnologia, inovação e formação acadêmica</strong></p>



<p class="wp-block-paragraph">O EAITI está diretamente relacionado ao <strong>Programa Institucional de Iniciação em Desenvolvimento Tecnológico e Inovação (PROITI/PIBITI)</strong>, que possibilita a participação de estudantes de graduação em projetos voltados ao desenvolvimento tecnológico, à inovação e à geração de novos conhecimentos e soluções.</p>



<p class="wp-block-paragraph">O <strong>PIBITI — Programa Institucional de Bolsas de Iniciação em Desenvolvimento Tecnológico e Inovação</strong>, mantido pelo CNPq, tem como propósito inserir estudantes de graduação em atividades de pesquisa, desenvolvimento tecnológico e inovação, contribuindo para sua formação acadêmica e profissional.</p>



<p class="wp-block-paragraph">Mais do que apresentar resultados, o EAITI proporciona aos estudantes a oportunidade de <strong>compartilhar ideias, trocar experiências e estabelecer diálogos com outros estudantes, pesquisadores e professores</strong>, ampliando sua visão sobre ciência, tecnologia e inovação.</p>



<p class="wp-block-paragraph"><strong>Um encontro que conecta universidades e pessoas</strong></p>



<p class="wp-block-paragraph">O evento é resultado do esforço conjunto das cinco Universidades Estaduais do Paraná:</p>



<ul class="wp-block-list">
<li><strong>Universidade Estadual de Londrina (UEL)</strong></li>



<li><strong>Universidade Estadual de Maringá (UEM)</strong></li>



<li><strong>Universidade Estadual do Centro-Oeste (UNICENTRO)</strong></li>



<li><strong>Universidade Estadual de Ponta Grossa (UEPG)</strong></li>



<li><strong>Universidade Estadual do Norte do Paraná (UENP)</strong></li>
</ul>



<p class="wp-block-paragraph">Essa integração fortalece a pesquisa e a inovação desenvolvidas nas instituições e cria um espaço de diálogo entre diferentes áreas do conhecimento, experiências e perspectivas.</p>



<p class="wp-block-paragraph"></p>

<p>O Encontro Anual de Iniciação Tecnológica e Inovação (EAITI) é um evento que celebra a pesquisa, a criatividade e o desenvolvimento de soluções inovadoras produzidas por estudantes de graduação das Instituições de Ensino Superior (IES) Estaduais do Paraná. Realizado anualmente de forma integrada, o EAITI reúne estudantes, pesquisadores, professores e a comunidade acadêmica para compartilhar [&hellip;]</p>
