{"id":20,"date":"2026-08-21T09:40:14","date_gmt":"2026-08-21T12:40:14","guid":{"rendered":"https:\/\/eventos.uel.br\/eaiti\/?page_id=20"},"modified":"2026-08-21T11:22:49","modified_gmt":"2026-08-21T14:22:49","slug":"inscricoes","status":"publish","type":"page","link":"https:\/\/eventos.uel.br\/eaiti\/inscricoes\/","title":{"rendered":"Inscri\u00e7\u00f5es"},"content":{"rendered":"\n<hr class=\"wp-block-separator has-text-color has-verde-escuro-color has-alpha-channel-opacity has-verde-escuro-background-color has-background is-style-wide\"\/>\n\n\n\n<figure class=\"wp-block-table\"><table class=\"has-fixed-layout\"><tbody><tr><td><a><br><\/a><strong>XVI ENCONTRO ANUAL DE INICIA\u00c7\u00c3O TECNOL\u00d3GICA E INOVA\u00c7\u00c3O (EAITI)<\/strong><br>e-mail:\u00a0eaiti@uel.br<br>fone: +55 43 9153-4914 \u00a0\u00a0\u00a0<br>Local: Universidade Estadual de Londrina<br><br><strong>Objetivo:\u00a0<\/strong>Ofertar aos alunos a oportunidade de apresentarem os resultados do trabalho desenvolvido na Inicia\u00e7\u00e3o Tecnol\u00f3gica, compartilhando sua experi\u00eancia com outros alunos de gradua\u00e7\u00e3o, p\u00f3s-gradua\u00e7\u00e3o e docentes das IES Estaduais do Paran\u00e1, e participarem de palestras sobre temas relacionados \u00e0 pesquisa cient\u00edfica e tecnol\u00f3gica. Proporcionar a comunidade a oportunidade de conhecer os trabalhos tecnol\u00f3gicos gerados pela UEL e demais IES Estaduais do Paran\u00e1. Disseminar resultados de pesquisa e inova\u00e7\u00e3o tecnol\u00f3gica desenvolvidas na modalidade Inicia\u00e7\u00e3o Tecnol\u00f3gica nas diferentes \u00e1reas de conhecimento da Universidade Estadual de Londrina e demais IES Estaduais do Paran\u00e1; &#8211; Estreitar o interc\u00e2mbio entre os pesquisadores envolvidos; &#8211; Fortalecer grupos de pesquisa dos diferentes centros de estudos envolvidos; &#8211; Estimular a participa\u00e7\u00e3o de estudantes da gradua\u00e7\u00e3o em projetos de desenvolvimento tecnol\u00f3gico assim como nos de pesquisa; &#8211; Apresentar diferentes ferramentas aplic\u00e1veis \u00e0 pesquisa cient\u00edfica e tecnol\u00f3gica de uma maneira geral; &#8211; Promover a troca de experi\u00eancias entre bolsistas de IT, p\u00f3s-graduandos e docentes.<br><br><strong>Per\u00edodo de Realiza\u00e7\u00e3o:\u00a0<\/strong>26\/11\/2026 a 27\/11\/2026<br><strong>Per\u00edodo de Inscri\u00e7\u00e3o:\u00a0<\/strong>17\/08\/2026 00:00 a 27\/11\/2026 12:00<br><br>Para fazer sua inscri\u00e7\u00e3o clique em <strong><a href=\"https:\/\/www.sistemasweb.uel.br\/index.php?contents=system\/insc\/index.php&amp;pagina=view\/inscricoes\/seleciona_evento.php&amp;cod_evento=12195\">saiba mais<\/a><\/strong>.<\/td><\/tr><\/tbody><\/table><\/figure>\n","protected":false},"excerpt":{"rendered":"<p>XVI ENCONTRO ANUAL DE INICIA\u00c7\u00c3O TECNOL\u00d3GICA E INOVA\u00c7\u00c3O (EAITI)e-mail:\u00a0eaiti@uel.brfone: +55 43 9153-4914 \u00a0\u00a0\u00a0Local: Universidade Estadual de Londrina Objetivo:\u00a0Ofertar aos alunos a oportunidade de apresentarem os resultados do trabalho desenvolvido na Inicia\u00e7\u00e3o Tecnol\u00f3gica, compartilhando sua experi\u00eancia com outros alunos de gradua\u00e7\u00e3o, p\u00f3s-gradua\u00e7\u00e3o e docentes das IES Estaduais do Paran\u00e1, e participarem de palestras sobre temas relacionados [&hellip;]<\/p>\n","protected":false},"author":6,"featured_media":0,"parent":0,"menu_order":0,"comment_status":"closed","ping_status":"closed","template":"","meta":{"_acf_changed":false,"footnotes":"","_members_access_role":[],"_members_access_error":""},"class_list":["post-20","page","type-page","status-publish","hentry"],"acf":[],"_links":{"self":[{"href":"https:\/\/eventos.uel.br\/eaiti\/wp-json\/wp\/v2\/pages\/20","targetHints":{"allow":["GET"]}}],"collection":[{"href":"https:\/\/eventos.uel.br\/eaiti\/wp-json\/wp\/v2\/pages"}],"about":[{"href":"https:\/\/eventos.uel.br\/eaiti\/wp-json\/wp\/v2\/types\/page"}],"author":[{"embeddable":true,"href":"https:\/\/eventos.uel.br\/eaiti\/wp-json\/wp\/v2\/users\/6"}],"replies":[{"embeddable":true,"href":"https:\/\/eventos.uel.br\/eaiti\/wp-json\/wp\/v2\/comments?post=20"}],"version-history":[{"count":3,"href":"https:\/\/eventos.uel.br\/eaiti\/wp-json\/wp\/v2\/pages\/20\/revisions"}],"predecessor-version":[{"id":58,"href":"https:\/\/eventos.uel.br\/eaiti\/wp-json\/wp\/v2\/pages\/20\/revisions\/58"}],"wp:attachment":[{"href":"https:\/\/eventos.uel.br\/eaiti\/wp-json\/wp\/v2\/media?parent=20"}],"curies":[{"name":"wp","href":"https:\/\/api.w.org\/{rel}","templated":true}]}}

Inscrições

<hr class="wp-block-separator has-text-color has-verde-escuro-color has-alpha-channel-opacity has-verde-escuro-background-color has-background is-style-wide"/>



<figure class="wp-block-table"><table class="has-fixed-layout"><tbody><tr><td><a><br></a><strong>XVI ENCONTRO ANUAL DE INICIAÇÃO TECNOLÓGICA E INOVAÇÃO (EAITI)</strong><br>e-mail: eaiti@uel.br<br>fone: +55 43 9153-4914    <br>Local: Universidade Estadual de Londrina<br><br><strong>Objetivo: </strong>Ofertar aos alunos a oportunidade de apresentarem os resultados do trabalho desenvolvido na Iniciação Tecnológica, compartilhando sua experiência com outros alunos de graduação, pós-graduação e docentes das IES Estaduais do Paraná, e participarem de palestras sobre temas relacionados à pesquisa científica e tecnológica. Proporcionar a comunidade a oportunidade de conhecer os trabalhos tecnológicos gerados pela UEL e demais IES Estaduais do Paraná. Disseminar resultados de pesquisa e inovação tecnológica desenvolvidas na modalidade Iniciação Tecnológica nas diferentes áreas de conhecimento da Universidade Estadual de Londrina e demais IES Estaduais do Paraná; &#8211; Estreitar o intercâmbio entre os pesquisadores envolvidos; &#8211; Fortalecer grupos de pesquisa dos diferentes centros de estudos envolvidos; &#8211; Estimular a participação de estudantes da graduação em projetos de desenvolvimento tecnológico assim como nos de pesquisa; &#8211; Apresentar diferentes ferramentas aplicáveis à pesquisa científica e tecnológica de uma maneira geral; &#8211; Promover a troca de experiências entre bolsistas de IT, pós-graduandos e docentes.<br><br><strong>Período de Realização: </strong>26/11/2026 a 27/11/2026<br><strong>Período de Inscrição: </strong>17/08/2026 00:00 a 27/11/2026 12:00<br><br>Para fazer sua inscrição clique em <strong><a href="https://www.sistemasweb.uel.br/index.php?contents=system/insc/index.php&amp;pagina=view/inscricoes/seleciona_evento.php&amp;cod_evento=12195">saiba mais</a></strong>.</td></tr></tbody></table></figure>

<p>XVI ENCONTRO ANUAL DE INICIAÇÃO TECNOLÓGICA E INOVAÇÃO (EAITI)e-mail: eaiti@uel.brfone: +55 43 9153-4914    Local: Universidade Estadual de Londrina Objetivo: Ofertar aos alunos a oportunidade de apresentarem os resultados do trabalho desenvolvido na Iniciação Tecnológica, compartilhando sua experiência com outros alunos de graduação, pós-graduação e docentes das IES Estaduais do Paraná, e participarem de palestras sobre temas relacionados [&hellip;]</p>
