{"id":89,"date":"2025-05-14T10:39:51","date_gmt":"2025-05-14T13:39:51","guid":{"rendered":"https:\/\/eventos.uel.br\/eaic\/?page_id=89"},"modified":"2026-07-30T17:24:17","modified_gmt":"2026-07-30T20:24:17","slug":"moderador-e-monitor","status":"publish","type":"page","link":"https:\/\/eventos.uel.br\/eaic\/moderador-e-monitor\/","title":{"rendered":"Moderador e Monitor"},"content":{"rendered":"\n<p class=\"wp-block-paragraph\"><strong>1) Moderadores (Alunos de P\u00f3s-gradua\u00e7\u00e3o)<\/strong><\/p>\n\n\n\n<p class=\"wp-block-paragraph\"><strong>2) Monitores (Alunos de gradua\u00e7\u00e3o ou p\u00f3s-gradua\u00e7\u00e3o)<\/strong><\/p>\n\n\n\n<p class=\"wp-block-paragraph\"><\/p>\n\n\n\n<div class=\"wp-block-columns is-layout-flex wp-container-core-columns-is-layout-8f761849 wp-block-columns-is-layout-flex\">\n<div class=\"wp-block-column is-layout-flow wp-block-column-is-layout-flow\"><\/div>\n<\/div>\n","protected":false},"excerpt":{"rendered":"<p>1) Moderadores (Alunos de P\u00f3s-gradua\u00e7\u00e3o) 2) Monitores (Alunos de gradua\u00e7\u00e3o ou p\u00f3s-gradua\u00e7\u00e3o)<\/p>\n","protected":false},"author":6,"featured_media":0,"parent":0,"menu_order":0,"comment_status":"closed","ping_status":"closed","template":"","meta":{"_acf_changed":false,"_themeisle_gutenberg_block_has_review":false,"footnotes":""},"class_list":["post-89","page","type-page","status-publish","hentry"],"acf":[],"_links":{"self":[{"href":"https:\/\/eventos.uel.br\/eaic\/wp-json\/wp\/v2\/pages\/89","targetHints":{"allow":["GET"]}}],"collection":[{"href":"https:\/\/eventos.uel.br\/eaic\/wp-json\/wp\/v2\/pages"}],"about":[{"href":"https:\/\/eventos.uel.br\/eaic\/wp-json\/wp\/v2\/types\/page"}],"author":[{"embeddable":true,"href":"https:\/\/eventos.uel.br\/eaic\/wp-json\/wp\/v2\/users\/6"}],"replies":[{"embeddable":true,"href":"https:\/\/eventos.uel.br\/eaic\/wp-json\/wp\/v2\/comments?post=89"}],"version-history":[{"count":10,"href":"https:\/\/eventos.uel.br\/eaic\/wp-json\/wp\/v2\/pages\/89\/revisions"}],"predecessor-version":[{"id":668,"href":"https:\/\/eventos.uel.br\/eaic\/wp-json\/wp\/v2\/pages\/89\/revisions\/668"}],"wp:attachment":[{"href":"https:\/\/eventos.uel.br\/eaic\/wp-json\/wp\/v2\/media?parent=89"}],"curies":[{"name":"wp","href":"https:\/\/api.w.org\/{rel}","templated":true}]}}

<p class="wp-block-paragraph"><strong>1) Moderadores (Alunos de Pós-graduação)</strong></p>



<p class="wp-block-paragraph"><strong>2) Monitores (Alunos de graduação ou pós-graduação)</strong></p>



<p class="wp-block-paragraph"></p>



<div class="wp-block-columns is-layout-flex wp-container-core-columns-is-layout-8f761849 wp-block-columns-is-layout-flex">
<div class="wp-block-column is-layout-flow wp-block-column-is-layout-flow"></div>
</div>

<p>1) Moderadores (Alunos de Pós-graduação) 2) Monitores (Alunos de graduação ou pós-graduação)</p>
