{"id":433,"date":"2025-08-28T13:08:40","date_gmt":"2025-08-28T16:08:40","guid":{"rendered":"https:\/\/eventos.uel.br\/eaic\/?page_id=433"},"modified":"2026-08-31T14:20:08","modified_gmt":"2026-08-31T17:20:08","slug":"mencao-honrosa","status":"publish","type":"page","link":"https:\/\/eventos.uel.br\/eaic\/mencao-honrosa\/","title":{"rendered":"Men\u00e7\u00e3o Honrosa"},"content":{"rendered":"\n<hr class=\"wp-block-separator has-text-color has-verde-escuro-color has-alpha-channel-opacity has-verde-escuro-background-color has-background is-style-wide\"\/>\n\n\n\n<p class=\"wp-block-paragraph\"><em><strong>Men\u00e7\u00e3o Honrosa por m\u00e9rito cient\u00edfico &#8211; EAIC 20<\/strong><\/em><strong><em>26<\/em><\/strong><\/p>\n\n\n\n<p class=\"wp-block-paragraph\"><em><strong>Men\u00e7\u00e3o Honrosa por m\u00e9rito cient\u00edfico &#8211; EAIC Jr 202<\/strong><\/em><strong><em>6<\/em><\/strong><\/p>\n\n\n\n<p class=\"wp-block-paragraph\"><a href=\"https:\/\/eventos.uel.br\/eaic\/wp-content\/uploads\/2026\/08\/carta_recomendacao_mencao-honrosa_EAIC2026.pdf\">Carta de Recomenda\u00e7\u00e3o para Men\u00e7\u00e3o Honrosa<\/a><\/p>\n\n\n\n<p class=\"wp-block-paragraph\"><\/p>\n","protected":false},"excerpt":{"rendered":"<p>Men\u00e7\u00e3o Honrosa por m\u00e9rito cient\u00edfico &#8211; EAIC 2026 Men\u00e7\u00e3o Honrosa por m\u00e9rito cient\u00edfico &#8211; EAIC Jr 2026 Carta de Recomenda\u00e7\u00e3o para Men\u00e7\u00e3o Honrosa<\/p>\n","protected":false},"author":7,"featured_media":0,"parent":0,"menu_order":0,"comment_status":"closed","ping_status":"closed","template":"","meta":{"_acf_changed":false,"_themeisle_gutenberg_block_has_review":false,"footnotes":""},"class_list":["post-433","page","type-page","status-publish","hentry"],"acf":[],"_links":{"self":[{"href":"https:\/\/eventos.uel.br\/eaic\/wp-json\/wp\/v2\/pages\/433","targetHints":{"allow":["GET"]}}],"collection":[{"href":"https:\/\/eventos.uel.br\/eaic\/wp-json\/wp\/v2\/pages"}],"about":[{"href":"https:\/\/eventos.uel.br\/eaic\/wp-json\/wp\/v2\/types\/page"}],"author":[{"embeddable":true,"href":"https:\/\/eventos.uel.br\/eaic\/wp-json\/wp\/v2\/users\/7"}],"replies":[{"embeddable":true,"href":"https:\/\/eventos.uel.br\/eaic\/wp-json\/wp\/v2\/comments?post=433"}],"version-history":[{"count":9,"href":"https:\/\/eventos.uel.br\/eaic\/wp-json\/wp\/v2\/pages\/433\/revisions"}],"predecessor-version":[{"id":759,"href":"https:\/\/eventos.uel.br\/eaic\/wp-json\/wp\/v2\/pages\/433\/revisions\/759"}],"wp:attachment":[{"href":"https:\/\/eventos.uel.br\/eaic\/wp-json\/wp\/v2\/media?parent=433"}],"curies":[{"name":"wp","href":"https:\/\/api.w.org\/{rel}","templated":true}]}}

Menção Honrosa

<hr class="wp-block-separator has-text-color has-verde-escuro-color has-alpha-channel-opacity has-verde-escuro-background-color has-background is-style-wide"/>



<p class="wp-block-paragraph"><em><strong>Menção Honrosa por mérito científico &#8211; EAIC 20</strong></em><strong><em>26</em></strong></p>



<p class="wp-block-paragraph"><em><strong>Menção Honrosa por mérito científico &#8211; EAIC Jr 202</strong></em><strong><em>6</em></strong></p>



<p class="wp-block-paragraph"><a href="https://eventos.uel.br/eaic/wp-content/uploads/2026/08/carta_recomendacao_mencao-honrosa_EAIC2026.pdf">Carta de Recomendação para Menção Honrosa</a></p>



<p class="wp-block-paragraph"></p>

<p>Menção Honrosa por mérito científico &#8211; EAIC 2026 Menção Honrosa por mérito científico &#8211; EAIC Jr 2026 Carta de Recomendação para Menção Honrosa</p>
