{"id":33,"date":"2025-05-12T11:34:31","date_gmt":"2025-05-12T14:34:31","guid":{"rendered":"https:\/\/eventos.uel.br\/eaic\/?page_id=33"},"modified":"2026-07-30T13:24:43","modified_gmt":"2026-07-30T16:24:43","slug":"sobre-o-evento","status":"publish","type":"page","link":"https:\/\/eventos.uel.br\/eaic\/","title":{"rendered":"Sobre o evento"},"content":{"rendered":"\n<p class=\"wp-block-paragraph\"><strong>O XXXV Encontro Anual de Inicia\u00e7\u00e3o Cient\u00edfica (EAIC) e o VII EAICjr<\/strong>&nbsp;s\u00e3o eventos promovidos pela Pr\u00f3-Reitoria de Pesquisa e P\u00f3s-Gradua\u00e7\u00e3o da Universidade Estadual de Londrina (PROPPG\/UEL). Re\u00fanem docentes orientadores, pesquisadores, p\u00f3s-graduandos, estudantes de gradua\u00e7\u00e3o e de ensino m\u00e9dio de diferentes cursos e \u00e1reas do conhecimento da UEL que desenvolvem atividades de pesquisa no \u00e2mbito da Inicia\u00e7\u00e3o Cient\u00edfica (IC) e da Inicia\u00e7\u00e3o Cient\u00edfica J\u00fanior (IC Jr.).<\/p>\n\n\n\n<p class=\"wp-block-paragraph\">O EAIC tem como principal objetivo divulgar os resultados das pesquisas desenvolvidas pelos participantes dos programas de Inicia\u00e7\u00e3o Cient\u00edfica e Inicia\u00e7\u00e3o Cient\u00edfica J\u00fanior, promovendo a integra\u00e7\u00e3o entre estudantes, docentes e pesquisadores. O evento fortalece a cultura da pesquisa cient\u00edfica, estimula o interc\u00e2mbio de conhecimentos e experi\u00eancias e incentiva a forma\u00e7\u00e3o de redes de colabora\u00e7\u00e3o entre grupos de pesquisa dos diferentes centros de estudos da Universidade.<\/p>\n\n\n\n<p class=\"wp-block-paragraph\">O Programa de Inicia\u00e7\u00e3o Cient\u00edfica da Universidade Estadual de Londrina busca despertar a voca\u00e7\u00e3o cient\u00edfica, desenvolver o pensamento cr\u00edtico e a capacidade investigativa dos estudantes, contribuindo para sua forma\u00e7\u00e3o acad\u00eamica e profissional. Al\u00e9m disso, incentiva a atua\u00e7\u00e3o \u00e9tica, inovadora e comprometida com o desenvolvimento cient\u00edfico, tecnol\u00f3gico, social e econ\u00f4mico da regi\u00e3o e do pa\u00eds.<\/p>\n\n\n\n<p class=\"wp-block-paragraph\">Os eventos s\u00e3o realizados de forma presencial e contam com uma programa\u00e7\u00e3o composta por palestras, mesas-redondas e apresenta\u00e7\u00f5es orais dos trabalhos desenvolvidos pelos estudantes de Inicia\u00e7\u00e3o Cient\u00edfica e Inicia\u00e7\u00e3o Cient\u00edfica J\u00fanior, proporcionando um ambiente de aprendizado, troca de experi\u00eancias e valoriza\u00e7\u00e3o da produ\u00e7\u00e3o cient\u00edfica.<\/p>\n","protected":false},"excerpt":{"rendered":"<p>O XXXV Encontro Anual de Inicia\u00e7\u00e3o Cient\u00edfica (EAIC) e o VII EAICjr&nbsp;s\u00e3o eventos promovidos pela Pr\u00f3-Reitoria de Pesquisa e P\u00f3s-Gradua\u00e7\u00e3o da Universidade Estadual de Londrina (PROPPG\/UEL). Re\u00fanem docentes orientadores, pesquisadores, p\u00f3s-graduandos, estudantes de gradua\u00e7\u00e3o e de ensino m\u00e9dio de diferentes cursos e \u00e1reas do conhecimento da UEL que desenvolvem atividades de pesquisa no \u00e2mbito da [&hellip;]<\/p>\n","protected":false},"author":6,"featured_media":128,"parent":0,"menu_order":0,"comment_status":"closed","ping_status":"closed","template":"template-pages\/template-evento.php","meta":{"_acf_changed":false,"_themeisle_gutenberg_block_has_review":false,"footnotes":""},"class_list":["post-33","page","type-page","status-publish","has-post-thumbnail","hentry"],"acf":[],"_links":{"self":[{"href":"https:\/\/eventos.uel.br\/eaic\/wp-json\/wp\/v2\/pages\/33","targetHints":{"allow":["GET"]}}],"collection":[{"href":"https:\/\/eventos.uel.br\/eaic\/wp-json\/wp\/v2\/pages"}],"about":[{"href":"https:\/\/eventos.uel.br\/eaic\/wp-json\/wp\/v2\/types\/page"}],"author":[{"embeddable":true,"href":"https:\/\/eventos.uel.br\/eaic\/wp-json\/wp\/v2\/users\/6"}],"replies":[{"embeddable":true,"href":"https:\/\/eventos.uel.br\/eaic\/wp-json\/wp\/v2\/comments?post=33"}],"version-history":[{"count":8,"href":"https:\/\/eventos.uel.br\/eaic\/wp-json\/wp\/v2\/pages\/33\/revisions"}],"predecessor-version":[{"id":646,"href":"https:\/\/eventos.uel.br\/eaic\/wp-json\/wp\/v2\/pages\/33\/revisions\/646"}],"wp:featuredmedia":[{"embeddable":true,"href":"https:\/\/eventos.uel.br\/eaic\/wp-json\/wp\/v2\/media\/128"}],"wp:attachment":[{"href":"https:\/\/eventos.uel.br\/eaic\/wp-json\/wp\/v2\/media?parent=33"}],"curies":[{"name":"wp","href":"https:\/\/api.w.org\/{rel}","templated":true}]}}

<p class="wp-block-paragraph"><strong>O XXXV Encontro Anual de Iniciação Científica (EAIC) e o VII EAICjr</strong>&nbsp;são eventos promovidos pela Pró-Reitoria de Pesquisa e Pós-Graduação da Universidade Estadual de Londrina (PROPPG/UEL). Reúnem docentes orientadores, pesquisadores, pós-graduandos, estudantes de graduação e de ensino médio de diferentes cursos e áreas do conhecimento da UEL que desenvolvem atividades de pesquisa no âmbito da Iniciação Científica (IC) e da Iniciação Científica Júnior (IC Jr.).</p>



<p class="wp-block-paragraph">O EAIC tem como principal objetivo divulgar os resultados das pesquisas desenvolvidas pelos participantes dos programas de Iniciação Científica e Iniciação Científica Júnior, promovendo a integração entre estudantes, docentes e pesquisadores. O evento fortalece a cultura da pesquisa científica, estimula o intercâmbio de conhecimentos e experiências e incentiva a formação de redes de colaboração entre grupos de pesquisa dos diferentes centros de estudos da Universidade.</p>



<p class="wp-block-paragraph">O Programa de Iniciação Científica da Universidade Estadual de Londrina busca despertar a vocação científica, desenvolver o pensamento crítico e a capacidade investigativa dos estudantes, contribuindo para sua formação acadêmica e profissional. Além disso, incentiva a atuação ética, inovadora e comprometida com o desenvolvimento científico, tecnológico, social e econômico da região e do país.</p>



<p class="wp-block-paragraph">Os eventos são realizados de forma presencial e contam com uma programação composta por palestras, mesas-redondas e apresentações orais dos trabalhos desenvolvidos pelos estudantes de Iniciação Científica e Iniciação Científica Júnior, proporcionando um ambiente de aprendizado, troca de experiências e valorização da produção científica.</p>

<p>O XXXV Encontro Anual de Iniciação Científica (EAIC) e o VII EAICjr&nbsp;são eventos promovidos pela Pró-Reitoria de Pesquisa e Pós-Graduação da Universidade Estadual de Londrina (PROPPG/UEL). Reúnem docentes orientadores, pesquisadores, pós-graduandos, estudantes de graduação e de ensino médio de diferentes cursos e áreas do conhecimento da UEL que desenvolvem atividades de pesquisa no âmbito da [&hellip;]</p>
