{"id":47,"date":"2024-06-10T14:29:55","date_gmt":"2024-06-10T17:29:55","guid":{"rendered":"https:\/\/eventos.uel.br\/cpm\/?page_id=47"},"modified":"2025-07-28T15:04:11","modified_gmt":"2025-07-28T18:04:11","slug":"normasemodelos","status":"publish","type":"page","link":"https:\/\/eventos.uel.br\/cpm\/normasemodelos\/","title":{"rendered":"Instru\u00e7\u00f5es e Normas para Submiss\u00e3o de Trabalhos"},"content":{"rendered":"\n<p>     As <strong>normas<\/strong> e os <strong>modelos<\/strong> espec\u00edficos para cada categoria est\u00e3o <strong>disponibilizados<\/strong> nos respectivos t\u00f3picos do site oficial do evento.<\/p>\n\n\n\n<p>     Todas as <strong>submiss\u00f5es<\/strong> dever\u00e3o seguir rigorosamente as orienta\u00e7\u00f5es descritas.<\/p>\n\n\n\n<p>     Trabalhos que n\u00e3o atendam \u00e0s <strong>normas<\/strong> estabelecidas poder\u00e3o ser <strong>penalizados<\/strong> ou <strong>n\u00e3o aceitos<\/strong>.<\/p>\n\n\n\n<p>As categorias de submiss\u00e3o incluem <strong>resumo<\/strong>, <strong>p\u00f4ster<\/strong> e <strong>apresenta\u00e7\u00e3o oral<\/strong>, cada uma com orienta\u00e7\u00f5es detalhadas sobre formato, conte\u00fado e prazos.<\/p>\n\n\n\n<p>\u00c9 essencial que o conte\u00fado submetido seja fiel ao trabalho original e in\u00e9dito, especialmente em rela\u00e7\u00e3o ao <strong>t\u00edtulo<\/strong>, <strong>autores<\/strong> e <strong>conte\u00fado cient\u00edfico<\/strong>.<\/p>\n\n\n\n<h3 class=\"wp-block-heading\"><strong>Crit\u00e9rios Importantes<\/strong><\/h3>\n\n\n\n<ol start=\"1\" class=\"wp-block-list\">\n<li>Submiss\u00f5es fora do <strong>prazo<\/strong> n\u00e3o ser\u00e3o aceitas.<\/li>\n\n\n\n<li>Altera\u00e7\u00f5es no conte\u00fado, ap\u00f3s a submiss\u00e3o final, n\u00e3o ser\u00e3o permitidas.<\/li>\n\n\n\n<li>Trabalhos que extrapolem o <strong>tempo limite<\/strong> ou n\u00e3o sigam o <strong>layout<\/strong> estabelecido podem sofrer <strong>penalidades<\/strong> ou ser <strong>desclassificados<\/strong>.<\/li>\n<\/ol>\n\n\n<div class=\"wp-block-image\">\n<figure class=\"aligncenter size-large is-resized\"><a href=\"https:\/\/mail.google.com\/mail\/u\/1\/#inbox\" target=\"_blank\" rel=\" noreferrer noopener\"><img loading=\"lazy\" decoding=\"async\" width=\"1024\" height=\"150\" src=\"https:\/\/eventos.uel.br\/cpm\/wp-content\/uploads\/2024\/12\/E-mail-Resumos-e1733146348288-1024x150.png\" alt=\"\" class=\"wp-image-272\" style=\"width:328px;height:auto\" srcset=\"https:\/\/eventos.uel.br\/cpm\/wp-content\/uploads\/2024\/12\/E-mail-Resumos-e1733146348288-1024x150.png 1024w, https:\/\/eventos.uel.br\/cpm\/wp-content\/uploads\/2024\/12\/E-mail-Resumos-e1733146348288-300x44.png 300w, https:\/\/eventos.uel.br\/cpm\/wp-content\/uploads\/2024\/12\/E-mail-Resumos-e1733146348288-768x112.png 768w, https:\/\/eventos.uel.br\/cpm\/wp-content\/uploads\/2024\/12\/E-mail-Resumos-e1733146348288-1536x225.png 1536w, https:\/\/eventos.uel.br\/cpm\/wp-content\/uploads\/2024\/12\/E-mail-Resumos-e1733146348288-2048x299.png 2048w\" sizes=\"auto, (max-width: 1024px) 100vw, 1024px\" \/><\/a><\/figure>\n<\/div>\n\n\n<p class=\"has-text-align-center has-small-font-size\">Qualquer d\u00favida referente \u00e0s <strong>normas<\/strong> e <strong>modelos<\/strong> deve ser direcionada para o e-mail indicado, utilizando no campo assunto o formato: <br>&#8220;<strong>Seu Nome &#8211; D\u00favida sobre: (indique sua d\u00favida)<\/strong>&#8220;.<\/p>\n\n\n\n<p><\/p>\n","protected":false},"excerpt":{"rendered":"<p>As normas e os modelos espec\u00edficos para cada categoria est\u00e3o disponibilizados nos respectivos t\u00f3picos do site oficial do evento. Todas as submiss\u00f5es dever\u00e3o seguir rigorosamente as orienta\u00e7\u00f5es descritas. Trabalhos que n\u00e3o atendam \u00e0s normas estabelecidas poder\u00e3o ser penalizados ou n\u00e3o aceitos. As categorias de submiss\u00e3o incluem resumo, p\u00f4ster e apresenta\u00e7\u00e3o oral, cada uma com orienta\u00e7\u00f5es [&hellip;]<\/p>\n","protected":false},"author":8,"featured_media":0,"parent":0,"menu_order":0,"comment_status":"closed","ping_status":"closed","template":"","meta":{"_acf_changed":false,"footnotes":""},"class_list":["post-47","page","type-page","status-publish","hentry"],"acf":[],"_links":{"self":[{"href":"https:\/\/eventos.uel.br\/cpm\/wp-json\/wp\/v2\/pages\/47","targetHints":{"allow":["GET"]}}],"collection":[{"href":"https:\/\/eventos.uel.br\/cpm\/wp-json\/wp\/v2\/pages"}],"about":[{"href":"https:\/\/eventos.uel.br\/cpm\/wp-json\/wp\/v2\/types\/page"}],"author":[{"embeddable":true,"href":"https:\/\/eventos.uel.br\/cpm\/wp-json\/wp\/v2\/users\/8"}],"replies":[{"embeddable":true,"href":"https:\/\/eventos.uel.br\/cpm\/wp-json\/wp\/v2\/comments?post=47"}],"version-history":[{"count":9,"href":"https:\/\/eventos.uel.br\/cpm\/wp-json\/wp\/v2\/pages\/47\/revisions"}],"predecessor-version":[{"id":466,"href":"https:\/\/eventos.uel.br\/cpm\/wp-json\/wp\/v2\/pages\/47\/revisions\/466"}],"wp:attachment":[{"href":"https:\/\/eventos.uel.br\/cpm\/wp-json\/wp\/v2\/media?parent=47"}],"curies":[{"name":"wp","href":"https:\/\/api.w.org\/{rel}","templated":true}]}}