{"id":44,"date":"2024-06-10T14:29:55","date_gmt":"2024-06-10T17:29:55","guid":{"rendered":"https:\/\/eventos.uel.br\/cpm\/?page_id=44"},"modified":"2025-08-06T17:12:49","modified_gmt":"2025-08-06T20:12:49","slug":"programacao","status":"publish","type":"page","link":"https:\/\/eventos.uel.br\/cpm\/programacao\/","title":{"rendered":"Programa\u00e7\u00e3o"},"content":{"rendered":"\n<p>O <strong>V Congresso Paranaense de Microbiologia (VCPM)<\/strong> ser\u00e1 realizado entre os dias <strong>12 e 15 de agosto de 2025<\/strong>. O cronograma da programa\u00e7\u00e3o inclui os t\u00edtulos das palestras, hor\u00e1rios e os ministrantes confirmados. A distribui\u00e7\u00e3o dos minicursos ser\u00e3o divulgados em breve. Ressaltamos que a programa\u00e7\u00e3o est\u00e1 <strong>sujeita a altera\u00e7\u00f5es<\/strong>. Todas as palestras ser\u00e3o realizadas do <strong>Anfiteatro Cyro Grossi &#8211; CCB.<\/strong><\/p>\n\n\n\n<h1 class=\"wp-block-heading has-text-align-center\"><strong>PROGRAMA\u00c7\u00c3O <\/strong>VCPM<\/h1>\n\n\n<div class=\"wp-block-image\">\n<figure class=\"aligncenter size-large is-resized\"><img loading=\"lazy\" decoding=\"async\" width=\"1024\" height=\"819\" src=\"https:\/\/eventos.uel.br\/cpm\/wp-content\/uploads\/2025\/08\/1208-1024x819.jpg\" alt=\"\" class=\"wp-image-469\" style=\"width:865px;height:auto\" srcset=\"https:\/\/eventos.uel.br\/cpm\/wp-content\/uploads\/2025\/08\/1208-1024x819.jpg 1024w, https:\/\/eventos.uel.br\/cpm\/wp-content\/uploads\/2025\/08\/1208-300x240.jpg 300w, https:\/\/eventos.uel.br\/cpm\/wp-content\/uploads\/2025\/08\/1208-768x614.jpg 768w, https:\/\/eventos.uel.br\/cpm\/wp-content\/uploads\/2025\/08\/1208-1536x1229.jpg 1536w, https:\/\/eventos.uel.br\/cpm\/wp-content\/uploads\/2025\/08\/1208-2048x1638.jpg 2048w\" sizes=\"auto, (max-width: 1024px) 100vw, 1024px\" \/><\/figure>\n<\/div>\n\n<div class=\"wp-block-image\">\n<figure class=\"aligncenter size-large is-resized\"><img loading=\"lazy\" decoding=\"async\" width=\"1024\" height=\"819\" src=\"https:\/\/eventos.uel.br\/cpm\/wp-content\/uploads\/2025\/08\/1308-1-1024x819.jpg\" alt=\"\" class=\"wp-image-475\" style=\"width:869px;height:auto\" srcset=\"https:\/\/eventos.uel.br\/cpm\/wp-content\/uploads\/2025\/08\/1308-1-1024x819.jpg 1024w, https:\/\/eventos.uel.br\/cpm\/wp-content\/uploads\/2025\/08\/1308-1-300x240.jpg 300w, https:\/\/eventos.uel.br\/cpm\/wp-content\/uploads\/2025\/08\/1308-1-768x614.jpg 768w, https:\/\/eventos.uel.br\/cpm\/wp-content\/uploads\/2025\/08\/1308-1-1536x1229.jpg 1536w, https:\/\/eventos.uel.br\/cpm\/wp-content\/uploads\/2025\/08\/1308-1-2048x1638.jpg 2048w\" sizes=\"auto, (max-width: 1024px) 100vw, 1024px\" \/><\/figure>\n<\/div>\n\n<div class=\"wp-block-image\">\n<figure class=\"aligncenter size-large is-resized\"><img loading=\"lazy\" decoding=\"async\" width=\"1024\" height=\"819\" src=\"https:\/\/eventos.uel.br\/cpm\/wp-content\/uploads\/2025\/08\/1408-1-1024x819.jpg\" alt=\"\" class=\"wp-image-479\" style=\"width:876px;height:auto\" srcset=\"https:\/\/eventos.uel.br\/cpm\/wp-content\/uploads\/2025\/08\/1408-1-1024x819.jpg 1024w, https:\/\/eventos.uel.br\/cpm\/wp-content\/uploads\/2025\/08\/1408-1-300x240.jpg 300w, https:\/\/eventos.uel.br\/cpm\/wp-content\/uploads\/2025\/08\/1408-1-768x614.jpg 768w, https:\/\/eventos.uel.br\/cpm\/wp-content\/uploads\/2025\/08\/1408-1-1536x1229.jpg 1536w, https:\/\/eventos.uel.br\/cpm\/wp-content\/uploads\/2025\/08\/1408-1-2048x1638.jpg 2048w\" sizes=\"auto, (max-width: 1024px) 100vw, 1024px\" \/><\/figure>\n<\/div>\n\n<div class=\"wp-block-image\">\n<figure class=\"aligncenter size-large is-resized\"><img loading=\"lazy\" decoding=\"async\" width=\"1024\" height=\"819\" src=\"https:\/\/eventos.uel.br\/cpm\/wp-content\/uploads\/2025\/08\/1508-1024x819.jpg\" alt=\"\" class=\"wp-image-477\" style=\"width:888px;height:auto\" srcset=\"https:\/\/eventos.uel.br\/cpm\/wp-content\/uploads\/2025\/08\/1508-1024x819.jpg 1024w, https:\/\/eventos.uel.br\/cpm\/wp-content\/uploads\/2025\/08\/1508-300x240.jpg 300w, https:\/\/eventos.uel.br\/cpm\/wp-content\/uploads\/2025\/08\/1508-768x614.jpg 768w, https:\/\/eventos.uel.br\/cpm\/wp-content\/uploads\/2025\/08\/1508-1536x1229.jpg 1536w, https:\/\/eventos.uel.br\/cpm\/wp-content\/uploads\/2025\/08\/1508-2048x1638.jpg 2048w\" sizes=\"auto, (max-width: 1024px) 100vw, 1024px\" \/><\/figure>\n<\/div>","protected":false},"excerpt":{"rendered":"<p>O V Congresso Paranaense de Microbiologia (VCPM) ser\u00e1 realizado entre os dias 12 e 15 de agosto de 2025. O cronograma da programa\u00e7\u00e3o inclui os t\u00edtulos das palestras, hor\u00e1rios e os ministrantes confirmados. A distribui\u00e7\u00e3o dos minicursos ser\u00e3o divulgados em breve. Ressaltamos que a programa\u00e7\u00e3o est\u00e1 sujeita a altera\u00e7\u00f5es. Todas as palestras ser\u00e3o realizadas do [&hellip;]<\/p>\n","protected":false},"author":8,"featured_media":0,"parent":0,"menu_order":0,"comment_status":"closed","ping_status":"closed","template":"","meta":{"_acf_changed":false,"footnotes":""},"class_list":["post-44","page","type-page","status-publish","hentry"],"acf":[],"_links":{"self":[{"href":"https:\/\/eventos.uel.br\/cpm\/wp-json\/wp\/v2\/pages\/44","targetHints":{"allow":["GET"]}}],"collection":[{"href":"https:\/\/eventos.uel.br\/cpm\/wp-json\/wp\/v2\/pages"}],"about":[{"href":"https:\/\/eventos.uel.br\/cpm\/wp-json\/wp\/v2\/types\/page"}],"author":[{"embeddable":true,"href":"https:\/\/eventos.uel.br\/cpm\/wp-json\/wp\/v2\/users\/8"}],"replies":[{"embeddable":true,"href":"https:\/\/eventos.uel.br\/cpm\/wp-json\/wp\/v2\/comments?post=44"}],"version-history":[{"count":42,"href":"https:\/\/eventos.uel.br\/cpm\/wp-json\/wp\/v2\/pages\/44\/revisions"}],"predecessor-version":[{"id":480,"href":"https:\/\/eventos.uel.br\/cpm\/wp-json\/wp\/v2\/pages\/44\/revisions\/480"}],"wp:attachment":[{"href":"https:\/\/eventos.uel.br\/cpm\/wp-json\/wp\/v2\/media?parent=44"}],"curies":[{"name":"wp","href":"https:\/\/api.w.org\/{rel}","templated":true}]}}

Programação

<p>O <strong>V Congresso Paranaense de Microbiologia (VCPM)</strong> será realizado entre os dias <strong>12 e 15 de agosto de 2025</strong>. O cronograma da programação inclui os títulos das palestras, horários e os ministrantes confirmados. A distribuição dos minicursos serão divulgados em breve. Ressaltamos que a programação está <strong>sujeita a alterações</strong>. Todas as palestras serão realizadas do <strong>Anfiteatro Cyro Grossi &#8211; CCB.</strong></p>



<h1 class="wp-block-heading has-text-align-center"><strong>PROGRAMAÇÃO </strong>VCPM</h1>


<div class="wp-block-image">
<figure class="aligncenter size-large is-resized"><img loading="lazy" decoding="async" width="1024" height="819" src="https://eventos.uel.br/cpm/wp-content/uploads/2025/08/1208-1024x819.jpg" alt="" class="wp-image-469" style="width:865px;height:auto" srcset="https://eventos.uel.br/cpm/wp-content/uploads/2025/08/1208-1024x819.jpg 1024w, https://eventos.uel.br/cpm/wp-content/uploads/2025/08/1208-300x240.jpg 300w, https://eventos.uel.br/cpm/wp-content/uploads/2025/08/1208-768x614.jpg 768w, https://eventos.uel.br/cpm/wp-content/uploads/2025/08/1208-1536x1229.jpg 1536w, https://eventos.uel.br/cpm/wp-content/uploads/2025/08/1208-2048x1638.jpg 2048w" sizes="auto, (max-width: 1024px) 100vw, 1024px" /></figure>
</div>

<div class="wp-block-image">
<figure class="aligncenter size-large is-resized"><img loading="lazy" decoding="async" width="1024" height="819" src="https://eventos.uel.br/cpm/wp-content/uploads/2025/08/1308-1-1024x819.jpg" alt="" class="wp-image-475" style="width:869px;height:auto" srcset="https://eventos.uel.br/cpm/wp-content/uploads/2025/08/1308-1-1024x819.jpg 1024w, https://eventos.uel.br/cpm/wp-content/uploads/2025/08/1308-1-300x240.jpg 300w, https://eventos.uel.br/cpm/wp-content/uploads/2025/08/1308-1-768x614.jpg 768w, https://eventos.uel.br/cpm/wp-content/uploads/2025/08/1308-1-1536x1229.jpg 1536w, https://eventos.uel.br/cpm/wp-content/uploads/2025/08/1308-1-2048x1638.jpg 2048w" sizes="auto, (max-width: 1024px) 100vw, 1024px" /></figure>
</div>

<div class="wp-block-image">
<figure class="aligncenter size-large is-resized"><img loading="lazy" decoding="async" width="1024" height="819" src="https://eventos.uel.br/cpm/wp-content/uploads/2025/08/1408-1-1024x819.jpg" alt="" class="wp-image-479" style="width:876px;height:auto" srcset="https://eventos.uel.br/cpm/wp-content/uploads/2025/08/1408-1-1024x819.jpg 1024w, https://eventos.uel.br/cpm/wp-content/uploads/2025/08/1408-1-300x240.jpg 300w, https://eventos.uel.br/cpm/wp-content/uploads/2025/08/1408-1-768x614.jpg 768w, https://eventos.uel.br/cpm/wp-content/uploads/2025/08/1408-1-1536x1229.jpg 1536w, https://eventos.uel.br/cpm/wp-content/uploads/2025/08/1408-1-2048x1638.jpg 2048w" sizes="auto, (max-width: 1024px) 100vw, 1024px" /></figure>
</div>

<div class="wp-block-image">
<figure class="aligncenter size-large is-resized"><img loading="lazy" decoding="async" width="1024" height="819" src="https://eventos.uel.br/cpm/wp-content/uploads/2025/08/1508-1024x819.jpg" alt="" class="wp-image-477" style="width:888px;height:auto" srcset="https://eventos.uel.br/cpm/wp-content/uploads/2025/08/1508-1024x819.jpg 1024w, https://eventos.uel.br/cpm/wp-content/uploads/2025/08/1508-300x240.jpg 300w, https://eventos.uel.br/cpm/wp-content/uploads/2025/08/1508-768x614.jpg 768w, https://eventos.uel.br/cpm/wp-content/uploads/2025/08/1508-1536x1229.jpg 1536w, https://eventos.uel.br/cpm/wp-content/uploads/2025/08/1508-2048x1638.jpg 2048w" sizes="auto, (max-width: 1024px) 100vw, 1024px" /></figure>
</div>

<p>O V Congresso Paranaense de Microbiologia (VCPM) será realizado entre os dias 12 e 15 de agosto de 2025. O cronograma da programação inclui os títulos das palestras, horários e os ministrantes confirmados. A distribuição dos minicursos serão divulgados em breve. Ressaltamos que a programação está sujeita a alterações. Todas as palestras serão realizadas do [&hellip;]</p>
