{"id":62,"date":"2024-06-04T17:33:27","date_gmt":"2024-06-04T20:33:27","guid":{"rendered":"https:\/\/eventos.uel.br\/alpr30anos\/?page_id=62"},"modified":"2024-08-16T18:30:53","modified_gmt":"2024-08-16T21:30:53","slug":"instituicoes","status":"publish","type":"page","link":"https:\/\/eventos.uel.br\/alpr30anos\/instituicoes\/","title":{"rendered":"Institui\u00e7\u00f5es"},"content":{"rendered":"\n<p class=\"has-text-align-center\"><strong>Organiza\u00e7\u00e3o<\/strong><\/p>\n\n\n\n<div class=\"wp-block-columns is-layout-flex wp-container-core-columns-is-layout-9d6595d7 wp-block-columns-is-layout-flex\">\n<div class=\"wp-block-column is-layout-flow wp-block-column-is-layout-flow\"><div class=\"wp-block-image\">\n<figure class=\"aligncenter size-full is-resized\"><img loading=\"lazy\" decoding=\"async\" width=\"311\" height=\"73\" src=\"https:\/\/eventos.uel.br\/alpr30anos\/wp-content\/uploads\/2024\/06\/logo_ppgel-branca.jpg\" alt=\"\" class=\"wp-image-71\" style=\"width:298px;height:auto\" srcset=\"https:\/\/eventos.uel.br\/alpr30anos\/wp-content\/uploads\/2024\/06\/logo_ppgel-branca.jpg 311w, https:\/\/eventos.uel.br\/alpr30anos\/wp-content\/uploads\/2024\/06\/logo_ppgel-branca-300x70.jpg 300w\" sizes=\"auto, (max-width: 311px) 100vw, 311px\" \/><\/figure>\n<\/div>\n\n<div class=\"wp-block-image\">\n<figure class=\"aligncenter size-large is-resized\"><img loading=\"lazy\" decoding=\"async\" width=\"1024\" height=\"320\" src=\"https:\/\/eventos.uel.br\/alpr30anos\/wp-content\/uploads\/2024\/06\/g-modelo1-1-1024x320.jpg\" alt=\"\" class=\"wp-image-66\" style=\"width:202px;height:auto\" srcset=\"https:\/\/eventos.uel.br\/alpr30anos\/wp-content\/uploads\/2024\/06\/g-modelo1-1-1024x320.jpg 1024w, https:\/\/eventos.uel.br\/alpr30anos\/wp-content\/uploads\/2024\/06\/g-modelo1-1-300x94.jpg 300w, https:\/\/eventos.uel.br\/alpr30anos\/wp-content\/uploads\/2024\/06\/g-modelo1-1-768x240.jpg 768w, https:\/\/eventos.uel.br\/alpr30anos\/wp-content\/uploads\/2024\/06\/g-modelo1-1-1536x479.jpg 1536w, https:\/\/eventos.uel.br\/alpr30anos\/wp-content\/uploads\/2024\/06\/g-modelo1-1.jpg 1541w\" sizes=\"auto, (max-width: 1024px) 100vw, 1024px\" \/><\/figure>\n<\/div><\/div>\n<\/div>\n\n\n\n<p class=\"has-text-align-center\"><strong>Parcerias<\/strong><\/p>\n\n\n\n<div class=\"wp-block-columns is-layout-flex wp-container-core-columns-is-layout-9d6595d7 wp-block-columns-is-layout-flex\">\n<div class=\"wp-block-column is-layout-flow wp-block-column-is-layout-flow\"><div class=\"wp-block-image\">\n<figure class=\"aligncenter size-large is-resized\"><img loading=\"lazy\" decoding=\"async\" width=\"1024\" height=\"682\" src=\"https:\/\/eventos.uel.br\/alpr30anos\/wp-content\/uploads\/2024\/06\/PPGLetras_Sigla-1024x682.png\" alt=\"\" class=\"wp-image-72\" style=\"width:216px;height:auto\" srcset=\"https:\/\/eventos.uel.br\/alpr30anos\/wp-content\/uploads\/2024\/06\/PPGLetras_Sigla-1024x682.png 1024w, https:\/\/eventos.uel.br\/alpr30anos\/wp-content\/uploads\/2024\/06\/PPGLetras_Sigla-300x200.png 300w, https:\/\/eventos.uel.br\/alpr30anos\/wp-content\/uploads\/2024\/06\/PPGLetras_Sigla-768x512.png 768w, https:\/\/eventos.uel.br\/alpr30anos\/wp-content\/uploads\/2024\/06\/PPGLetras_Sigla.png 1097w\" sizes=\"auto, (max-width: 1024px) 100vw, 1024px\" \/><\/figure>\n<\/div>\n\n<div class=\"wp-block-image\">\n<figure class=\"aligncenter size-full is-resized\"><img loading=\"lazy\" decoding=\"async\" width=\"274\" height=\"300\" src=\"https:\/\/eventos.uel.br\/alpr30anos\/wp-content\/uploads\/2024\/06\/universidade-federal-do-tocantins-uft-logo-5818277E50-seeklogo.com_.png\" alt=\"\" class=\"wp-image-64\" style=\"width:83px;height:auto\" \/><\/figure>\n<\/div><\/div>\n\n\n\n<div class=\"wp-block-column is-layout-flow wp-block-column-is-layout-flow\"><div class=\"wp-block-image\">\n<figure class=\"aligncenter size-large is-resized\"><img loading=\"lazy\" decoding=\"async\" width=\"1024\" height=\"543\" src=\"https:\/\/eventos.uel.br\/alpr30anos\/wp-content\/uploads\/2024\/06\/Logo-Programa-de-Pos-Graduacao-em-Linguistica-da-UFSC-1024x543.jpg\" alt=\"\" class=\"wp-image-73\" style=\"width:279px;height:auto\" srcset=\"https:\/\/eventos.uel.br\/alpr30anos\/wp-content\/uploads\/2024\/06\/Logo-Programa-de-Pos-Graduacao-em-Linguistica-da-UFSC-1024x543.jpg 1024w, https:\/\/eventos.uel.br\/alpr30anos\/wp-content\/uploads\/2024\/06\/Logo-Programa-de-Pos-Graduacao-em-Linguistica-da-UFSC-300x159.jpg 300w, https:\/\/eventos.uel.br\/alpr30anos\/wp-content\/uploads\/2024\/06\/Logo-Programa-de-Pos-Graduacao-em-Linguistica-da-UFSC-768x408.jpg 768w, https:\/\/eventos.uel.br\/alpr30anos\/wp-content\/uploads\/2024\/06\/Logo-Programa-de-Pos-Graduacao-em-Linguistica-da-UFSC.jpg 1500w\" sizes=\"auto, (max-width: 1024px) 100vw, 1024px\" \/><\/figure>\n<\/div>\n\n<div class=\"wp-block-image\">\n<figure class=\"aligncenter size-large is-resized\"><img loading=\"lazy\" decoding=\"async\" width=\"1024\" height=\"1009\" src=\"https:\/\/eventos.uel.br\/alpr30anos\/wp-content\/uploads\/2024\/06\/vertical_extenso_fundo_claro_ok-1024x1009.png\" alt=\"\" class=\"wp-image-65\" style=\"width:99px;height:auto\" srcset=\"https:\/\/eventos.uel.br\/alpr30anos\/wp-content\/uploads\/2024\/06\/vertical_extenso_fundo_claro_ok-1024x1009.png 1024w, https:\/\/eventos.uel.br\/alpr30anos\/wp-content\/uploads\/2024\/06\/vertical_extenso_fundo_claro_ok-300x296.png 300w, https:\/\/eventos.uel.br\/alpr30anos\/wp-content\/uploads\/2024\/06\/vertical_extenso_fundo_claro_ok-768x757.png 768w, https:\/\/eventos.uel.br\/alpr30anos\/wp-content\/uploads\/2024\/06\/vertical_extenso_fundo_claro_ok-1536x1514.png 1536w, https:\/\/eventos.uel.br\/alpr30anos\/wp-content\/uploads\/2024\/06\/vertical_extenso_fundo_claro_ok.png 1894w\" sizes=\"auto, (max-width: 1024px) 100vw, 1024px\" \/><\/figure>\n<\/div><\/div>\n<\/div>\n\n\n\n<p class=\"has-text-align-center\"><strong>Apoio<\/strong><\/p>\n\n\n\n<ul class=\"wp-block-list\">\n<li>Projeto ALiB &#8211; Atlas Lingu\u00edstico do Brasil &#8211; <a href=\"https:\/\/alib.ufba.br\/\">https:\/\/alib.ufba.br\/<\/a><\/li>\n\n\n\n<li>ABRALIN &#8211; Associa\u00e7\u00e3o Brasileira de Lingu\u00edstica &#8211; <a href=\"https:\/\/abralin.org\/\">https:\/\/abralin.org\/<\/a><\/li>\n\n\n\n<li>GT de Sociolingu\u00edstica da ANPOLL &#8211; Associa\u00e7\u00e3o Nacional de P\u00f3s-Gradua\u00e7\u00e3o e Pesquisa em Letras e Lingu\u00edstica &#8211; <a href=\"https:\/\/anpoll.org.br\/gt\/sociolinguistica\/\">https:\/\/anpoll.org.br\/gt\/sociolinguistica\/<\/a><\/li>\n\n\n\n<li>CNPq &#8211; <a href=\"http:\/\/portal-adm.cnpq.br\/web\/guest\/pagina-inicial\">http:\/\/portal-adm.cnpq.br\/web\/guest\/pagina-inicial<\/a><\/li>\n\n\n\n<li>Funda\u00e7\u00e3o Arauc\u00e1ria &#8211; <a href=\"https:\/\/www.fappr.pr.gov.br\/\">https:\/\/www.fappr.pr.gov.br\/<\/a><\/li>\n\n\n\n<li>CAPES &#8211; <a href=\"https:\/\/www.gov.br\/capes\/pt-br\">https:\/\/www.gov.br\/capes\/pt-br<\/a><\/li>\n<\/ul>\n","protected":false},"excerpt":{"rendered":"<p>Organiza\u00e7\u00e3o Parcerias Apoio<\/p>\n","protected":false},"author":7,"featured_media":0,"parent":0,"menu_order":0,"comment_status":"closed","ping_status":"closed","template":"","meta":{"_acf_changed":false,"footnotes":""},"class_list":["post-62","page","type-page","status-publish","hentry"],"acf":[],"_links":{"self":[{"href":"https:\/\/eventos.uel.br\/alpr30anos\/wp-json\/wp\/v2\/pages\/62","targetHints":{"allow":["GET"]}}],"collection":[{"href":"https:\/\/eventos.uel.br\/alpr30anos\/wp-json\/wp\/v2\/pages"}],"about":[{"href":"https:\/\/eventos.uel.br\/alpr30anos\/wp-json\/wp\/v2\/types\/page"}],"author":[{"embeddable":true,"href":"https:\/\/eventos.uel.br\/alpr30anos\/wp-json\/wp\/v2\/users\/7"}],"replies":[{"embeddable":true,"href":"https:\/\/eventos.uel.br\/alpr30anos\/wp-json\/wp\/v2\/comments?post=62"}],"version-history":[{"count":7,"href":"https:\/\/eventos.uel.br\/alpr30anos\/wp-json\/wp\/v2\/pages\/62\/revisions"}],"predecessor-version":[{"id":166,"href":"https:\/\/eventos.uel.br\/alpr30anos\/wp-json\/wp\/v2\/pages\/62\/revisions\/166"}],"wp:attachment":[{"href":"https:\/\/eventos.uel.br\/alpr30anos\/wp-json\/wp\/v2\/media?parent=62"}],"curies":[{"name":"wp","href":"https:\/\/api.w.org\/{rel}","templated":true}]}}