{"id":24,"date":"2024-05-30T18:10:31","date_gmt":"2024-05-30T21:10:31","guid":{"rendered":"https:\/\/eventos.uel.br\/alpr30anos\/?page_id=24"},"modified":"2024-12-03T11:12:03","modified_gmt":"2024-12-03T14:12:03","slug":"24-2","status":"publish","type":"page","link":"https:\/\/eventos.uel.br\/alpr30anos\/24-2\/","title":{"rendered":"Programa\u00e7\u00e3o"},"content":{"rendered":"\n<div class=\"wp-block-columns is-layout-flex wp-container-core-columns-is-layout-9d6595d7 wp-block-columns-is-layout-flex\">\n<div class=\"wp-block-column is-layout-flow wp-block-column-is-layout-flow\">\n<div class=\"wp-block-group\"><div class=\"wp-block-group__inner-container is-layout-constrained wp-block-group-is-layout-constrained\">\n<div class=\"wp-block-columns is-layout-flex wp-container-core-columns-is-layout-9d6595d7 wp-block-columns-is-layout-flex\">\n<div class=\"wp-block-column is-layout-flow wp-block-column-is-layout-flow\">\n<p class=\"has-text-align-center\"><strong>PROGRAMA\u00c7\u00c3O<\/strong><\/p>\n\n\n\n<p class=\"has-text-align-center\">Anfiteatro Maior do CLCH \/ UEL<\/p>\n\n\n\n<p class=\"has-text-align-center\"><strong>Dia 5\/12\/2024<\/strong><\/p>\n\n\n\n<p><strong>9h &#8211; 10h \u2013<\/strong> Acolhida (credenciamento)<\/p>\n\n\n\n<p><br><strong>10h &#8211; 10h30 \u2013<\/strong> Abertura \u2013 Cerimonial<\/p>\n\n\n\n<p><br><strong>10h30 &#8211; 12h \u2013<\/strong> Confer\u00eancia de abertura <\/p>\n\n\n\n<p><strong>Atlas ling\u00fc\u00edstico do Paran\u00e1: o tesouro do inmaterial<\/strong><\/p>\n\n\n\n<p>Profa. Dra. Ros\u00e1rio \u00c1lvarez Blanco &#8211; Universidade de Santiago de Compostela &#8211; USC &#8211; Espanha <\/p>\n\n\n\n<p><\/p>\n\n\n\n<p><strong>12h &#8211; 14h \u2013<\/strong> Intervalo para almo\u00e7o<\/p>\n\n\n\n<p><\/p>\n\n\n\n<p><br><strong>14h &#8211; 15h20 \u2013<\/strong> Mesa Redonda <\/p>\n\n\n\n<p><strong>A utiliza\u00e7\u00e3o de dados fon\u00e9ticos do ALPR<\/strong><\/p>\n\n\n\n<p>Profa. Dra. Vanders\u00ed Sant&#8217;Ana Castro &#8211; Universidade Estadual de Campinas &#8211; UNICAMP<\/p>\n\n\n\n<p><strong>Dos estudos sobre o discurso no ALPR ao estudo do l\u00e9xico rural paranaense<\/strong><\/p>\n\n\n\n<p>Profa. Dra. Joyce Elaine de Almeida &#8211; Universidade Estadual de Londrina &#8211; UEL<\/p>\n\n\n\n<p><strong>Estudos do L\u00e9xico nos dados do ALPR<\/strong> <\/p>\n\n\n\n<p>Profa. Dra. Concei\u00e7\u00e3o de Maria de Ara\u00fajo Ramos \u2013 Universidade Federal do Maranh\u00e3o &#8211; UFMA<\/p>\n\n\n\n<p><\/p>\n\n\n\n<p><strong>15h20 &#8211; 15h40 \u2013<\/strong> Caf\u00e9 <\/p>\n\n\n\n<p><\/p>\n\n\n\n<p><br>Comunica\u00e7\u00f5es Individuais<\/p>\n\n\n\n<p>15h40 \u2013 15h55 &#8211; <strong>Retomando os dados do Atlas Geossociolingu\u00edstico de Londrina &#8211; AGeLo<\/strong><\/p>\n\n\n\n<p>Prof. Dr.  Valter Pereira Romano &#8211; UFSC<\/p>\n\n\n\n<p><br>15h55 &#8211; 16h10 &#8211; <strong>N\u00e3o chovem mais flores no Paran\u00e1, em Minas Gerais e em S\u00e3o Paulo: um tabu lingu\u00edstico em extin\u00e7\u00e3o <\/strong><\/p>\n\n\n\n<p>Profa. Dra. H\u00e9len Cristina da Silva &#8211; UNIPAMPA<\/p>\n\n\n\n<p><br>16h10 \u2013 16h25 &#8211; <strong>Descri\u00e7\u00e3o palatogr\u00e1fica do falar guarapuavano: uma compara\u00e7\u00e3o entre passado e presente<\/strong>  <\/p>\n\n\n\n<p>Profa. Dra. Andressa Toni &#8211; UNICENTRO<\/p>\n\n\n\n<p><br>16h25 \u2013 16h40- <strong>A s\u00edncope das post\u00f4nicas n\u00e3o finais no interior paranaense: um cotejo dos dados do ALiB com o ALPR  <\/strong><\/p>\n\n\n\n<p>Profa. Dra. Vanessa Yida  &#8211; UENP-CCP<\/p>\n\n\n\n<p><br>16h40 \u2013 16h55 &#8211; <strong>Vogais m\u00e9dias pret\u00f4nicas no ALPR: em busca do falar sulista  <\/strong><\/p>\n\n\n\n<p>Profa. V\u00edvian M. Hor\u00e1cio Monteiro &#8211; Mestranda PPGLinC\/ UFBA<\/p>\n\n\n\n<p><br>16h55 &#8211; 17h10 &#8211;<strong> Um Estudo de Caso com a Cangalha nos Dados do ALPR e do ALiB-PR <\/strong><\/p>\n\n\n\n<p>Profa. Ana Helo\u00edsa Valente &#8211; Mestranda PPGEL \/ UEL<\/p>\n\n\n\n<p><br>17h10 \u2013 17h25 &#8211; <strong>An\u00e1lise na topon\u00edmia das cidades da Mesorregi\u00e3o Norte pioneiro  <\/strong><\/p>\n\n\n\n<p>Prfa. Ms. Alana de Andrade da Concei\u00e7\u00e3o &#8211; Doutoranda PPGEL \/ UEL<\/p>\n\n\n\n<p><br>17h25 \u2013 17h40 &#8211; <strong>Faces da escravid\u00e3o em manuscritos paranaenses sob uma perspectiva lexical <\/strong><\/p>\n\n\n\n<p>Profa. Ms. Patr\u00edcia Medeiros da Silva Galv\u00e3o &#8211; Doutoranda &#8211; PPGEL \/ UEL<\/p>\n\n\n\n<p><br>17h40 \u2013 17h55 &#8211;<strong> ALPR e trajet\u00f3rias <\/strong><\/p>\n\n\n\n<p>Profa. Elaine Fabris<\/p>\n\n\n\n<p><br>17h55 &#8211; Debate<\/p>\n\n\n\n<p><\/p>\n\n\n\n<p class=\"has-text-align-center\">Anfiteatro Maior do CLCH \/ UEL<\/p>\n\n\n\n<p class=\"has-text-align-center\"><strong>Dia 6\/12\/2024<\/strong><\/p>\n\n\n\n<p><br>10h30 &#8211; 12h \u2013 Mesa redonda 2<\/p>\n\n\n\n<p><strong>A contribui\u00e7\u00e3o dos atlas estaduais para o conhecimento do portugu\u00eas do Brasil<\/strong><\/p>\n\n\n\n<p>Profa. Dra. Jacyra Andrade Mota \u2013 Universidade Federal da Bahia &#8211; UFBA<\/p>\n\n\n\n<p><strong>O l\u00e9xico registrado em atlas lingu\u00edsticos: contribui\u00e7\u00f5es para o conhecimento da l\u00edngua<\/strong><\/p>\n\n\n\n<p>Profa. Dra. Aparecida Negri Isquerdo \u2013 Universidade Federal do Mato Grosso do Sul &#8211; UFMS<\/p>\n\n\n\n<p><strong>Atlas Lingu\u00edstico e per\u00edcia forense de compara\u00e7\u00e3o de locutor: contribui\u00e7\u00f5es e desafios<\/strong><\/p>\n\n\n\n<p>Profa. Dra. Cl\u00e1udia Regina Brescancini \u2013 Pontif\u00edcia Universidade Cat\u00f3lica do Rio Grande do Sul \u2013 PUC-RS<\/p>\n\n\n\n<p><br><strong>12h &#8211; 14h \u2013<\/strong> Intervalo para almo\u00e7o<\/p>\n\n\n\n<p><\/p>\n\n\n\n<p>Comunica\u00e7\u00f5es Individuais <\/p>\n\n\n\n<p>14h \u2013 14h15 &#8211; <strong>Estudo comparativo de variantes lexicais para brinquedo infantil em regi\u00f5es paranaenses e sul-mato-grossenses: papagaio, pipa e pandorga?  <\/strong><\/p>\n\n\n\n<p>Profa. Dra. Regiane Coelho Pereira Reis &#8211; UFMS<\/p>\n\n\n\n<p><br>14h15 \u2013 14h30 &#8211; <strong>A unidade lexical \u201cpandorga\u201d no Mato Grosso do Sul e no Paran\u00e1: perspectiva geolingu\u00edstica <\/strong><\/p>\n\n\n\n<p>Profa. Dra. Beatriz Aparecida Alencar &#8211; UFMS<\/p>\n\n\n\n<p><br>14h30 \u2013 14h45 &#8211; <strong>Contribui\u00e7\u00f5es do ALPR para a descri\u00e7\u00e3o das vogais pret\u00f4nicas no falar paranaense<\/strong> <\/p>\n\n\n\n<p>Profa. Dra. Dircel Aparecida Kailer &#8211; UEL<\/p>\n\n\n\n<p><br>14h45 \u2013 15h &#8211; <strong>Revisitando Pranchita-PR: cren\u00e7as e atitudes sobre o portugu\u00eas e as l\u00ednguas em contato<\/strong> <\/p>\n\n\n\n<p>Profa. Dra. Greize Alves da Silva &#8211; UFT<\/p>\n\n\n\n<p><br>15h \u2013 15h15 &#8211; <strong>Estudo geossociolingu\u00edstico dos falares passo-fundense e londrinense<\/strong>  <\/p>\n\n\n\n<p>Prof. Ms. Luiz Felipe Felisardo Cardoso &#8211; Doutorando &#8211; PPGEL \/ UEL<\/p>\n\n\n\n<p><br>15h15 \u2013 15h30 &#8211; <strong>O item lexical \u201ccogumelo\u201d no ALPR e no ALGa: uma breve rela\u00e7\u00e3o socio-hist\u00f3rica do adstrato<\/strong> <\/p>\n\n\n\n<p>Profa. Th\u00e1lia Mafra Diogo dos Santos &#8211; Mestranda PPGEL \/ UEL<\/p>\n\n\n\n<p><br>15h30 \u2013 15h45 &#8211; <strong>Medicina caseira: um estudo geolingu\u00edstico <\/strong><\/p>\n\n\n\n<p>Profa. Ms. Solange Staciaki Souza  &#8211; Secretaria de Educa\u00e7\u00e3o do Estado do Paran\u00e1, SEED\/PR<\/p>\n\n\n\n<p><br>15h45 \u2013 16h &#8211;  <strong>\/R\/ em onset sil\u00e1bico nos dados do ALRT <\/strong><\/p>\n\n\n\n<p>Profa. Dra. Amanda Chofard &#8211; UFBA<\/p>\n\n\n\n<p><br>16h -16h15 &#8211;  Debate<\/p>\n\n\n\n<p><\/p>\n\n\n\n<p><br>16h15 \u2013 16h30 \u2013 Caf\u00e9<\/p>\n\n\n\n<p><\/p>\n\n\n\n<p>16h30 \u2013 17h &#8211; <strong>Processo de unifica\u00e7\u00e3o do ALPR \u2013 1994 e 2007 &#8211; Edi\u00e7\u00e3o comemorativa<\/strong><\/p>\n\n\n\n<p>Profa. Dra. Vanderci de Andrade Aguilera e  Profa. Dra. Fabiane Cristina Altino \u2013 Universidade Estadual de Londrina<\/p>\n\n\n\n<p><\/p>\n\n\n\n<p>17h \u2013 Confer\u00eancia de Encerramento<\/p>\n\n\n\n<p><strong>ONDE: quo vadis?<\/strong><\/p>\n\n\n\n<p>Profa. Dra. Odete Pereira da Silva Menon \u2013 Universidade Federal do Paran\u00e1 \u2013 UFPR<\/p>\n\n\n\n<p><\/p>\n\n\n\n<p><br><strong>19h30 \u2013<\/strong> Jantar por ades\u00e3o<\/p>\n<\/div>\n<\/div>\n<\/div><\/div>\n<\/div>\n<\/div>\n\n\n\n<p><\/p>\n","protected":false},"excerpt":{"rendered":"<p>PROGRAMA\u00c7\u00c3O Anfiteatro Maior do CLCH \/ UEL Dia 5\/12\/2024 9h &#8211; 10h \u2013 Acolhida (credenciamento) 10h &#8211; 10h30 \u2013 Abertura \u2013 Cerimonial 10h30 &#8211; 12h \u2013 Confer\u00eancia de abertura Atlas ling\u00fc\u00edstico do Paran\u00e1: o tesouro do inmaterial Profa. Dra. Ros\u00e1rio \u00c1lvarez Blanco &#8211; Universidade de Santiago de Compostela &#8211; USC &#8211; Espanha 12h &#8211; 14h [&hellip;]<\/p>\n","protected":false},"author":7,"featured_media":0,"parent":0,"menu_order":0,"comment_status":"closed","ping_status":"closed","template":"","meta":{"_acf_changed":false,"footnotes":""},"class_list":["post-24","page","type-page","status-publish","hentry"],"acf":[],"_links":{"self":[{"href":"https:\/\/eventos.uel.br\/alpr30anos\/wp-json\/wp\/v2\/pages\/24","targetHints":{"allow":["GET"]}}],"collection":[{"href":"https:\/\/eventos.uel.br\/alpr30anos\/wp-json\/wp\/v2\/pages"}],"about":[{"href":"https:\/\/eventos.uel.br\/alpr30anos\/wp-json\/wp\/v2\/types\/page"}],"author":[{"embeddable":true,"href":"https:\/\/eventos.uel.br\/alpr30anos\/wp-json\/wp\/v2\/users\/7"}],"replies":[{"embeddable":true,"href":"https:\/\/eventos.uel.br\/alpr30anos\/wp-json\/wp\/v2\/comments?post=24"}],"version-history":[{"count":17,"href":"https:\/\/eventos.uel.br\/alpr30anos\/wp-json\/wp\/v2\/pages\/24\/revisions"}],"predecessor-version":[{"id":217,"href":"https:\/\/eventos.uel.br\/alpr30anos\/wp-json\/wp\/v2\/pages\/24\/revisions\/217"}],"wp:attachment":[{"href":"https:\/\/eventos.uel.br\/alpr30anos\/wp-json\/wp\/v2\/media?parent=24"}],"curies":[{"name":"wp","href":"https:\/\/api.w.org\/{rel}","templated":true}]}}