{"id":19,"date":"2024-05-30T17:58:40","date_gmt":"2024-05-30T20:58:40","guid":{"rendered":"https:\/\/eventos.uel.br\/alpr30anos\/?page_id=19"},"modified":"2024-09-02T17:59:55","modified_gmt":"2024-09-02T20:59:55","slug":"apresentacao","status":"publish","type":"page","link":"https:\/\/eventos.uel.br\/alpr30anos\/apresentacao\/","title":{"rendered":"Apresenta\u00e7\u00e3o"},"content":{"rendered":"\n<div class=\"wp-block-columns is-layout-flex wp-container-core-columns-is-layout-9d6595d7 wp-block-columns-is-layout-flex\">\n<div class=\"wp-block-column is-layout-flow wp-block-column-is-layout-flow\" style=\"flex-basis:100%\">\n<figure class=\"wp-block-image\"><img loading=\"lazy\" decoding=\"async\" width=\"825\" height=\"564\" src=\"https:\/\/eventos.uel.br\/alpr30anos\/wp-content\/uploads\/2024\/05\/Logos_Prancheta-1-2.png\" alt=\"\" class=\"wp-image-33\" srcset=\"https:\/\/eventos.uel.br\/alpr30anos\/wp-content\/uploads\/2024\/05\/Logos_Prancheta-1-2.png 825w, https:\/\/eventos.uel.br\/alpr30anos\/wp-content\/uploads\/2024\/05\/Logos_Prancheta-1-2-300x205.png 300w, https:\/\/eventos.uel.br\/alpr30anos\/wp-content\/uploads\/2024\/05\/Logos_Prancheta-1-2-768x525.png 768w\" sizes=\"auto, (max-width: 825px) 100vw, 825px\" \/><\/figure>\n\n\n<div class=\"wp-block-image\">\n<figure class=\"aligncenter size-full is-resized\"><img loading=\"lazy\" decoding=\"async\" width=\"800\" height=\"152\" src=\"https:\/\/eventos.uel.br\/alpr30anos\/wp-content\/uploads\/2024\/08\/4.png\" alt=\"\" class=\"wp-image-150\" style=\"width:497px;height:auto\" srcset=\"https:\/\/eventos.uel.br\/alpr30anos\/wp-content\/uploads\/2024\/08\/4.png 800w, https:\/\/eventos.uel.br\/alpr30anos\/wp-content\/uploads\/2024\/08\/4-300x57.png 300w, https:\/\/eventos.uel.br\/alpr30anos\/wp-content\/uploads\/2024\/08\/4-768x146.png 768w\" sizes=\"auto, (max-width: 800px) 100vw, 800px\" \/><\/figure>\n<\/div><\/div>\n<\/div>\n\n\n\n<p class=\"has-text-align-left\">A Universidade Estadual de Londrina est\u00e1 organizando um evento comemorativo aos 30 anos de publica\u00e7\u00e3o do primeiro volume do Atlas Lingu\u00edstico do Paran\u00e1 \u2013 ALPR, que ocorrer\u00e1 nas depend\u00eancias da UEL, nos dias 5 e 6 de dezembro de 2024. <\/p>\n\n\n\n<p>Para a ocasi\u00e3o, est\u00e3o previstas atividades que celebram este marco na dialetologia paranaense: <br>&#8211; Congresso;<br>&#8211; Exposi\u00e7\u00e3o;<br>&#8211; Lan\u00e7amento do volume comemorativo do ALPR.<\/p>\n\n\n\n<p class=\"has-text-align-left\">O tema do congresso \u00e9: <strong>&#8220;Varia\u00e7\u00e3o, atitudes lingu\u00edsticas e ensino nos dados do ALPR&#8221;<\/strong>, com os seguintes eixos:&nbsp; <br>a) trabalhos realizados &#8211; j\u00e1 publicados ou in\u00e9ditos &#8211; com os dados do ALPR; <br>b) outros estudos sociolingu\u00edsticos, dialetol\u00f3gicos e de contato realizados no Estado do Paran\u00e1.<\/p>\n\n\n\n<p><\/p>\n","protected":false},"excerpt":{"rendered":"<p>A Universidade Estadual de Londrina est\u00e1 organizando um evento comemorativo aos 30 anos de publica\u00e7\u00e3o do primeiro volume do Atlas Lingu\u00edstico do Paran\u00e1 \u2013 ALPR, que ocorrer\u00e1 nas depend\u00eancias da UEL, nos dias 5 e 6 de dezembro de 2024. Para a ocasi\u00e3o, est\u00e3o previstas atividades que celebram este marco na dialetologia paranaense: &#8211; Congresso;&#8211; [&hellip;]<\/p>\n","protected":false},"author":7,"featured_media":0,"parent":0,"menu_order":0,"comment_status":"closed","ping_status":"closed","template":"","meta":{"_acf_changed":false,"footnotes":""},"class_list":["post-19","page","type-page","status-publish","hentry"],"acf":[],"_links":{"self":[{"href":"https:\/\/eventos.uel.br\/alpr30anos\/wp-json\/wp\/v2\/pages\/19","targetHints":{"allow":["GET"]}}],"collection":[{"href":"https:\/\/eventos.uel.br\/alpr30anos\/wp-json\/wp\/v2\/pages"}],"about":[{"href":"https:\/\/eventos.uel.br\/alpr30anos\/wp-json\/wp\/v2\/types\/page"}],"author":[{"embeddable":true,"href":"https:\/\/eventos.uel.br\/alpr30anos\/wp-json\/wp\/v2\/users\/7"}],"replies":[{"embeddable":true,"href":"https:\/\/eventos.uel.br\/alpr30anos\/wp-json\/wp\/v2\/comments?post=19"}],"version-history":[{"count":8,"href":"https:\/\/eventos.uel.br\/alpr30anos\/wp-json\/wp\/v2\/pages\/19\/revisions"}],"predecessor-version":[{"id":200,"href":"https:\/\/eventos.uel.br\/alpr30anos\/wp-json\/wp\/v2\/pages\/19\/revisions\/200"}],"wp:attachment":[{"href":"https:\/\/eventos.uel.br\/alpr30anos\/wp-json\/wp\/v2\/media?parent=19"}],"curies":[{"name":"wp","href":"https:\/\/api.w.org\/{rel}","templated":true}]}}